{"id":888,"date":"2015-08-18T08:31:26","date_gmt":"2015-08-18T06:31:26","guid":{"rendered":"http:\/\/www.lindenhausen.de\/blog\/?page_id=888"},"modified":"2015-08-19T23:38:16","modified_gmt":"2015-08-19T21:38:16","slug":"kaiserhof-linz-au","status":"publish","type":"page","link":"http:\/\/www.lindenhausen.de\/blog\/reiseberichte-radreisen\/radwanderung-von-kelheim-an-den-balaton-sommer-2015\/kaiserhof-linz-au\/","title":{"rendered":"Kaiserhof-Linz-Au"},"content":{"rendered":"<p style=\"text-align: center;\">Freitag 31.07.2015<br \/>\nEndlich ein trockenes Zelt einpacken, auch wenn es in der Nacht noch ein paar Tropfen regnete, die Sonne am Morgen war kr\u00e4ftig und trocknete alles schnell ab.<\/p>\n<p style=\"text-align: center;\"><a href=\"http:\/\/www.lindenhausen.de\/blog\/wp-content\/uploads\/2015\/08\/CIMG0742-e1439879215181.jpg\"><img decoding=\"async\" loading=\"lazy\" class=\"alignnone size-large wp-image-889\" src=\"http:\/\/www.lindenhausen.de\/blog\/wp-content\/uploads\/2015\/08\/CIMG0742-1024x768.jpg\" alt=\"Kreuzfahrer\" width=\"604\" height=\"453\" \/><\/a><br \/>\nWir traten kr\u00e4ftig in die Pedale, wollten wir doch schnell in Aschach sein um das Rad meines Mannes reparieren zu lassen. Die Wartezeit sollte zum Fr\u00fchst\u00fcck genutzt werden.<br \/>\nTats\u00e4chlich hatte der Laden ein passendes Komplettrad vorr\u00e4tig (alles andere w\u00e4re mit langen Wartezeiten verbunden gewesen) und die Stunde warten \u00fcberbr\u00fcckten wir mit einem guten Fr\u00fchst\u00fcck und einem Bummel \u00fcber die sch\u00f6ne Uferpromenade. So eine kleine Stadt und dennoch viele gute Ideen, so zum Beispiel eine Barrierefreie Stadtf\u00fchrung auch f\u00fcr Geh\u00f6rlose, \u00fcberall stehen kleine S\u00e4ulen an denen man per Knopfdruck spannendes erf\u00e4hrt, f\u00fcr Geh\u00f6rlose wird ein Video mit Geb\u00e4rdensprache eingeblendet. Alle S\u00e4ulen k\u00f6nnen auch mit dem Rollstuhl erreicht werden.<\/p>\n<div id='gallery-1' class='gallery galleryid-888 gallery-columns-3 gallery-size-medium'><figure class='gallery-item'>\n\t\t\t<div class='gallery-icon portrait'>\n\t\t\t\t<a href='http:\/\/www.lindenhausen.de\/blog\/reiseberichte-radreisen\/radwanderung-von-kelheim-an-den-balaton-sommer-2015\/kaiserhof-linz-au\/img_6272\/'><img width=\"225\" height=\"300\" src=\"http:\/\/www.lindenhausen.de\/blog\/wp-content\/uploads\/2015\/08\/IMG_6272-e1439878983914-225x300.jpg\" class=\"attachment-medium size-medium\" alt=\"\" decoding=\"async\" loading=\"lazy\" srcset=\"http:\/\/www.lindenhausen.de\/blog\/wp-content\/uploads\/2015\/08\/IMG_6272-e1439878983914-225x300.jpg 225w, http:\/\/www.lindenhausen.de\/blog\/wp-content\/uploads\/2015\/08\/IMG_6272-e1439878983914.jpg 675w\" sizes=\"(max-width: 225px) 100vw, 225px\" \/><\/a>\n\t\t\t<\/div><\/figure><figure class='gallery-item'>\n\t\t\t<div class='gallery-icon portrait'>\n\t\t\t\t<a href='http:\/\/www.lindenhausen.de\/blog\/reiseberichte-radreisen\/radwanderung-von-kelheim-an-den-balaton-sommer-2015\/kaiserhof-linz-au\/cimg0747\/'><img width=\"225\" height=\"300\" src=\"http:\/\/www.lindenhausen.de\/blog\/wp-content\/uploads\/2015\/08\/CIMG0747-e1439879123771-225x300.jpg\" class=\"attachment-medium size-medium\" alt=\"\" decoding=\"async\" loading=\"lazy\" srcset=\"http:\/\/www.lindenhausen.de\/blog\/wp-content\/uploads\/2015\/08\/CIMG0747-e1439879123771-225x300.jpg 225w, http:\/\/www.lindenhausen.de\/blog\/wp-content\/uploads\/2015\/08\/CIMG0747-e1439879123771.jpg 675w\" sizes=\"(max-width: 225px) 100vw, 225px\" \/><\/a>\n\t\t\t<\/div><\/figure><figure class='gallery-item'>\n\t\t\t<div class='gallery-icon portrait'>\n\t\t\t\t<a href='http:\/\/www.lindenhausen.de\/blog\/reiseberichte-radreisen\/radwanderung-von-kelheim-an-den-balaton-sommer-2015\/kaiserhof-linz-au\/cimg0746\/'><img width=\"225\" height=\"300\" src=\"http:\/\/www.lindenhausen.de\/blog\/wp-content\/uploads\/2015\/08\/CIMG0746-e1439879150644-225x300.jpg\" class=\"attachment-medium size-medium\" alt=\"\" decoding=\"async\" loading=\"lazy\" srcset=\"http:\/\/www.lindenhausen.de\/blog\/wp-content\/uploads\/2015\/08\/CIMG0746-e1439879150644-225x300.jpg 225w, http:\/\/www.lindenhausen.de\/blog\/wp-content\/uploads\/2015\/08\/CIMG0746-e1439879150644.jpg 675w\" sizes=\"(max-width: 225px) 100vw, 225px\" \/><\/a>\n\t\t\t<\/div><\/figure><figure class='gallery-item'>\n\t\t\t<div class='gallery-icon landscape'>\n\t\t\t\t<a href='http:\/\/www.lindenhausen.de\/blog\/reiseberichte-radreisen\/radwanderung-von-kelheim-an-den-balaton-sommer-2015\/kaiserhof-linz-au\/cimg0745\/'><img width=\"300\" height=\"225\" src=\"http:\/\/www.lindenhausen.de\/blog\/wp-content\/uploads\/2015\/08\/CIMG0745-300x225.jpg\" class=\"attachment-medium size-medium\" alt=\"\" decoding=\"async\" loading=\"lazy\" srcset=\"http:\/\/www.lindenhausen.de\/blog\/wp-content\/uploads\/2015\/08\/CIMG0745-300x225.jpg 300w, http:\/\/www.lindenhausen.de\/blog\/wp-content\/uploads\/2015\/08\/CIMG0745-1024x768.jpg 1024w, http:\/\/www.lindenhausen.de\/blog\/wp-content\/uploads\/2015\/08\/CIMG0745-e1439879171224.jpg 900w\" sizes=\"(max-width: 300px) 100vw, 300px\" \/><\/a>\n\t\t\t<\/div><\/figure><figure class='gallery-item'>\n\t\t\t<div class='gallery-icon portrait'>\n\t\t\t\t<a href='http:\/\/www.lindenhausen.de\/blog\/reiseberichte-radreisen\/radwanderung-von-kelheim-an-den-balaton-sommer-2015\/kaiserhof-linz-au\/cimg0744\/'><img width=\"225\" height=\"300\" src=\"http:\/\/www.lindenhausen.de\/blog\/wp-content\/uploads\/2015\/08\/CIMG0744-e1439879198109-225x300.jpg\" class=\"attachment-medium size-medium\" alt=\"\" decoding=\"async\" loading=\"lazy\" srcset=\"http:\/\/www.lindenhausen.de\/blog\/wp-content\/uploads\/2015\/08\/CIMG0744-e1439879198109-225x300.jpg 225w, http:\/\/www.lindenhausen.de\/blog\/wp-content\/uploads\/2015\/08\/CIMG0744-e1439879198109.jpg 675w\" sizes=\"(max-width: 225px) 100vw, 225px\" \/><\/a>\n\t\t\t<\/div><\/figure>\n\t\t<\/div>\n\n<p style=\"text-align: center;\">Endlich war das Rad wieder fahrtauglich und wir machten uns wieder auf den Weg, mein Rad endlich wieder auf Normalgewicht, was mein Knie dankbar zur Kenntnis nahm.<br \/>\nIn Ottensheim dann noch eine kurze Mittagspause bevor es zum Wehrmutstropfen dieser Radstrecke ging: weder die Kilometer vor Linz noch die Kilometer nach Linz lassen sich sch\u00f6n fahren oder sind sehenswert, hier hilft nur Augen zu und Kilometer machen. Bis Linz f\u00e4hrt man an einer arg befahrenen Hauptstra\u00dfe entlang, nach Linz zwar auf dem Damm aber mit st\u00e4ndigem Blick auf Industrieanlagen. Dazu, keine Ahnung warum, habe ich diese Strecke immer mit Gegenwind erlebt.<\/p>\n<p style=\"text-align: center;\"><a href=\"http:\/\/www.lindenhausen.de\/blog\/wp-content\/uploads\/2015\/08\/CIMG0754-e1439879101350.jpg\"><img decoding=\"async\" loading=\"lazy\" class=\"alignnone size-large wp-image-894\" src=\"http:\/\/www.lindenhausen.de\/blog\/wp-content\/uploads\/2015\/08\/CIMG0754-1024x768.jpg\" alt=\"Linz\" width=\"604\" height=\"453\" \/><\/a><br \/>\nAb Sankt Georgen wird es dann wieder sch\u00f6n, Mauthausen ist ein kleiner H\u00f6hepunkt des Tages, ein h\u00fcbsches St\u00e4dtchen mit einer guten Eisdiele und wundersch\u00f6n restaurierten H\u00e4usern.<\/p>\n<div id='gallery-2' class='gallery galleryid-888 gallery-columns-2 gallery-size-medium'><figure class='gallery-item'>\n\t\t\t<div class='gallery-icon landscape'>\n\t\t\t\t<a href='http:\/\/www.lindenhausen.de\/blog\/reiseberichte-radreisen\/radwanderung-von-kelheim-an-den-balaton-sommer-2015\/kaiserhof-linz-au\/img_6276\/'><img width=\"300\" height=\"225\" src=\"http:\/\/www.lindenhausen.de\/blog\/wp-content\/uploads\/2015\/08\/IMG_6276-e1439878952493-300x225.jpg\" class=\"attachment-medium size-medium\" alt=\"\" decoding=\"async\" loading=\"lazy\" srcset=\"http:\/\/www.lindenhausen.de\/blog\/wp-content\/uploads\/2015\/08\/IMG_6276-e1439878952493-300x225.jpg 300w, http:\/\/www.lindenhausen.de\/blog\/wp-content\/uploads\/2015\/08\/IMG_6276-e1439878952493.jpg 900w\" sizes=\"(max-width: 300px) 100vw, 300px\" \/><\/a>\n\t\t\t<\/div><\/figure><figure class='gallery-item'>\n\t\t\t<div class='gallery-icon landscape'>\n\t\t\t\t<a href='http:\/\/www.lindenhausen.de\/blog\/reiseberichte-radreisen\/radwanderung-von-kelheim-an-den-balaton-sommer-2015\/kaiserhof-linz-au\/cimg0755\/'><img width=\"300\" height=\"225\" src=\"http:\/\/www.lindenhausen.de\/blog\/wp-content\/uploads\/2015\/08\/CIMG0755-300x225.jpg\" class=\"attachment-medium size-medium\" alt=\"\" decoding=\"async\" loading=\"lazy\" srcset=\"http:\/\/www.lindenhausen.de\/blog\/wp-content\/uploads\/2015\/08\/CIMG0755-300x225.jpg 300w, http:\/\/www.lindenhausen.de\/blog\/wp-content\/uploads\/2015\/08\/CIMG0755-1024x768.jpg 1024w, http:\/\/www.lindenhausen.de\/blog\/wp-content\/uploads\/2015\/08\/CIMG0755-e1439879078947.jpg 900w\" sizes=\"(max-width: 300px) 100vw, 300px\" \/><\/a>\n\t\t\t<\/div><\/figure>\n\t\t<\/div>\n\n<p style=\"text-align: center;\">Nach Au ist war es dann nicht mehr weit, hier hatten wir fr\u00fcher immer Rast gemacht weil es neben dem Biergarten und freiem Wlan auch einen tollen Spielplatz und Badesee gibt, heute blieben wir hier.<br \/>\nAber der tolle Spielplatz hatte den Nachteil dass am danebengelegenen Zeltplatz vor 22:00 Uhr nicht an Schlaf zu denken war.<br \/>\nDen Abend genossen wir im Biergarten mit Blick auf die kleinen Donaujachten und einen wundersch\u00f6nen Vollmond bevor wir, als es endlich Ruhe wurde, wunderbar schliefen.<\/p>\n<div id='gallery-3' class='gallery galleryid-888 gallery-columns-3 gallery-size-medium'><figure class='gallery-item'>\n\t\t\t<div class='gallery-icon landscape'>\n\t\t\t\t<a href='http:\/\/www.lindenhausen.de\/blog\/reiseberichte-radreisen\/radwanderung-von-kelheim-an-den-balaton-sommer-2015\/kaiserhof-linz-au\/cimg0764\/'><img width=\"300\" height=\"225\" src=\"http:\/\/www.lindenhausen.de\/blog\/wp-content\/uploads\/2015\/08\/CIMG0764-300x225.jpg\" class=\"attachment-medium size-medium\" alt=\"\" decoding=\"async\" loading=\"lazy\" srcset=\"http:\/\/www.lindenhausen.de\/blog\/wp-content\/uploads\/2015\/08\/CIMG0764-300x225.jpg 300w, http:\/\/www.lindenhausen.de\/blog\/wp-content\/uploads\/2015\/08\/CIMG0764-1024x768.jpg 1024w, http:\/\/www.lindenhausen.de\/blog\/wp-content\/uploads\/2015\/08\/CIMG0764-e1439879282572.jpg 900w\" sizes=\"(max-width: 300px) 100vw, 300px\" \/><\/a>\n\t\t\t<\/div><\/figure><figure class='gallery-item'>\n\t\t\t<div class='gallery-icon portrait'>\n\t\t\t\t<a href='http:\/\/www.lindenhausen.de\/blog\/reiseberichte-radreisen\/radwanderung-von-kelheim-an-den-balaton-sommer-2015\/kaiserhof-linz-au\/cimg0757\/'><img width=\"225\" height=\"300\" src=\"http:\/\/www.lindenhausen.de\/blog\/wp-content\/uploads\/2015\/08\/CIMG0757-e1439879034267-225x300.jpg\" class=\"attachment-medium size-medium\" alt=\"\" decoding=\"async\" loading=\"lazy\" srcset=\"http:\/\/www.lindenhausen.de\/blog\/wp-content\/uploads\/2015\/08\/CIMG0757-e1439879034267-225x300.jpg 225w, http:\/\/www.lindenhausen.de\/blog\/wp-content\/uploads\/2015\/08\/CIMG0757-e1439879034267.jpg 675w\" sizes=\"(max-width: 225px) 100vw, 225px\" \/><\/a>\n\t\t\t<\/div><\/figure><figure class='gallery-item'>\n\t\t\t<div class='gallery-icon landscape'>\n\t\t\t\t<a href='http:\/\/www.lindenhausen.de\/blog\/reiseberichte-radreisen\/radwanderung-von-kelheim-an-den-balaton-sommer-2015\/kaiserhof-linz-au\/cimg0760\/'><img width=\"300\" height=\"225\" src=\"http:\/\/www.lindenhausen.de\/blog\/wp-content\/uploads\/2015\/08\/CIMG0760-300x225.jpg\" class=\"attachment-medium size-medium\" alt=\"\" decoding=\"async\" loading=\"lazy\" srcset=\"http:\/\/www.lindenhausen.de\/blog\/wp-content\/uploads\/2015\/08\/CIMG0760-300x225.jpg 300w, http:\/\/www.lindenhausen.de\/blog\/wp-content\/uploads\/2015\/08\/CIMG0760-1024x768.jpg 1024w, http:\/\/www.lindenhausen.de\/blog\/wp-content\/uploads\/2015\/08\/CIMG0760-e1439879005944.jpg 900w\" sizes=\"(max-width: 300px) 100vw, 300px\" \/><\/a>\n\t\t\t<\/div><\/figure>\n\t\t<\/div>\n\n<p style=\"text-align: center;\"><a title=\"Au-Aggsbach Markt\" href=\"http:\/\/www.lindenhausen.de\/blog\/reiseberichte-radreisen\/radwanderung-von-kelheim-an-den-balaton-sommer-2015\/au-aggsbach-markt\/\">weiter gehts hier \ud83d\ude42<\/a><\/p>\n","protected":false},"excerpt":{"rendered":"<p>Freitag 31.07.2015 Endlich ein trockenes Zelt einpacken, auch wenn es in der Nacht noch ein paar Tropfen regnete, die Sonne am Morgen war kr\u00e4ftig und trocknete alles schnell ab. Wir traten kr\u00e4ftig in die Pedale, wollten wir doch schnell in Aschach sein um das Rad meines Mannes reparieren zu lassen. Die Wartezeit sollte zum Fr\u00fchst\u00fcck &hellip; <a href=\"http:\/\/www.lindenhausen.de\/blog\/reiseberichte-radreisen\/radwanderung-von-kelheim-an-den-balaton-sommer-2015\/kaiserhof-linz-au\/\" class=\"more-link\"><span class=\"screen-reader-text\">Kaiserhof-Linz-Au<\/span> weiterlesen <span class=\"meta-nav\">&rarr;<\/span><\/a><\/p>\n","protected":false},"author":1,"featured_media":0,"parent":847,"menu_order":4,"comment_status":"open","ping_status":"open","template":"","meta":{"_monsterinsights_skip_tracking":false,"_monsterinsights_sitenote_active":false,"_monsterinsights_sitenote_note":"","_monsterinsights_sitenote_category":0},"yoast_head":"<!-- This site is optimized with the Yoast SEO plugin v21.0 - https:\/\/yoast.com\/wordpress\/plugins\/seo\/ -->\n<title>Kaiserhof-Linz-Au - Lindenhausen-weil Reisen Spa\u00df macht<\/title>\n<meta name=\"robots\" content=\"index, follow, max-snippet:-1, max-image-preview:large, max-video-preview:-1\" \/>\n<link rel=\"canonical\" href=\"http:\/\/www.lindenhausen.de\/blog\/reiseberichte-radreisen\/radwanderung-von-kelheim-an-den-balaton-sommer-2015\/kaiserhof-linz-au\/\" \/>\n<meta property=\"og:locale\" content=\"de_DE\" \/>\n<meta property=\"og:type\" content=\"article\" \/>\n<meta property=\"og:title\" content=\"Kaiserhof-Linz-Au - Lindenhausen-weil Reisen Spa\u00df macht\" \/>\n<meta property=\"og:description\" content=\"Freitag 31.07.2015 Endlich ein trockenes Zelt einpacken, auch wenn es in der Nacht noch ein paar Tropfen regnete, die Sonne am Morgen war kr\u00e4ftig und trocknete alles schnell ab. Wir traten kr\u00e4ftig in die Pedale, wollten wir doch schnell in Aschach sein um das Rad meines Mannes reparieren zu lassen. Die Wartezeit sollte zum Fr\u00fchst\u00fcck &hellip; Kaiserhof-Linz-Au weiterlesen &rarr;\" \/>\n<meta property=\"og:url\" content=\"http:\/\/www.lindenhausen.de\/blog\/reiseberichte-radreisen\/radwanderung-von-kelheim-an-den-balaton-sommer-2015\/kaiserhof-linz-au\/\" \/>\n<meta property=\"og:site_name\" content=\"Lindenhausen-weil Reisen Spa\u00df macht\" \/>\n<meta property=\"article:publisher\" content=\"http:\/\/www.facebook.com\/Lindenhausen\/\" \/>\n<meta property=\"article:modified_time\" content=\"2015-08-19T21:38:16+00:00\" \/>\n<meta property=\"og:image\" content=\"http:\/\/www.lindenhausen.de\/blog\/wp-content\/uploads\/2015\/08\/IMG_6272-e1439878983914-225x300.jpg\" \/>\n<meta name=\"twitter:card\" content=\"summary_large_image\" \/>\n<meta name=\"twitter:site\" content=\"@Maxilinde\" \/>\n<meta name=\"twitter:label1\" content=\"Gesch\u00e4tzte Lesezeit\" \/>\n\t<meta name=\"twitter:data1\" content=\"2\u00a0Minuten\" \/>\n<script type=\"application\/ld+json\" class=\"yoast-schema-graph\">{\"@context\":\"https:\/\/schema.org\",\"@graph\":[{\"@type\":\"WebPage\",\"@id\":\"http:\/\/www.lindenhausen.de\/blog\/reiseberichte-radreisen\/radwanderung-von-kelheim-an-den-balaton-sommer-2015\/kaiserhof-linz-au\/\",\"url\":\"http:\/\/www.lindenhausen.de\/blog\/reiseberichte-radreisen\/radwanderung-von-kelheim-an-den-balaton-sommer-2015\/kaiserhof-linz-au\/\",\"name\":\"Kaiserhof-Linz-Au - Lindenhausen-weil Reisen Spa\u00df macht\",\"isPartOf\":{\"@id\":\"https:\/\/www.lindenhausen.de\/blog\/#website\"},\"datePublished\":\"2015-08-18T06:31:26+00:00\",\"dateModified\":\"2015-08-19T21:38:16+00:00\",\"breadcrumb\":{\"@id\":\"http:\/\/www.lindenhausen.de\/blog\/reiseberichte-radreisen\/radwanderung-von-kelheim-an-den-balaton-sommer-2015\/kaiserhof-linz-au\/#breadcrumb\"},\"inLanguage\":\"de\",\"potentialAction\":[{\"@type\":\"ReadAction\",\"target\":[\"http:\/\/www.lindenhausen.de\/blog\/reiseberichte-radreisen\/radwanderung-von-kelheim-an-den-balaton-sommer-2015\/kaiserhof-linz-au\/\"]}]},{\"@type\":\"BreadcrumbList\",\"@id\":\"http:\/\/www.lindenhausen.de\/blog\/reiseberichte-radreisen\/radwanderung-von-kelheim-an-den-balaton-sommer-2015\/kaiserhof-linz-au\/#breadcrumb\",\"itemListElement\":[{\"@type\":\"ListItem\",\"position\":1,\"name\":\"Startseite\",\"item\":\"https:\/\/www.lindenhausen.de\/blog\/\"},{\"@type\":\"ListItem\",\"position\":2,\"name\":\"Reiseberichte Radreisen\",\"item\":\"http:\/\/www.lindenhausen.de\/blog\/reiseberichte-radreisen\/\"},{\"@type\":\"ListItem\",\"position\":3,\"name\":\"Radwanderung-von Kelheim an den Balaton-Sommer 2015\",\"item\":\"http:\/\/www.lindenhausen.de\/blog\/reiseberichte-radreisen\/radwanderung-von-kelheim-an-den-balaton-sommer-2015\/\"},{\"@type\":\"ListItem\",\"position\":4,\"name\":\"Kaiserhof-Linz-Au\"}]},{\"@type\":\"WebSite\",\"@id\":\"https:\/\/www.lindenhausen.de\/blog\/#website\",\"url\":\"https:\/\/www.lindenhausen.de\/blog\/\",\"name\":\"Lindenhausen-weil Reisen Spa\u00df macht\",\"description\":\"Reisen und Kreuzfahrten, Reiseberichte, Kreuzfahrtforum\",\"potentialAction\":[{\"@type\":\"SearchAction\",\"target\":{\"@type\":\"EntryPoint\",\"urlTemplate\":\"https:\/\/www.lindenhausen.de\/blog\/?s={search_term_string}\"},\"query-input\":\"required name=search_term_string\"}],\"inLanguage\":\"de\"}]}<\/script>\n<!-- \/ Yoast SEO plugin. -->","yoast_head_json":{"title":"Kaiserhof-Linz-Au - Lindenhausen-weil Reisen Spa\u00df macht","robots":{"index":"index","follow":"follow","max-snippet":"max-snippet:-1","max-image-preview":"max-image-preview:large","max-video-preview":"max-video-preview:-1"},"canonical":"http:\/\/www.lindenhausen.de\/blog\/reiseberichte-radreisen\/radwanderung-von-kelheim-an-den-balaton-sommer-2015\/kaiserhof-linz-au\/","og_locale":"de_DE","og_type":"article","og_title":"Kaiserhof-Linz-Au - Lindenhausen-weil Reisen Spa\u00df macht","og_description":"Freitag 31.07.2015 Endlich ein trockenes Zelt einpacken, auch wenn es in der Nacht noch ein paar Tropfen regnete, die Sonne am Morgen war kr\u00e4ftig und trocknete alles schnell ab. Wir traten kr\u00e4ftig in die Pedale, wollten wir doch schnell in Aschach sein um das Rad meines Mannes reparieren zu lassen. Die Wartezeit sollte zum Fr\u00fchst\u00fcck &hellip; Kaiserhof-Linz-Au weiterlesen &rarr;","og_url":"http:\/\/www.lindenhausen.de\/blog\/reiseberichte-radreisen\/radwanderung-von-kelheim-an-den-balaton-sommer-2015\/kaiserhof-linz-au\/","og_site_name":"Lindenhausen-weil Reisen Spa\u00df macht","article_publisher":"http:\/\/www.facebook.com\/Lindenhausen\/","article_modified_time":"2015-08-19T21:38:16+00:00","og_image":[{"url":"http:\/\/www.lindenhausen.de\/blog\/wp-content\/uploads\/2015\/08\/IMG_6272-e1439878983914-225x300.jpg"}],"twitter_card":"summary_large_image","twitter_site":"@Maxilinde","twitter_misc":{"Gesch\u00e4tzte Lesezeit":"2\u00a0Minuten"},"schema":{"@context":"https:\/\/schema.org","@graph":[{"@type":"WebPage","@id":"http:\/\/www.lindenhausen.de\/blog\/reiseberichte-radreisen\/radwanderung-von-kelheim-an-den-balaton-sommer-2015\/kaiserhof-linz-au\/","url":"http:\/\/www.lindenhausen.de\/blog\/reiseberichte-radreisen\/radwanderung-von-kelheim-an-den-balaton-sommer-2015\/kaiserhof-linz-au\/","name":"Kaiserhof-Linz-Au - Lindenhausen-weil Reisen Spa\u00df macht","isPartOf":{"@id":"https:\/\/www.lindenhausen.de\/blog\/#website"},"datePublished":"2015-08-18T06:31:26+00:00","dateModified":"2015-08-19T21:38:16+00:00","breadcrumb":{"@id":"http:\/\/www.lindenhausen.de\/blog\/reiseberichte-radreisen\/radwanderung-von-kelheim-an-den-balaton-sommer-2015\/kaiserhof-linz-au\/#breadcrumb"},"inLanguage":"de","potentialAction":[{"@type":"ReadAction","target":["http:\/\/www.lindenhausen.de\/blog\/reiseberichte-radreisen\/radwanderung-von-kelheim-an-den-balaton-sommer-2015\/kaiserhof-linz-au\/"]}]},{"@type":"BreadcrumbList","@id":"http:\/\/www.lindenhausen.de\/blog\/reiseberichte-radreisen\/radwanderung-von-kelheim-an-den-balaton-sommer-2015\/kaiserhof-linz-au\/#breadcrumb","itemListElement":[{"@type":"ListItem","position":1,"name":"Startseite","item":"https:\/\/www.lindenhausen.de\/blog\/"},{"@type":"ListItem","position":2,"name":"Reiseberichte Radreisen","item":"http:\/\/www.lindenhausen.de\/blog\/reiseberichte-radreisen\/"},{"@type":"ListItem","position":3,"name":"Radwanderung-von Kelheim an den Balaton-Sommer 2015","item":"http:\/\/www.lindenhausen.de\/blog\/reiseberichte-radreisen\/radwanderung-von-kelheim-an-den-balaton-sommer-2015\/"},{"@type":"ListItem","position":4,"name":"Kaiserhof-Linz-Au"}]},{"@type":"WebSite","@id":"https:\/\/www.lindenhausen.de\/blog\/#website","url":"https:\/\/www.lindenhausen.de\/blog\/","name":"Lindenhausen-weil Reisen Spa\u00df macht","description":"Reisen und Kreuzfahrten, Reiseberichte, Kreuzfahrtforum","potentialAction":[{"@type":"SearchAction","target":{"@type":"EntryPoint","urlTemplate":"https:\/\/www.lindenhausen.de\/blog\/?s={search_term_string}"},"query-input":"required name=search_term_string"}],"inLanguage":"de"}]}},"_links":{"self":[{"href":"http:\/\/www.lindenhausen.de\/blog\/wp-json\/wp\/v2\/pages\/888"}],"collection":[{"href":"http:\/\/www.lindenhausen.de\/blog\/wp-json\/wp\/v2\/pages"}],"about":[{"href":"http:\/\/www.lindenhausen.de\/blog\/wp-json\/wp\/v2\/types\/page"}],"author":[{"embeddable":true,"href":"http:\/\/www.lindenhausen.de\/blog\/wp-json\/wp\/v2\/users\/1"}],"replies":[{"embeddable":true,"href":"http:\/\/www.lindenhausen.de\/blog\/wp-json\/wp\/v2\/comments?post=888"}],"version-history":[{"count":3,"href":"http:\/\/www.lindenhausen.de\/blog\/wp-json\/wp\/v2\/pages\/888\/revisions"}],"predecessor-version":[{"id":1114,"href":"http:\/\/www.lindenhausen.de\/blog\/wp-json\/wp\/v2\/pages\/888\/revisions\/1114"}],"up":[{"embeddable":true,"href":"http:\/\/www.lindenhausen.de\/blog\/wp-json\/wp\/v2\/pages\/847"}],"wp:attachment":[{"href":"http:\/\/www.lindenhausen.de\/blog\/wp-json\/wp\/v2\/media?parent=888"}],"curies":[{"name":"wp","href":"https:\/\/api.w.org\/{rel}","templated":true}]}}