{"id":4364,"date":"2019-02-21T10:56:30","date_gmt":"2019-02-21T09:56:30","guid":{"rendered":"http:\/\/www.lindenhausen.de\/blog\/?page_id=4364"},"modified":"2019-02-21T14:30:41","modified_gmt":"2019-02-21T13:30:41","slug":"st-maarten","status":"publish","type":"page","link":"http:\/\/www.lindenhausen.de\/blog\/reiseberichte-costa\/kreuzfahrten-2019\/costa-magica-karibik-2019\/st-maarten\/","title":{"rendered":"St. Maarten"},"content":{"rendered":"<p>\u00a0<\/p>\n<p><!--StartFragment--><\/p>\n\n\n<p style=\"text-align:center\">St. Maarten -Philipsburg Montag 28.01.2018<\/p>\n\n\n<p><!--EndFragment--><\/p>\n<p><\/p>\n\n\n<p><\/p>\n\n\n\n<p style=\"text-align:center\"><\/p>\n\n\n\n<p style=\"text-align:center\">Wir waren fr\u00fch wach, beobachteten die Einfahrt nach\nPhilipsburg, fr\u00fchst\u00fcckten ausgiebig und verlie\u00dfen das Schiff. Heute hatten wir\nbei Tri Sports Fahrr\u00e4der reserviert, der Kontakt war unkompliziert und\nfreundlich per E-Mail. 30\u20ac pro Rad und Tag, incl Helm den ich hier auch\nempfehlen w\u00fcrde.<\/p>\n\n\n\n<p><a href=\"https:\/\/www.trisportsxm.com\">https:\/\/www.trisportsxm.com<\/a><\/p>\n\n\n\n<p>Der Hafen ist h\u00fcbsch mit vielen kleinen Gesch\u00e4ften, alles\nsehr touristisch und auf den Ansturm vieler Schiffe ausgelegt.<\/p>\n\n\n\n<ul class=\"wp-block-gallery columns-3 is-cropped wp-block-gallery-1 is-layout-flex\"><li class=\"blocks-gallery-item\"><figure><img decoding=\"async\" loading=\"lazy\" width=\"800\" height=\"600\" src=\"http:\/\/www.lindenhausen.de\/blog\/wp-content\/uploads\/2019\/02\/K800_IMG_0611-e1550734426372.jpg\" alt=\"\" data-id=\"4086\" data-link=\"http:\/\/www.lindenhausen.de\/blog\/costa-magica-karibik-kleine-antillen-januar-2019\/k800_img_0611\/\" class=\"wp-image-4086\" srcset=\"http:\/\/www.lindenhausen.de\/blog\/wp-content\/uploads\/2019\/02\/K800_IMG_0611-e1550734426372.jpg 800w, http:\/\/www.lindenhausen.de\/blog\/wp-content\/uploads\/2019\/02\/K800_IMG_0611-e1550734426372-300x225.jpg 300w, http:\/\/www.lindenhausen.de\/blog\/wp-content\/uploads\/2019\/02\/K800_IMG_0611-e1550734426372-768x576.jpg 768w\" sizes=\"(max-width: 800px) 100vw, 800px\" \/><\/figure><\/li><li class=\"blocks-gallery-item\"><figure><img decoding=\"async\" loading=\"lazy\" width=\"600\" height=\"800\" src=\"http:\/\/www.lindenhausen.de\/blog\/wp-content\/uploads\/2019\/02\/K800_IMG_0613-e1550734409829.jpg\" alt=\"\" data-id=\"4087\" data-link=\"http:\/\/www.lindenhausen.de\/blog\/costa-magica-karibik-kleine-antillen-januar-2019\/k800_img_0613\/\" class=\"wp-image-4087\" srcset=\"http:\/\/www.lindenhausen.de\/blog\/wp-content\/uploads\/2019\/02\/K800_IMG_0613-e1550734409829.jpg 600w, http:\/\/www.lindenhausen.de\/blog\/wp-content\/uploads\/2019\/02\/K800_IMG_0613-e1550734409829-225x300.jpg 225w\" sizes=\"(max-width: 600px) 100vw, 600px\" \/><\/figure><\/li><li class=\"blocks-gallery-item\"><figure><img decoding=\"async\" loading=\"lazy\" width=\"600\" height=\"800\" src=\"http:\/\/www.lindenhausen.de\/blog\/wp-content\/uploads\/2019\/02\/K800_IMG_0614-e1550734396831.jpg\" alt=\"\" data-id=\"4088\" data-link=\"http:\/\/www.lindenhausen.de\/blog\/costa-magica-karibik-kleine-antillen-januar-2019\/k800_img_0614\/\" class=\"wp-image-4088\" srcset=\"http:\/\/www.lindenhausen.de\/blog\/wp-content\/uploads\/2019\/02\/K800_IMG_0614-e1550734396831.jpg 600w, http:\/\/www.lindenhausen.de\/blog\/wp-content\/uploads\/2019\/02\/K800_IMG_0614-e1550734396831-225x300.jpg 225w\" sizes=\"(max-width: 600px) 100vw, 600px\" \/><\/figure><\/li><\/ul>\n\n\n\n<p style=\"text-align:center\">Giampo war Punkt 9:00 Uhr da, \u00fcbergab uns die R\u00e4der, fragte\nsehr explizit nach unserer Erfahrung, zeigte sich dann aber doch beruhigt, wir\nsind das Radfahren gewohnt und wohnen ja auch am Berg.<\/p>\n\n\n\n<p style=\"text-align:center\">Nach Philipsburg sind es ja nur 2 km, ganz easy, der Strand\nist h\u00fcbsch, die Strandpromenade auch und im Gassenwirrwar dahinter gibt es\nviele Einkaufsm\u00f6glichkeiten.<\/p>\n\n\n\n<p style=\"text-align:center\">Es gibt keine Radwege aber die Autofahrer nehmen auch im\ndichten Verkehr R\u00fccksicht, Niederl\u00e4ndisches Erbe halt.<\/p>\n\n\n\n<p style=\"text-align:center\">Wir wollten zum Maho Strand, alles kein Problem au\u00dfer das\nder Radl Gott davor doch ein paar sch\u00f6ne Steigungen gesetzt hatte. Es gab keine\nM\u00f6glichkeit in Strandn\u00e4he zu bleiben, in diese Richtung ging es nur per\nHauptstra\u00dfe, also hochgequ\u00e4lt, runtergefahren und wieder hochgequ\u00e4lt. <\/p>\n\n\n\n<p style=\"text-align:center\">Was es hier komplett nicht gibt ist eine\nStra\u00dfenbeschilderung, gut das wir offline Karten heruntergeladen hatten.\nEurop\u00e4isches Netzt ist nur auf der franz\u00f6sischen Seite der Insel verf\u00fcgbar. <\/p>\n\n\n\n<p style=\"text-align:center\">Wir fuhren weiter nach Simpson Bay und von dort rund um den\nkleinen Flughafen. \u00dcberall in der Lagune liegen Schiffwracks jeder Gr\u00f6\u00dfe, der Hurrikan\nin 2017 hat eine schreckliche Verw\u00fcstung hinterlassen.<\/p>\n\n\n\n<p style=\"text-align:center\">Am Maho Beach war es nicht sooooo voll, war ja auch nur ein\nSchiff im Hafen.<\/p>\n\n\n\n<p style=\"text-align:center\">Wir hatten noch Zeit bis der n\u00e4chste Flieger kam und g\u00f6nnten uns einen Rumpunsch.<\/p>\n\n\n\n<p style=\"text-align:center\">Dann ging es Schlag auf Schlag, nett anzuschauen aber ich denke ein zweites Mal brauche ich das nicht, da schaue ich mit etwas anderes an.<\/p>\n\n\n\n<figure class=\"wp-block-image\"><img decoding=\"async\" loading=\"lazy\" width=\"600\" height=\"800\" src=\"http:\/\/www.lindenhausen.de\/blog\/wp-content\/uploads\/2019\/02\/K800_IMG_0631-e1550734339838.jpg\" alt=\"\" class=\"wp-image-4091\" srcset=\"http:\/\/www.lindenhausen.de\/blog\/wp-content\/uploads\/2019\/02\/K800_IMG_0631-e1550734339838.jpg 600w, http:\/\/www.lindenhausen.de\/blog\/wp-content\/uploads\/2019\/02\/K800_IMG_0631-e1550734339838-225x300.jpg 225w\" sizes=\"(max-width: 600px) 100vw, 600px\" \/><\/figure>\n\n\n\n<figure class=\"wp-block-image\"><img decoding=\"async\" loading=\"lazy\" width=\"1024\" height=\"576\" src=\"http:\/\/www.lindenhausen.de\/blog\/wp-content\/uploads\/2019\/02\/K800_IMG_0661-e1550734310198-1024x576.jpg\" alt=\"\" class=\"wp-image-4093\" srcset=\"http:\/\/www.lindenhausen.de\/blog\/wp-content\/uploads\/2019\/02\/K800_IMG_0661-e1550734310198-1024x576.jpg 1024w, http:\/\/www.lindenhausen.de\/blog\/wp-content\/uploads\/2019\/02\/K800_IMG_0661-e1550734310198-300x169.jpg 300w, http:\/\/www.lindenhausen.de\/blog\/wp-content\/uploads\/2019\/02\/K800_IMG_0661-e1550734310198-768x432.jpg 768w, http:\/\/www.lindenhausen.de\/blog\/wp-content\/uploads\/2019\/02\/K800_IMG_0661-e1550734310198.jpg 1067w\" sizes=\"(max-width: 1024px) 100vw, 1024px\" \/><\/figure>\n\n\n\n<figure class=\"wp-block-image\"><img decoding=\"async\" loading=\"lazy\" width=\"600\" height=\"800\" src=\"http:\/\/www.lindenhausen.de\/blog\/wp-content\/uploads\/2019\/02\/K800_IMG_0635-e1550734326940.jpg\" alt=\"\" class=\"wp-image-4092\" srcset=\"http:\/\/www.lindenhausen.de\/blog\/wp-content\/uploads\/2019\/02\/K800_IMG_0635-e1550734326940.jpg 600w, http:\/\/www.lindenhausen.de\/blog\/wp-content\/uploads\/2019\/02\/K800_IMG_0635-e1550734326940-225x300.jpg 225w\" sizes=\"(max-width: 600px) 100vw, 600px\" \/><\/figure>\n\n\n\n<p style=\"text-align:center\">Dann fuhren wir weiter rund um die Lagune nach Marigot der\nFranz\u00f6sischen Hauptstadt von Saint Martin.<\/p>\n\n\n\n<figure class=\"wp-block-image\"><img decoding=\"async\" loading=\"lazy\" width=\"600\" height=\"800\" src=\"http:\/\/www.lindenhausen.de\/blog\/wp-content\/uploads\/2019\/02\/K800_IMG_0663-e1550734296876.jpg\" alt=\"\" class=\"wp-image-4094\" srcset=\"http:\/\/www.lindenhausen.de\/blog\/wp-content\/uploads\/2019\/02\/K800_IMG_0663-e1550734296876.jpg 600w, http:\/\/www.lindenhausen.de\/blog\/wp-content\/uploads\/2019\/02\/K800_IMG_0663-e1550734296876-225x300.jpg 225w\" sizes=\"(max-width: 600px) 100vw, 600px\" \/><\/figure>\n\n\n\n<p style=\"text-align:center\">Viel gibt es hier nicht zu sehen, ein h\u00fcbscher Markt, recht\nteure Restaurants und ja, nix. <\/p>\n\n\n\n<p style=\"text-align:center\">Wir fuhren weiter wieder Richtung St. Maarten und hatten dann wirklich Hunger und Durst fanden auch ein kleines h\u00fcbsches Lokal, aber dort wollte man meine Kreditkarte nicht. Also nur den Durst gestillt und weiter nach Philipsburg. Auf der h\u00f6chsten Steigung gibt es einen wundersch\u00f6nen Aussichtspunkt, dort halten auch die Costa Busse und es gab ein paar fassungslose Gesichter als wir da mit dem Radl ankamen.<\/p>\n\n\n\n<figure class=\"wp-block-image\"><img decoding=\"async\" loading=\"lazy\" width=\"600\" height=\"800\" src=\"http:\/\/www.lindenhausen.de\/blog\/wp-content\/uploads\/2019\/02\/K800_IMG_0681-e1550742722717.jpg\" alt=\"\" class=\"wp-image-4369\" srcset=\"http:\/\/www.lindenhausen.de\/blog\/wp-content\/uploads\/2019\/02\/K800_IMG_0681-e1550742722717.jpg 600w, http:\/\/www.lindenhausen.de\/blog\/wp-content\/uploads\/2019\/02\/K800_IMG_0681-e1550742722717-225x300.jpg 225w\" sizes=\"(max-width: 600px) 100vw, 600px\" \/><\/figure>\n\n\n\n<p style=\"text-align:center\">Dann rollten wir Philipsburg entgegen, schauten die\nStrandpromenade n\u00e4her an, fanden eine Bar die uns gefiel und sto\u00dfen mit Rum\nPunch und Bier auf diesen sch\u00f6nen Tag an.<\/p>\n\n\n\n<figure class=\"wp-block-image\"><img decoding=\"async\" loading=\"lazy\" width=\"600\" height=\"800\" src=\"http:\/\/www.lindenhausen.de\/blog\/wp-content\/uploads\/2019\/02\/K800_IMG_0623-e1550734355949.jpg\" alt=\"\" class=\"wp-image-4090\" srcset=\"http:\/\/www.lindenhausen.de\/blog\/wp-content\/uploads\/2019\/02\/K800_IMG_0623-e1550734355949.jpg 600w, http:\/\/www.lindenhausen.de\/blog\/wp-content\/uploads\/2019\/02\/K800_IMG_0623-e1550734355949-225x300.jpg 225w\" sizes=\"(max-width: 600px) 100vw, 600px\" \/><\/figure>\n\n\n\n<figure class=\"wp-block-image\"><img decoding=\"async\" loading=\"lazy\" width=\"800\" height=\"600\" src=\"http:\/\/www.lindenhausen.de\/blog\/wp-content\/uploads\/2019\/02\/K800_IMG_0682-e1550742711806.jpg\" alt=\"\" class=\"wp-image-4370\" srcset=\"http:\/\/www.lindenhausen.de\/blog\/wp-content\/uploads\/2019\/02\/K800_IMG_0682-e1550742711806.jpg 800w, http:\/\/www.lindenhausen.de\/blog\/wp-content\/uploads\/2019\/02\/K800_IMG_0682-e1550742711806-300x225.jpg 300w, http:\/\/www.lindenhausen.de\/blog\/wp-content\/uploads\/2019\/02\/K800_IMG_0682-e1550742711806-768x576.jpg 768w\" sizes=\"(max-width: 800px) 100vw, 800px\" \/><\/figure>\n\n\n\n<p style=\"text-align:center\">Wir brachten die R\u00e4der im Hafen zur\u00fcck. Unsere Dollars neigten sich dem Ende, daher holten wir schnell noch die EC Karte vom Schiff denn hier konnte man Geld abheben. Der Automat, der am n\u00e4chsten zu Schiff ist m\u00f6chte 1,50$ mehr Geb\u00fchren als der Automat am Hafenausgang.<\/p>\n\n\n\n<p style=\"text-align:center\">Die Ausfahrt und den Sonnenuntergang erlebten wir auf Deck\n12 an der Au\u00dfen Bar, super sch\u00f6n und warm. <\/p>\n\n\n\n<p style=\"text-align:center\">Im Restaurant gab es den italienischen Abend, leider war der\naber in der Bordzeitung nicht vermerkt und, da wir zeitig in der ersten\nTischzeit essen gegangen waren, eher verhalten.<\/p>\n\n\n\n<p style=\"text-align:center\">Das Essen sehr gut, nur fehlte ein wenig die Sch\u00e4rfe, man\nkann es als Koch halt nicht jedem recht machen.<\/p>\n\n\n\n<figure class=\"wp-block-image\"><img decoding=\"async\" loading=\"lazy\" width=\"800\" height=\"600\" src=\"http:\/\/www.lindenhausen.de\/blog\/wp-content\/uploads\/2019\/02\/K800_IMG_0695.jpg\" alt=\"\" class=\"wp-image-4096\" srcset=\"http:\/\/www.lindenhausen.de\/blog\/wp-content\/uploads\/2019\/02\/K800_IMG_0695.jpg 800w, http:\/\/www.lindenhausen.de\/blog\/wp-content\/uploads\/2019\/02\/K800_IMG_0695-300x225.jpg 300w, http:\/\/www.lindenhausen.de\/blog\/wp-content\/uploads\/2019\/02\/K800_IMG_0695-768x576.jpg 768w\" sizes=\"(max-width: 800px) 100vw, 800px\" \/><\/figure>\n\n\n\n<p style=\"text-align:center\">Wir waren m\u00fcde und so endete auch dieser Abend nach einem\nAbsacker schon gegen 22:00 Uhr.<\/p>\n\n\n\n<figure class=\"wp-block-embed is-type-rich is-provider-lindenhausen-weil-reisen-spass-macht\"><div class=\"wp-block-embed__wrapper\">\n<blockquote class=\"wp-embedded-content\" data-secret=\"YMO7QNHxPf\"><a href=\"http:\/\/www.lindenhausen.de\/blog\/reiseberichte-costa\/kreuzfahrten-2019\/costa-magica-karibik-2019\/antigua\/\">Antigua<\/a><\/blockquote><iframe class=\"wp-embedded-content\" sandbox=\"allow-scripts\" security=\"restricted\" style=\"position: absolute; clip: rect(1px, 1px, 1px, 1px);\" src=\"http:\/\/www.lindenhausen.de\/blog\/reiseberichte-costa\/kreuzfahrten-2019\/costa-magica-karibik-2019\/antigua\/embed\/#?secret=YMO7QNHxPf\" data-secret=\"YMO7QNHxPf\" width=\"600\" height=\"338\" title=\"&#8222;Antigua&#8220; &#8212; Lindenhausen-weil Reisen Spa\u00df macht\" frameborder=\"0\" marginwidth=\"0\" marginheight=\"0\" scrolling=\"no\"><\/iframe>\n<\/div><\/figure>\n","protected":false},"excerpt":{"rendered":"<p>\u00a0 St. Maarten -Philipsburg Montag 28.01.2018 Wir waren fr\u00fch wach, beobachteten die Einfahrt nach Philipsburg, fr\u00fchst\u00fcckten ausgiebig und verlie\u00dfen das Schiff. Heute hatten wir bei Tri Sports Fahrr\u00e4der reserviert, der Kontakt war unkompliziert und freundlich per E-Mail. 30\u20ac pro Rad und Tag, incl Helm den ich hier auch empfehlen w\u00fcrde. https:\/\/www.trisportsxm.com Der Hafen ist h\u00fcbsch &hellip; <a href=\"http:\/\/www.lindenhausen.de\/blog\/reiseberichte-costa\/kreuzfahrten-2019\/costa-magica-karibik-2019\/st-maarten\/\" class=\"more-link\"><span class=\"screen-reader-text\">St. Maarten<\/span> weiterlesen <span class=\"meta-nav\">&rarr;<\/span><\/a><\/p>\n","protected":false},"author":1,"featured_media":4366,"parent":4356,"menu_order":2,"comment_status":"closed","ping_status":"closed","template":"","meta":{"_monsterinsights_skip_tracking":false,"_monsterinsights_sitenote_active":false,"_monsterinsights_sitenote_note":"","_monsterinsights_sitenote_category":0},"yoast_head":"<!-- This site is optimized with the Yoast SEO plugin v21.0 - https:\/\/yoast.com\/wordpress\/plugins\/seo\/ -->\n<title>St. Maarten - Lindenhausen-weil Reisen Spa\u00df macht<\/title>\n<meta name=\"robots\" content=\"index, follow, max-snippet:-1, max-image-preview:large, max-video-preview:-1\" \/>\n<link rel=\"canonical\" href=\"http:\/\/www.lindenhausen.de\/blog\/reiseberichte-costa\/kreuzfahrten-2019\/costa-magica-karibik-2019\/st-maarten\/\" \/>\n<meta property=\"og:locale\" content=\"de_DE\" \/>\n<meta property=\"og:type\" content=\"article\" \/>\n<meta property=\"og:title\" content=\"St. Maarten - Lindenhausen-weil Reisen Spa\u00df macht\" \/>\n<meta property=\"og:description\" content=\"\u00a0 St. Maarten -Philipsburg Montag 28.01.2018 Wir waren fr\u00fch wach, beobachteten die Einfahrt nach Philipsburg, fr\u00fchst\u00fcckten ausgiebig und verlie\u00dfen das Schiff. Heute hatten wir bei Tri Sports Fahrr\u00e4der reserviert, der Kontakt war unkompliziert und freundlich per E-Mail. 30\u20ac pro Rad und Tag, incl Helm den ich hier auch empfehlen w\u00fcrde. https:\/\/www.trisportsxm.com Der Hafen ist h\u00fcbsch &hellip; St. Maarten weiterlesen &rarr;\" \/>\n<meta property=\"og:url\" content=\"http:\/\/www.lindenhausen.de\/blog\/reiseberichte-costa\/kreuzfahrten-2019\/costa-magica-karibik-2019\/st-maarten\/\" \/>\n<meta property=\"og:site_name\" content=\"Lindenhausen-weil Reisen Spa\u00df macht\" \/>\n<meta property=\"article:publisher\" content=\"http:\/\/www.facebook.com\/Lindenhausen\/\" \/>\n<meta property=\"article:modified_time\" content=\"2019-02-21T13:30:41+00:00\" \/>\n<meta property=\"og:image\" content=\"http:\/\/www.lindenhausen.de\/blog\/wp-content\/uploads\/2019\/02\/K800_IMG_0619-2.jpg\" \/>\n\t<meta property=\"og:image:width\" content=\"442\" \/>\n\t<meta property=\"og:image:height\" content=\"332\" \/>\n\t<meta property=\"og:image:type\" content=\"image\/jpeg\" \/>\n<meta name=\"twitter:card\" content=\"summary_large_image\" \/>\n<meta name=\"twitter:site\" content=\"@Maxilinde\" \/>\n<meta name=\"twitter:label1\" content=\"Gesch\u00e4tzte Lesezeit\" \/>\n\t<meta name=\"twitter:data1\" content=\"3\u00a0Minuten\" \/>\n<script type=\"application\/ld+json\" class=\"yoast-schema-graph\">{\"@context\":\"https:\/\/schema.org\",\"@graph\":[{\"@type\":\"WebPage\",\"@id\":\"http:\/\/www.lindenhausen.de\/blog\/reiseberichte-costa\/kreuzfahrten-2019\/costa-magica-karibik-2019\/st-maarten\/\",\"url\":\"http:\/\/www.lindenhausen.de\/blog\/reiseberichte-costa\/kreuzfahrten-2019\/costa-magica-karibik-2019\/st-maarten\/\",\"name\":\"St. Maarten - Lindenhausen-weil Reisen Spa\u00df macht\",\"isPartOf\":{\"@id\":\"https:\/\/www.lindenhausen.de\/blog\/#website\"},\"datePublished\":\"2019-02-21T09:56:30+00:00\",\"dateModified\":\"2019-02-21T13:30:41+00:00\",\"breadcrumb\":{\"@id\":\"http:\/\/www.lindenhausen.de\/blog\/reiseberichte-costa\/kreuzfahrten-2019\/costa-magica-karibik-2019\/st-maarten\/#breadcrumb\"},\"inLanguage\":\"de\",\"potentialAction\":[{\"@type\":\"ReadAction\",\"target\":[\"http:\/\/www.lindenhausen.de\/blog\/reiseberichte-costa\/kreuzfahrten-2019\/costa-magica-karibik-2019\/st-maarten\/\"]}]},{\"@type\":\"BreadcrumbList\",\"@id\":\"http:\/\/www.lindenhausen.de\/blog\/reiseberichte-costa\/kreuzfahrten-2019\/costa-magica-karibik-2019\/st-maarten\/#breadcrumb\",\"itemListElement\":[{\"@type\":\"ListItem\",\"position\":1,\"name\":\"Startseite\",\"item\":\"https:\/\/www.lindenhausen.de\/blog\/\"},{\"@type\":\"ListItem\",\"position\":2,\"name\":\"Reiseberichte Costa Kreuzfahrten\",\"item\":\"http:\/\/www.lindenhausen.de\/blog\/reiseberichte-costa\/\"},{\"@type\":\"ListItem\",\"position\":3,\"name\":\"Kreuzfahrten 2019\",\"item\":\"http:\/\/www.lindenhausen.de\/blog\/reiseberichte-costa\/kreuzfahrten-2019\/\"},{\"@type\":\"ListItem\",\"position\":4,\"name\":\"Costa Magica-Karibik 2019\",\"item\":\"http:\/\/www.lindenhausen.de\/blog\/reiseberichte-costa\/kreuzfahrten-2019\/costa-magica-karibik-2019\/\"},{\"@type\":\"ListItem\",\"position\":5,\"name\":\"St. Maarten\"}]},{\"@type\":\"WebSite\",\"@id\":\"https:\/\/www.lindenhausen.de\/blog\/#website\",\"url\":\"https:\/\/www.lindenhausen.de\/blog\/\",\"name\":\"Lindenhausen-weil Reisen Spa\u00df macht\",\"description\":\"Reisen und Kreuzfahrten, Reiseberichte, Kreuzfahrtforum\",\"potentialAction\":[{\"@type\":\"SearchAction\",\"target\":{\"@type\":\"EntryPoint\",\"urlTemplate\":\"https:\/\/www.lindenhausen.de\/blog\/?s={search_term_string}\"},\"query-input\":\"required name=search_term_string\"}],\"inLanguage\":\"de\"}]}<\/script>\n<!-- \/ Yoast SEO plugin. -->","yoast_head_json":{"title":"St. Maarten - Lindenhausen-weil Reisen Spa\u00df macht","robots":{"index":"index","follow":"follow","max-snippet":"max-snippet:-1","max-image-preview":"max-image-preview:large","max-video-preview":"max-video-preview:-1"},"canonical":"http:\/\/www.lindenhausen.de\/blog\/reiseberichte-costa\/kreuzfahrten-2019\/costa-magica-karibik-2019\/st-maarten\/","og_locale":"de_DE","og_type":"article","og_title":"St. Maarten - Lindenhausen-weil Reisen Spa\u00df macht","og_description":"\u00a0 St. Maarten -Philipsburg Montag 28.01.2018 Wir waren fr\u00fch wach, beobachteten die Einfahrt nach Philipsburg, fr\u00fchst\u00fcckten ausgiebig und verlie\u00dfen das Schiff. Heute hatten wir bei Tri Sports Fahrr\u00e4der reserviert, der Kontakt war unkompliziert und freundlich per E-Mail. 30\u20ac pro Rad und Tag, incl Helm den ich hier auch empfehlen w\u00fcrde. https:\/\/www.trisportsxm.com Der Hafen ist h\u00fcbsch &hellip; St. Maarten weiterlesen &rarr;","og_url":"http:\/\/www.lindenhausen.de\/blog\/reiseberichte-costa\/kreuzfahrten-2019\/costa-magica-karibik-2019\/st-maarten\/","og_site_name":"Lindenhausen-weil Reisen Spa\u00df macht","article_publisher":"http:\/\/www.facebook.com\/Lindenhausen\/","article_modified_time":"2019-02-21T13:30:41+00:00","og_image":[{"width":442,"height":332,"url":"http:\/\/www.lindenhausen.de\/blog\/wp-content\/uploads\/2019\/02\/K800_IMG_0619-2.jpg","type":"image\/jpeg"}],"twitter_card":"summary_large_image","twitter_site":"@Maxilinde","twitter_misc":{"Gesch\u00e4tzte Lesezeit":"3\u00a0Minuten"},"schema":{"@context":"https:\/\/schema.org","@graph":[{"@type":"WebPage","@id":"http:\/\/www.lindenhausen.de\/blog\/reiseberichte-costa\/kreuzfahrten-2019\/costa-magica-karibik-2019\/st-maarten\/","url":"http:\/\/www.lindenhausen.de\/blog\/reiseberichte-costa\/kreuzfahrten-2019\/costa-magica-karibik-2019\/st-maarten\/","name":"St. Maarten - Lindenhausen-weil Reisen Spa\u00df macht","isPartOf":{"@id":"https:\/\/www.lindenhausen.de\/blog\/#website"},"datePublished":"2019-02-21T09:56:30+00:00","dateModified":"2019-02-21T13:30:41+00:00","breadcrumb":{"@id":"http:\/\/www.lindenhausen.de\/blog\/reiseberichte-costa\/kreuzfahrten-2019\/costa-magica-karibik-2019\/st-maarten\/#breadcrumb"},"inLanguage":"de","potentialAction":[{"@type":"ReadAction","target":["http:\/\/www.lindenhausen.de\/blog\/reiseberichte-costa\/kreuzfahrten-2019\/costa-magica-karibik-2019\/st-maarten\/"]}]},{"@type":"BreadcrumbList","@id":"http:\/\/www.lindenhausen.de\/blog\/reiseberichte-costa\/kreuzfahrten-2019\/costa-magica-karibik-2019\/st-maarten\/#breadcrumb","itemListElement":[{"@type":"ListItem","position":1,"name":"Startseite","item":"https:\/\/www.lindenhausen.de\/blog\/"},{"@type":"ListItem","position":2,"name":"Reiseberichte Costa Kreuzfahrten","item":"http:\/\/www.lindenhausen.de\/blog\/reiseberichte-costa\/"},{"@type":"ListItem","position":3,"name":"Kreuzfahrten 2019","item":"http:\/\/www.lindenhausen.de\/blog\/reiseberichte-costa\/kreuzfahrten-2019\/"},{"@type":"ListItem","position":4,"name":"Costa Magica-Karibik 2019","item":"http:\/\/www.lindenhausen.de\/blog\/reiseberichte-costa\/kreuzfahrten-2019\/costa-magica-karibik-2019\/"},{"@type":"ListItem","position":5,"name":"St. Maarten"}]},{"@type":"WebSite","@id":"https:\/\/www.lindenhausen.de\/blog\/#website","url":"https:\/\/www.lindenhausen.de\/blog\/","name":"Lindenhausen-weil Reisen Spa\u00df macht","description":"Reisen und Kreuzfahrten, Reiseberichte, Kreuzfahrtforum","potentialAction":[{"@type":"SearchAction","target":{"@type":"EntryPoint","urlTemplate":"https:\/\/www.lindenhausen.de\/blog\/?s={search_term_string}"},"query-input":"required name=search_term_string"}],"inLanguage":"de"}]}},"_links":{"self":[{"href":"http:\/\/www.lindenhausen.de\/blog\/wp-json\/wp\/v2\/pages\/4364"}],"collection":[{"href":"http:\/\/www.lindenhausen.de\/blog\/wp-json\/wp\/v2\/pages"}],"about":[{"href":"http:\/\/www.lindenhausen.de\/blog\/wp-json\/wp\/v2\/types\/page"}],"author":[{"embeddable":true,"href":"http:\/\/www.lindenhausen.de\/blog\/wp-json\/wp\/v2\/users\/1"}],"replies":[{"embeddable":true,"href":"http:\/\/www.lindenhausen.de\/blog\/wp-json\/wp\/v2\/comments?post=4364"}],"version-history":[{"count":5,"href":"http:\/\/www.lindenhausen.de\/blog\/wp-json\/wp\/v2\/pages\/4364\/revisions"}],"predecessor-version":[{"id":4421,"href":"http:\/\/www.lindenhausen.de\/blog\/wp-json\/wp\/v2\/pages\/4364\/revisions\/4421"}],"up":[{"embeddable":true,"href":"http:\/\/www.lindenhausen.de\/blog\/wp-json\/wp\/v2\/pages\/4356"}],"wp:featuredmedia":[{"embeddable":true,"href":"http:\/\/www.lindenhausen.de\/blog\/wp-json\/wp\/v2\/media\/4366"}],"wp:attachment":[{"href":"http:\/\/www.lindenhausen.de\/blog\/wp-json\/wp\/v2\/media?parent=4364"}],"curies":[{"name":"wp","href":"https:\/\/api.w.org\/{rel}","templated":true}]}}