{"id":4356,"date":"2019-02-21T10:02:57","date_gmt":"2019-02-21T09:02:57","guid":{"rendered":"http:\/\/www.lindenhausen.de\/blog\/?page_id=4356"},"modified":"2019-02-21T14:27:49","modified_gmt":"2019-02-21T13:27:49","slug":"costa-magica-karibik-2019","status":"publish","type":"page","link":"http:\/\/www.lindenhausen.de\/blog\/reiseberichte-costa\/kreuzfahrten-2019\/costa-magica-karibik-2019\/","title":{"rendered":"Costa Magica-Karibik 2019"},"content":{"rendered":"\n<h2 class=\"wp-block-heading\">Anreise<\/h2>\n\n\n\n<p>Das Nachdenken \u00fcber die Januar Reise begann fr\u00fch und dieses Mal gingen unsere Pl\u00e4ne verschiedene Wege. Milli wollte mit den \u201cKindern\u201c zum Skifahren nach Obertauern, ich mit der Costa Fortuna nach Shanghai.<br> Beides zusammen w\u00e4re weit \u00fcber unserem Bugdet also musste ein Kompromiss her.<br> Beim Suchen fiel mir die kleine Antillen Reise der Costa Magica auf-eigentlich hatte ich die Karibik immer ein bisschen f\u00fcr sp\u00e4ter aufgehoben aber ich wollte ins Warme.<br> Egal wie ich es sch\u00f6n rechnete, zu teuer, es gab eine klare Deadline.<br> Versuch macht klug, also unseren Reiseberater bei Costa angerufen, darum gebeten die Preise in DACH zu pr\u00fcfen und siehe da-der Preis mit Abflug Wien, Vorzugskreuzfahrt und ein Gutschein machten es m\u00f6glich, ich bekam Sommer und mein Mann durfte danach in den Schnee.<br> Meine Reisevorbereitungen fielen kurz und knapp aus, ein paar \u00c4nderungen in unserer Firma sorgten f\u00fcr Trouble, dazu Weihnachtszeit und Stress in ehrenamtlichen Bereich.<br> Einen privaten Anbieter schrieb ich an, sollte dann aber noch G\u00e4ste\u201c besorgen\u201c neee dann lieber Costa Ausflug, Stress habe ich schon genug.<br> Wir \u00fcberlegten statt von Wien \u00fcber Frankfurt doch lieber direkt ab Frankfurt zu fliegen, bei Costa einfach ein noShow anzufragen aber die Streikfreudigkeit in Deutschland lie\u00df uns diese Pl\u00e4ne schnell verwerfen.<br> Ich buchte ein Zugticket nach Wien und eine \u00dcbernachtung im NH Hotel Schwechat, keine 100 m Fu\u00dfweg zum Terminal Eingang. Wir hatten entscheiden doch lieber ausgeschlafen in den Urlaub zu starten statt die Zeit von 1 Uhr bis 5 Uhr schlaflos am Flughafen zu verbringen.<br> Donnerstagvormittags packte ich endlich die Koffer, 12:47 ging der Zug nach Regensburg, 13:30 sa\u00dfen wir im ICE und a\u00dfen eine Kleinigkeit im Bordrestaurant und schliefen dann auf unseren Pl\u00e4tzen Wien entgegen. \u00dcberhaupt waren wir extrem m\u00fcde, die letzten Wochen forderten ihren Tribut und so a\u00dfen wir im Hotel eine Kleinigkeit, tranken noch etwas und lagen 21:00 Uhr im Bett, den Wecker auf 4:30 gestellt.<br> Der klingelte auch p\u00fcnktlich, wir machte uns auf den kurzen Weg zum Terminal, suchten den Schalter von Austrian Airlines und Checkten ein. Online hatte das ganze gestern nicht funktioniert, machte nichts, die nette Junge Dame am Schalter hatte passende Pl\u00e4tze f\u00fcr uns. Wir verabschiedeten unser Gep\u00e4ck, das wir dann erst in Pointre a Pitre in der Schiffskabine wiedersehen sollten.<br> Ein Verl\u00e4ngerter f\u00fcr S\u00fcndgeld musste jetzt sein, dann die Sicherheitskontrolle und schon war es Zeit das Gate zu suchen.<br> Der Flug nach Frankfurt war ohne besondere Ereignisse, es gab ein s\u00fc\u00dfes Teilchen und Getr\u00e4nke, leider komplett keine Sicht, schade denn wir flogen \u00fcber unseren Heimatort.<br> In Frankfurt hatten wir dann Zeit, suchten uns was zum Fr\u00fchst\u00fccken und gingen Spazieren.<br> Passkontrolle erfolgte am Automaten, dauerte keine 30 Sekunden. Der Condor Flug war p\u00fcnktlich, wir mussten mit dem Bus aufs Rollfeld fahren und einige Passagiere machten den Eindruck als m\u00fcssten sie auf dem Flug stehen, wenn sie nicht die ersten im Bus und im Flieger w\u00e4ren. Sitzen mussten wir doch noch lange genug.<br> Wir starteten p\u00fcnktlich, gesteuert wurde die Boeing 763 von einer Pilotin, was f\u00fcr einige Herren f\u00fcr kurze Unruhe sorgte.<br> Zum Flug kann ich nur so viel sagen: entgegen vieler negativen Bewertungen war der Service gut, es gab ein warmes Essen (Maultaschen mit Spinatf\u00fcllung, was ich eigentlich nicht mag, war aber erstaunlich essbar) warme und alkoholfreie Getr\u00e4nke, Alkohol musste bezahlt werden und ein leichtes Abendessen (Hackfleischr\u00f6llchen mit Salat)<br> Sitzabstand ging, Ferienflieger halt.<br> Man konnte sich auch jederzeit etwas zu trinken holen, wurde auch mehrfach durchgesagt. Also es musste niemand verhungern und verdursten. <br> Decken und Kissen gab es auf Anfrage, an jedem Sitz gab es einen Bildschirm mit Ladem\u00f6glichkeit f\u00fcrs Handy. 2 Filme zur Auswahl, wer mehr m\u00f6chte zahlt knapp 10\u20ac.<br> Nat\u00fcrlich nicht mit Emirates zu vergleichen, aber die fliegen nun mal nicht in die Karibik.<\/p>\n\n\n\n<ul class=\"wp-block-gallery columns-3 is-cropped wp-block-gallery-1 is-layout-flex\"><li class=\"blocks-gallery-item\"><figure><img decoding=\"async\" loading=\"lazy\" width=\"600\" height=\"800\" src=\"http:\/\/www.lindenhausen.de\/blog\/wp-content\/uploads\/2019\/02\/K800_IMG_0456-e1550734758854.jpg\" alt=\"\" data-id=\"4066\" data-link=\"http:\/\/www.lindenhausen.de\/blog\/costa-magica-karibik-kleine-antillen-januar-2019\/k800_img_0456\/\" class=\"wp-image-4066\" srcset=\"http:\/\/www.lindenhausen.de\/blog\/wp-content\/uploads\/2019\/02\/K800_IMG_0456-e1550734758854.jpg 600w, http:\/\/www.lindenhausen.de\/blog\/wp-content\/uploads\/2019\/02\/K800_IMG_0456-e1550734758854-225x300.jpg 225w\" sizes=\"(max-width: 600px) 100vw, 600px\" \/><\/figure><\/li><li class=\"blocks-gallery-item\"><figure><img decoding=\"async\" loading=\"lazy\" width=\"800\" height=\"600\" src=\"http:\/\/www.lindenhausen.de\/blog\/wp-content\/uploads\/2019\/02\/K800_IMG_0465-e1550734746120.jpg\" alt=\"\" data-id=\"4067\" data-link=\"http:\/\/www.lindenhausen.de\/blog\/costa-magica-karibik-kleine-antillen-januar-2019\/k800_img_0465\/\" class=\"wp-image-4067\" srcset=\"http:\/\/www.lindenhausen.de\/blog\/wp-content\/uploads\/2019\/02\/K800_IMG_0465-e1550734746120.jpg 800w, http:\/\/www.lindenhausen.de\/blog\/wp-content\/uploads\/2019\/02\/K800_IMG_0465-e1550734746120-300x225.jpg 300w, http:\/\/www.lindenhausen.de\/blog\/wp-content\/uploads\/2019\/02\/K800_IMG_0465-e1550734746120-768x576.jpg 768w\" sizes=\"(max-width: 800px) 100vw, 800px\" \/><\/figure><\/li><li class=\"blocks-gallery-item\"><figure><img decoding=\"async\" loading=\"lazy\" width=\"800\" height=\"600\" src=\"http:\/\/www.lindenhausen.de\/blog\/wp-content\/uploads\/2019\/02\/K800_IMG_0474-e1550734733833.jpg\" alt=\"\" data-id=\"4068\" data-link=\"http:\/\/www.lindenhausen.de\/blog\/costa-magica-karibik-kleine-antillen-januar-2019\/k800_img_0474\/\" class=\"wp-image-4068\" srcset=\"http:\/\/www.lindenhausen.de\/blog\/wp-content\/uploads\/2019\/02\/K800_IMG_0474-e1550734733833.jpg 800w, http:\/\/www.lindenhausen.de\/blog\/wp-content\/uploads\/2019\/02\/K800_IMG_0474-e1550734733833-300x225.jpg 300w, http:\/\/www.lindenhausen.de\/blog\/wp-content\/uploads\/2019\/02\/K800_IMG_0474-e1550734733833-768x576.jpg 768w\" sizes=\"(max-width: 800px) 100vw, 800px\" \/><\/figure><\/li><\/ul>\n\n\n\n<p><br> In Guadeloupe, das sich leider von Wolken bedeckt zeigte ging es ganz schnell. Keine Passkontrolle weil EU, wir waren nach 10 Minuten im Bus, 15 Minuten sp\u00e4ter am Schiff und dort \u00fcber die Priority Line in 5 Minuten auf dem Schiff.<br> Kabine aufgesucht, alles war schon fertig und dann durften wir schon wieder essen, denn wir wollten vor der Seenotrettungs\u00fcbung in Ruhe essen. <br> Dann das \u00fcbrige Prozedere, Koffer auspacken, Seenotrettungs\u00fcbung, Absacker im Atrium und Gute Nacht, zuhause geht es auf den Morgen zu.<\/p>\n\n\n\n<ul class=\"wp-block-gallery columns-1 is-cropped wp-block-gallery-3 is-layout-flex\"><li class=\"blocks-gallery-item\"><figure><img decoding=\"async\" loading=\"lazy\" width=\"800\" height=\"600\" src=\"http:\/\/www.lindenhausen.de\/blog\/wp-content\/uploads\/2019\/02\/K800_IMG_0497.jpg\" alt=\"\" data-id=\"4069\" data-link=\"http:\/\/www.lindenhausen.de\/blog\/costa-magica-karibik-kleine-antillen-januar-2019\/k800_img_0497\/\" class=\"wp-image-4069\" srcset=\"http:\/\/www.lindenhausen.de\/blog\/wp-content\/uploads\/2019\/02\/K800_IMG_0497.jpg 800w, http:\/\/www.lindenhausen.de\/blog\/wp-content\/uploads\/2019\/02\/K800_IMG_0497-300x225.jpg 300w, http:\/\/www.lindenhausen.de\/blog\/wp-content\/uploads\/2019\/02\/K800_IMG_0497-768x576.jpg 768w\" sizes=\"(max-width: 800px) 100vw, 800px\" \/><\/figure><\/li><\/ul>\n\n\n\n<figure class=\"wp-block-embed is-type-rich is-provider-lindenhausen-weil-reisen-spass-macht\"><div class=\"wp-block-embed__wrapper\">\n<blockquote class=\"wp-embedded-content\" data-secret=\"hZuuafMkqT\"><a href=\"http:\/\/www.lindenhausen.de\/blog\/reiseberichte-costa\/kreuzfahrten-2019\/costa-magica-karibik-2019\/seetag-und-tortola\/\">Seetag und Tortola<\/a><\/blockquote><iframe class=\"wp-embedded-content\" sandbox=\"allow-scripts\" security=\"restricted\" style=\"position: absolute; clip: rect(1px, 1px, 1px, 1px);\" src=\"http:\/\/www.lindenhausen.de\/blog\/reiseberichte-costa\/kreuzfahrten-2019\/costa-magica-karibik-2019\/seetag-und-tortola\/embed\/#?secret=hZuuafMkqT\" data-secret=\"hZuuafMkqT\" width=\"600\" height=\"338\" title=\"&#8222;Seetag und Tortola&#8220; &#8212; Lindenhausen-weil Reisen Spa\u00df macht\" frameborder=\"0\" marginwidth=\"0\" marginheight=\"0\" scrolling=\"no\"><\/iframe>\n<\/div><\/figure>\n","protected":false},"excerpt":{"rendered":"<p>Anreise Das Nachdenken \u00fcber die Januar Reise begann fr\u00fch und dieses Mal gingen unsere Pl\u00e4ne verschiedene Wege. Milli wollte mit den \u201cKindern\u201c zum Skifahren nach Obertauern, ich mit der Costa Fortuna nach Shanghai. Beides zusammen w\u00e4re weit \u00fcber unserem Bugdet also musste ein Kompromiss her. Beim Suchen fiel mir die kleine Antillen Reise der Costa &hellip; <a href=\"http:\/\/www.lindenhausen.de\/blog\/reiseberichte-costa\/kreuzfahrten-2019\/costa-magica-karibik-2019\/\" class=\"more-link\"><span class=\"screen-reader-text\">Costa Magica-Karibik 2019<\/span> weiterlesen <span class=\"meta-nav\">&rarr;<\/span><\/a><\/p>\n","protected":false},"author":1,"featured_media":0,"parent":4357,"menu_order":1,"comment_status":"closed","ping_status":"closed","template":"","meta":{"_monsterinsights_skip_tracking":false,"_monsterinsights_sitenote_active":false,"_monsterinsights_sitenote_note":"","_monsterinsights_sitenote_category":0},"yoast_head":"<!-- This site is optimized with the Yoast SEO plugin v21.0 - https:\/\/yoast.com\/wordpress\/plugins\/seo\/ -->\n<title>Costa Magica-Karibik 2019 - Lindenhausen-weil Reisen Spa\u00df macht<\/title>\n<meta name=\"robots\" content=\"index, follow, max-snippet:-1, max-image-preview:large, max-video-preview:-1\" \/>\n<link rel=\"canonical\" href=\"http:\/\/www.lindenhausen.de\/blog\/reiseberichte-costa\/kreuzfahrten-2019\/costa-magica-karibik-2019\/\" \/>\n<meta property=\"og:locale\" content=\"de_DE\" \/>\n<meta property=\"og:type\" content=\"article\" \/>\n<meta property=\"og:title\" content=\"Costa Magica-Karibik 2019 - Lindenhausen-weil Reisen Spa\u00df macht\" \/>\n<meta property=\"og:description\" content=\"Anreise Das Nachdenken \u00fcber die Januar Reise begann fr\u00fch und dieses Mal gingen unsere Pl\u00e4ne verschiedene Wege. Milli wollte mit den \u201cKindern\u201c zum Skifahren nach Obertauern, ich mit der Costa Fortuna nach Shanghai. Beides zusammen w\u00e4re weit \u00fcber unserem Bugdet also musste ein Kompromiss her. Beim Suchen fiel mir die kleine Antillen Reise der Costa &hellip; Costa Magica-Karibik 2019 weiterlesen &rarr;\" \/>\n<meta property=\"og:url\" content=\"http:\/\/www.lindenhausen.de\/blog\/reiseberichte-costa\/kreuzfahrten-2019\/costa-magica-karibik-2019\/\" \/>\n<meta property=\"og:site_name\" content=\"Lindenhausen-weil Reisen Spa\u00df macht\" \/>\n<meta property=\"article:publisher\" content=\"http:\/\/www.facebook.com\/Lindenhausen\/\" \/>\n<meta property=\"article:modified_time\" content=\"2019-02-21T13:27:49+00:00\" \/>\n<meta property=\"og:image\" content=\"http:\/\/www.lindenhausen.de\/blog\/wp-content\/uploads\/2019\/02\/K800_IMG_0456-e1550734758854.jpg\" \/>\n<meta name=\"twitter:card\" content=\"summary_large_image\" \/>\n<meta name=\"twitter:site\" content=\"@Maxilinde\" \/>\n<meta name=\"twitter:label1\" content=\"Gesch\u00e4tzte Lesezeit\" \/>\n\t<meta name=\"twitter:data1\" content=\"4\u00a0Minuten\" \/>\n<script type=\"application\/ld+json\" class=\"yoast-schema-graph\">{\"@context\":\"https:\/\/schema.org\",\"@graph\":[{\"@type\":\"WebPage\",\"@id\":\"http:\/\/www.lindenhausen.de\/blog\/reiseberichte-costa\/kreuzfahrten-2019\/costa-magica-karibik-2019\/\",\"url\":\"http:\/\/www.lindenhausen.de\/blog\/reiseberichte-costa\/kreuzfahrten-2019\/costa-magica-karibik-2019\/\",\"name\":\"Costa Magica-Karibik 2019 - Lindenhausen-weil Reisen Spa\u00df macht\",\"isPartOf\":{\"@id\":\"https:\/\/www.lindenhausen.de\/blog\/#website\"},\"datePublished\":\"2019-02-21T09:02:57+00:00\",\"dateModified\":\"2019-02-21T13:27:49+00:00\",\"breadcrumb\":{\"@id\":\"http:\/\/www.lindenhausen.de\/blog\/reiseberichte-costa\/kreuzfahrten-2019\/costa-magica-karibik-2019\/#breadcrumb\"},\"inLanguage\":\"de\",\"potentialAction\":[{\"@type\":\"ReadAction\",\"target\":[\"http:\/\/www.lindenhausen.de\/blog\/reiseberichte-costa\/kreuzfahrten-2019\/costa-magica-karibik-2019\/\"]}]},{\"@type\":\"BreadcrumbList\",\"@id\":\"http:\/\/www.lindenhausen.de\/blog\/reiseberichte-costa\/kreuzfahrten-2019\/costa-magica-karibik-2019\/#breadcrumb\",\"itemListElement\":[{\"@type\":\"ListItem\",\"position\":1,\"name\":\"Startseite\",\"item\":\"https:\/\/www.lindenhausen.de\/blog\/\"},{\"@type\":\"ListItem\",\"position\":2,\"name\":\"Reiseberichte Costa Kreuzfahrten\",\"item\":\"http:\/\/www.lindenhausen.de\/blog\/reiseberichte-costa\/\"},{\"@type\":\"ListItem\",\"position\":3,\"name\":\"Kreuzfahrten 2019\",\"item\":\"http:\/\/www.lindenhausen.de\/blog\/reiseberichte-costa\/kreuzfahrten-2019\/\"},{\"@type\":\"ListItem\",\"position\":4,\"name\":\"Costa Magica-Karibik 2019\"}]},{\"@type\":\"WebSite\",\"@id\":\"https:\/\/www.lindenhausen.de\/blog\/#website\",\"url\":\"https:\/\/www.lindenhausen.de\/blog\/\",\"name\":\"Lindenhausen-weil Reisen Spa\u00df macht\",\"description\":\"Reisen und Kreuzfahrten, Reiseberichte, Kreuzfahrtforum\",\"potentialAction\":[{\"@type\":\"SearchAction\",\"target\":{\"@type\":\"EntryPoint\",\"urlTemplate\":\"https:\/\/www.lindenhausen.de\/blog\/?s={search_term_string}\"},\"query-input\":\"required name=search_term_string\"}],\"inLanguage\":\"de\"}]}<\/script>\n<!-- \/ Yoast SEO plugin. -->","yoast_head_json":{"title":"Costa Magica-Karibik 2019 - Lindenhausen-weil Reisen Spa\u00df macht","robots":{"index":"index","follow":"follow","max-snippet":"max-snippet:-1","max-image-preview":"max-image-preview:large","max-video-preview":"max-video-preview:-1"},"canonical":"http:\/\/www.lindenhausen.de\/blog\/reiseberichte-costa\/kreuzfahrten-2019\/costa-magica-karibik-2019\/","og_locale":"de_DE","og_type":"article","og_title":"Costa Magica-Karibik 2019 - Lindenhausen-weil Reisen Spa\u00df macht","og_description":"Anreise Das Nachdenken \u00fcber die Januar Reise begann fr\u00fch und dieses Mal gingen unsere Pl\u00e4ne verschiedene Wege. Milli wollte mit den \u201cKindern\u201c zum Skifahren nach Obertauern, ich mit der Costa Fortuna nach Shanghai. Beides zusammen w\u00e4re weit \u00fcber unserem Bugdet also musste ein Kompromiss her. Beim Suchen fiel mir die kleine Antillen Reise der Costa &hellip; Costa Magica-Karibik 2019 weiterlesen &rarr;","og_url":"http:\/\/www.lindenhausen.de\/blog\/reiseberichte-costa\/kreuzfahrten-2019\/costa-magica-karibik-2019\/","og_site_name":"Lindenhausen-weil Reisen Spa\u00df macht","article_publisher":"http:\/\/www.facebook.com\/Lindenhausen\/","article_modified_time":"2019-02-21T13:27:49+00:00","og_image":[{"url":"http:\/\/www.lindenhausen.de\/blog\/wp-content\/uploads\/2019\/02\/K800_IMG_0456-e1550734758854.jpg"}],"twitter_card":"summary_large_image","twitter_site":"@Maxilinde","twitter_misc":{"Gesch\u00e4tzte Lesezeit":"4\u00a0Minuten"},"schema":{"@context":"https:\/\/schema.org","@graph":[{"@type":"WebPage","@id":"http:\/\/www.lindenhausen.de\/blog\/reiseberichte-costa\/kreuzfahrten-2019\/costa-magica-karibik-2019\/","url":"http:\/\/www.lindenhausen.de\/blog\/reiseberichte-costa\/kreuzfahrten-2019\/costa-magica-karibik-2019\/","name":"Costa Magica-Karibik 2019 - Lindenhausen-weil Reisen Spa\u00df macht","isPartOf":{"@id":"https:\/\/www.lindenhausen.de\/blog\/#website"},"datePublished":"2019-02-21T09:02:57+00:00","dateModified":"2019-02-21T13:27:49+00:00","breadcrumb":{"@id":"http:\/\/www.lindenhausen.de\/blog\/reiseberichte-costa\/kreuzfahrten-2019\/costa-magica-karibik-2019\/#breadcrumb"},"inLanguage":"de","potentialAction":[{"@type":"ReadAction","target":["http:\/\/www.lindenhausen.de\/blog\/reiseberichte-costa\/kreuzfahrten-2019\/costa-magica-karibik-2019\/"]}]},{"@type":"BreadcrumbList","@id":"http:\/\/www.lindenhausen.de\/blog\/reiseberichte-costa\/kreuzfahrten-2019\/costa-magica-karibik-2019\/#breadcrumb","itemListElement":[{"@type":"ListItem","position":1,"name":"Startseite","item":"https:\/\/www.lindenhausen.de\/blog\/"},{"@type":"ListItem","position":2,"name":"Reiseberichte Costa Kreuzfahrten","item":"http:\/\/www.lindenhausen.de\/blog\/reiseberichte-costa\/"},{"@type":"ListItem","position":3,"name":"Kreuzfahrten 2019","item":"http:\/\/www.lindenhausen.de\/blog\/reiseberichte-costa\/kreuzfahrten-2019\/"},{"@type":"ListItem","position":4,"name":"Costa Magica-Karibik 2019"}]},{"@type":"WebSite","@id":"https:\/\/www.lindenhausen.de\/blog\/#website","url":"https:\/\/www.lindenhausen.de\/blog\/","name":"Lindenhausen-weil Reisen Spa\u00df macht","description":"Reisen und Kreuzfahrten, Reiseberichte, Kreuzfahrtforum","potentialAction":[{"@type":"SearchAction","target":{"@type":"EntryPoint","urlTemplate":"https:\/\/www.lindenhausen.de\/blog\/?s={search_term_string}"},"query-input":"required name=search_term_string"}],"inLanguage":"de"}]}},"_links":{"self":[{"href":"http:\/\/www.lindenhausen.de\/blog\/wp-json\/wp\/v2\/pages\/4356"}],"collection":[{"href":"http:\/\/www.lindenhausen.de\/blog\/wp-json\/wp\/v2\/pages"}],"about":[{"href":"http:\/\/www.lindenhausen.de\/blog\/wp-json\/wp\/v2\/types\/page"}],"author":[{"embeddable":true,"href":"http:\/\/www.lindenhausen.de\/blog\/wp-json\/wp\/v2\/users\/1"}],"replies":[{"embeddable":true,"href":"http:\/\/www.lindenhausen.de\/blog\/wp-json\/wp\/v2\/comments?post=4356"}],"version-history":[{"count":2,"href":"http:\/\/www.lindenhausen.de\/blog\/wp-json\/wp\/v2\/pages\/4356\/revisions"}],"predecessor-version":[{"id":4415,"href":"http:\/\/www.lindenhausen.de\/blog\/wp-json\/wp\/v2\/pages\/4356\/revisions\/4415"}],"up":[{"embeddable":true,"href":"http:\/\/www.lindenhausen.de\/blog\/wp-json\/wp\/v2\/pages\/4357"}],"wp:attachment":[{"href":"http:\/\/www.lindenhausen.de\/blog\/wp-json\/wp\/v2\/media?parent=4356"}],"curies":[{"name":"wp","href":"https:\/\/api.w.org\/{rel}","templated":true}]}}