{"id":3610,"date":"2018-01-27T13:59:02","date_gmt":"2018-01-27T12:59:02","guid":{"rendered":"http:\/\/www.lindenhausen.de\/blog\/?page_id=3610"},"modified":"2018-01-27T16:19:07","modified_gmt":"2018-01-27T15:19:07","slug":"see-tag-11-01-2018","status":"publish","type":"page","link":"http:\/\/www.lindenhausen.de\/blog\/reiseberichte-costa\/kreuzfahrten-2018\/wir-waren-dort-wo-der-pfeffer-waechst-epilog-09-01-2018\/see-tag-11-01-2018\/","title":{"rendered":"See Tag 11.01.2018"},"content":{"rendered":"<p>Ich wei\u00df nicht warum aber ich war zeitig wach.<\/p>\n<p>Also beschlossen wir im Restaurant zu fr\u00fchst\u00fccken, Maria umsorgte uns genauso gut und aufmerksam wie am Abend.<\/p>\n<p>Ich bin ja leider kein gro\u00dfer Fr\u00fchst\u00fccker und so blieb es bei ein wenig Lachs und danach Obst.<\/p>\n<p>Heute sollte es endlich an den \u201eWeihnachtsspeck\u201c gehen, nachdem ich seit Wochen keine Zeit f\u00fcr meine Pilateseinheiten hatte wollte ich wieder anfangen und aller Anfang ist schwer. Also schleppte ich mich schon ein wenig lustlos an Deck um ein ruhiges Pl\u00e4tzchen zu finden, wurde f\u00fcndig, fing an und bekam die ersten Regentropfen ab. Wir sind in der N\u00e4he der Malediven, das hatte ich nicht bestellt. Aber es tr\u00f6pfelte warm und sorgte daf\u00fcr das es nicht so hei\u00df war.<\/p>\n<p>Dann hatte ich die tolle Idee den Whirlpool zu entern, die hatten auch ein paar andere, womit wir nicht gerechnet hatten war das heftige Gewitter das uns nun erwischte, mit Windb\u00f6en die uns schlie\u00dflich aus dem Pool und unters Dach jagten. Unsere Freunde hatten was zu lachen denn wir sahen aus wie nasse Katzen.<\/p>\n<p>Also Cappuccino trinken, Duschen und ein ruhiges Pl\u00e4tzchen innen suchen um den Reisebericht zu tippen und Fotos zu sortieren.<\/p>\n<p>Die Costa neoClassica hat sie noch, die vielen Sitzpl\u00e4tze an Fenstern, zum Lesen, Karten spielen oder arbeiten.<\/p>\n<div id='gallery-1' class='gallery galleryid-3610 gallery-columns-2 gallery-size-medium'><figure class='gallery-item'>\n\t\t\t<div class='gallery-icon landscape'>\n\t\t\t\t<a href='http:\/\/www.lindenhausen.de\/blog\/reiseberichte-costa\/kreuzfahrten-2018\/wir-waren-dort-wo-der-pfeffer-waechst-epilog-09-01-2018\/see2-1\/'><img width=\"300\" height=\"225\" src=\"http:\/\/www.lindenhausen.de\/blog\/wp-content\/uploads\/2018\/01\/See2.1-e1517000822231-300x225.jpg\" class=\"attachment-medium size-medium\" alt=\"\" decoding=\"async\" loading=\"lazy\" srcset=\"http:\/\/www.lindenhausen.de\/blog\/wp-content\/uploads\/2018\/01\/See2.1-e1517000822231-300x225.jpg 300w, http:\/\/www.lindenhausen.de\/blog\/wp-content\/uploads\/2018\/01\/See2.1-e1517000822231-768x576.jpg 768w, http:\/\/www.lindenhausen.de\/blog\/wp-content\/uploads\/2018\/01\/See2.1-e1517000822231.jpg 800w\" sizes=\"(max-width: 300px) 100vw, 300px\" \/><\/a>\n\t\t\t<\/div><\/figure><figure class='gallery-item'>\n\t\t\t<div class='gallery-icon portrait'>\n\t\t\t\t<a href='http:\/\/www.lindenhausen.de\/blog\/reiseberichte-costa\/kreuzfahrten-2018\/wir-waren-dort-wo-der-pfeffer-waechst-epilog-09-01-2018\/see2-2\/'><img width=\"225\" height=\"300\" src=\"http:\/\/www.lindenhausen.de\/blog\/wp-content\/uploads\/2018\/01\/See2.2-e1517000805928-225x300.jpg\" class=\"attachment-medium size-medium\" alt=\"\" decoding=\"async\" loading=\"lazy\" srcset=\"http:\/\/www.lindenhausen.de\/blog\/wp-content\/uploads\/2018\/01\/See2.2-e1517000805928-225x300.jpg 225w, http:\/\/www.lindenhausen.de\/blog\/wp-content\/uploads\/2018\/01\/See2.2-e1517000805928.jpg 600w\" sizes=\"(max-width: 225px) 100vw, 225px\" \/><\/a>\n\t\t\t<\/div><\/figure>\n\t\t<\/div>\n\n<p>Das Mittagessen im Clubbereich war gut, es gab zwar kein Antipasti B\u00fcffet aber auf der Speisekarte fanden sich gen\u00fcgend Auswahlm\u00f6glichkeiten.<\/p>\n<p>Dann ein kurzer Mittagsschlaf, wir besuchten die 50ger Jahre Party am Pool Deck und setzten uns ein bisschen mit Freunden zusammen.<\/p>\n<p>Ich wurde f\u00fcndig ein, in Whats App sehr gefragter Italiener, hatte sein i-Phone am Tisch vergessen. Also ein erster Besuch an der Rezeption um das Handy abzugeben, hier sah ich eigentlich nie lange Schlagen und ich wartete keine Minute.<\/p>\n<p>F\u00fcr den Abend war rot schwarz angesagt, wir waren nach dem Essen m\u00fcde und entschieden uns in der Bar Positano noch ein wenig einem indischen Musiker zuzuh\u00f6ren, der recht chillige indisch angehauchte Musik machte.<\/p>\n<p>Da wir morgen fr\u00fch gleich den ersten oder zweiten Tender erwischen wollten gingen wir fr\u00fch schlafen.<\/p>\n<div id='gallery-2' class='gallery galleryid-3610 gallery-columns-5 gallery-size-medium'><figure class='gallery-item'>\n\t\t\t<div class='gallery-icon portrait'>\n\t\t\t\t<a href='http:\/\/www.lindenhausen.de\/blog\/reiseberichte-costa\/kreuzfahrten-2018\/wir-waren-dort-wo-der-pfeffer-waechst-epilog-09-01-2018\/see2-4\/'><img width=\"225\" height=\"300\" src=\"http:\/\/www.lindenhausen.de\/blog\/wp-content\/uploads\/2018\/01\/See2.4-e1517000757686-225x300.jpg\" class=\"attachment-medium size-medium\" alt=\"\" decoding=\"async\" loading=\"lazy\" srcset=\"http:\/\/www.lindenhausen.de\/blog\/wp-content\/uploads\/2018\/01\/See2.4-e1517000757686-225x300.jpg 225w, http:\/\/www.lindenhausen.de\/blog\/wp-content\/uploads\/2018\/01\/See2.4-e1517000757686.jpg 600w\" sizes=\"(max-width: 225px) 100vw, 225px\" \/><\/a>\n\t\t\t<\/div><\/figure><figure class='gallery-item'>\n\t\t\t<div class='gallery-icon landscape'>\n\t\t\t\t<a href='http:\/\/www.lindenhausen.de\/blog\/reiseberichte-costa\/kreuzfahrten-2018\/wir-waren-dort-wo-der-pfeffer-waechst-epilog-09-01-2018\/see2-5\/'><img width=\"300\" height=\"225\" src=\"http:\/\/www.lindenhausen.de\/blog\/wp-content\/uploads\/2018\/01\/See2.5-e1517000739523-300x225.jpg\" class=\"attachment-medium size-medium\" alt=\"\" decoding=\"async\" loading=\"lazy\" srcset=\"http:\/\/www.lindenhausen.de\/blog\/wp-content\/uploads\/2018\/01\/See2.5-e1517000739523-300x225.jpg 300w, http:\/\/www.lindenhausen.de\/blog\/wp-content\/uploads\/2018\/01\/See2.5-e1517000739523-768x576.jpg 768w, http:\/\/www.lindenhausen.de\/blog\/wp-content\/uploads\/2018\/01\/See2.5-e1517000739523.jpg 800w\" sizes=\"(max-width: 300px) 100vw, 300px\" \/><\/a>\n\t\t\t<\/div><\/figure><figure class='gallery-item'>\n\t\t\t<div class='gallery-icon portrait'>\n\t\t\t\t<a href='http:\/\/www.lindenhausen.de\/blog\/reiseberichte-costa\/kreuzfahrten-2018\/wir-waren-dort-wo-der-pfeffer-waechst-epilog-09-01-2018\/see3-1\/'><img width=\"169\" height=\"300\" src=\"http:\/\/www.lindenhausen.de\/blog\/wp-content\/uploads\/2018\/01\/See3.1-e1517000669719-169x300.jpg\" class=\"attachment-medium size-medium\" alt=\"\" decoding=\"async\" loading=\"lazy\" srcset=\"http:\/\/www.lindenhausen.de\/blog\/wp-content\/uploads\/2018\/01\/See3.1-e1517000669719-169x300.jpg 169w, http:\/\/www.lindenhausen.de\/blog\/wp-content\/uploads\/2018\/01\/See3.1-e1517000669719-576x1024.jpg 576w, http:\/\/www.lindenhausen.de\/blog\/wp-content\/uploads\/2018\/01\/See3.1-e1517000669719.jpg 600w\" sizes=\"(max-width: 169px) 100vw, 169px\" \/><\/a>\n\t\t\t<\/div><\/figure><figure class='gallery-item'>\n\t\t\t<div class='gallery-icon portrait'>\n\t\t\t\t<a href='http:\/\/www.lindenhausen.de\/blog\/reiseberichte-costa\/kreuzfahrten-2018\/wir-waren-dort-wo-der-pfeffer-waechst-epilog-09-01-2018\/see2-6\/'><img width=\"169\" height=\"300\" src=\"http:\/\/www.lindenhausen.de\/blog\/wp-content\/uploads\/2018\/01\/see2.6-e1517000722200-169x300.jpg\" class=\"attachment-medium size-medium\" alt=\"\" decoding=\"async\" loading=\"lazy\" srcset=\"http:\/\/www.lindenhausen.de\/blog\/wp-content\/uploads\/2018\/01\/see2.6-e1517000722200-169x300.jpg 169w, http:\/\/www.lindenhausen.de\/blog\/wp-content\/uploads\/2018\/01\/see2.6-e1517000722200-576x1024.jpg 576w, http:\/\/www.lindenhausen.de\/blog\/wp-content\/uploads\/2018\/01\/see2.6-e1517000722200.jpg 600w\" sizes=\"(max-width: 169px) 100vw, 169px\" \/><\/a>\n\t\t\t<\/div><\/figure><figure class='gallery-item'>\n\t\t\t<div class='gallery-icon landscape'>\n\t\t\t\t<a href='http:\/\/www.lindenhausen.de\/blog\/reiseberichte-costa\/kreuzfahrten-2018\/wir-waren-dort-wo-der-pfeffer-waechst-epilog-09-01-2018\/see3-2\/'><img width=\"300\" height=\"225\" src=\"http:\/\/www.lindenhausen.de\/blog\/wp-content\/uploads\/2018\/01\/See3.2-e1517000646800-300x225.jpg\" class=\"attachment-medium size-medium\" alt=\"\" decoding=\"async\" loading=\"lazy\" srcset=\"http:\/\/www.lindenhausen.de\/blog\/wp-content\/uploads\/2018\/01\/See3.2-e1517000646800-300x225.jpg 300w, http:\/\/www.lindenhausen.de\/blog\/wp-content\/uploads\/2018\/01\/See3.2-e1517000646800-768x576.jpg 768w, http:\/\/www.lindenhausen.de\/blog\/wp-content\/uploads\/2018\/01\/See3.2-e1517000646800.jpg 800w\" sizes=\"(max-width: 300px) 100vw, 300px\" \/><\/a>\n\t\t\t<\/div><\/figure>\n\t\t<\/div>\n\n<p><a href=\"http:\/\/www.lindenhausen.de\/blog\/reiseberichte-costa\/kreuzfahrten-2018\/wir-waren-dort-wo-der-pfeffer-waechst-epilog-09-01-2018\/vadoo-island-freitag-12-01-2018\/\">weiter<\/a><\/p>\n","protected":false},"excerpt":{"rendered":"<p>Ich wei\u00df nicht warum aber ich war zeitig wach. Also beschlossen wir im Restaurant zu fr\u00fchst\u00fccken, Maria umsorgte uns genauso gut und aufmerksam wie am Abend. Ich bin ja leider kein gro\u00dfer Fr\u00fchst\u00fccker und so blieb es bei ein wenig Lachs und danach Obst. Heute sollte es endlich an den \u201eWeihnachtsspeck\u201c gehen, nachdem ich seit &hellip; <a href=\"http:\/\/www.lindenhausen.de\/blog\/reiseberichte-costa\/kreuzfahrten-2018\/wir-waren-dort-wo-der-pfeffer-waechst-epilog-09-01-2018\/see-tag-11-01-2018\/\" class=\"more-link\"><span class=\"screen-reader-text\">See Tag 11.01.2018<\/span> weiterlesen <span class=\"meta-nav\">&rarr;<\/span><\/a><\/p>\n","protected":false},"author":1,"featured_media":0,"parent":3257,"menu_order":7,"comment_status":"closed","ping_status":"closed","template":"","meta":{"_monsterinsights_skip_tracking":false,"_monsterinsights_sitenote_active":false,"_monsterinsights_sitenote_note":"","_monsterinsights_sitenote_category":0},"yoast_head":"<!-- This site is optimized with the Yoast SEO plugin v21.0 - https:\/\/yoast.com\/wordpress\/plugins\/seo\/ -->\n<title>See Tag 11.01.2018 - Lindenhausen-weil Reisen Spa\u00df macht<\/title>\n<meta name=\"robots\" content=\"index, follow, max-snippet:-1, max-image-preview:large, max-video-preview:-1\" \/>\n<link rel=\"canonical\" href=\"http:\/\/www.lindenhausen.de\/blog\/reiseberichte-costa\/kreuzfahrten-2018\/wir-waren-dort-wo-der-pfeffer-waechst-epilog-09-01-2018\/see-tag-11-01-2018\/\" \/>\n<meta property=\"og:locale\" content=\"de_DE\" \/>\n<meta property=\"og:type\" content=\"article\" \/>\n<meta property=\"og:title\" content=\"See Tag 11.01.2018 - Lindenhausen-weil Reisen Spa\u00df macht\" \/>\n<meta property=\"og:description\" content=\"Ich wei\u00df nicht warum aber ich war zeitig wach. Also beschlossen wir im Restaurant zu fr\u00fchst\u00fccken, Maria umsorgte uns genauso gut und aufmerksam wie am Abend. Ich bin ja leider kein gro\u00dfer Fr\u00fchst\u00fccker und so blieb es bei ein wenig Lachs und danach Obst. Heute sollte es endlich an den \u201eWeihnachtsspeck\u201c gehen, nachdem ich seit &hellip; See Tag 11.01.2018 weiterlesen &rarr;\" \/>\n<meta property=\"og:url\" content=\"http:\/\/www.lindenhausen.de\/blog\/reiseberichte-costa\/kreuzfahrten-2018\/wir-waren-dort-wo-der-pfeffer-waechst-epilog-09-01-2018\/see-tag-11-01-2018\/\" \/>\n<meta property=\"og:site_name\" content=\"Lindenhausen-weil Reisen Spa\u00df macht\" \/>\n<meta property=\"article:publisher\" content=\"http:\/\/www.facebook.com\/Lindenhausen\/\" \/>\n<meta property=\"article:modified_time\" content=\"2018-01-27T15:19:07+00:00\" \/>\n<meta property=\"og:image\" content=\"http:\/\/www.lindenhausen.de\/blog\/wp-content\/uploads\/2018\/01\/See2.1-e1517000822231-300x225.jpg\" \/>\n<meta name=\"twitter:card\" content=\"summary_large_image\" \/>\n<meta name=\"twitter:site\" content=\"@Maxilinde\" \/>\n<meta name=\"twitter:label1\" content=\"Gesch\u00e4tzte Lesezeit\" \/>\n\t<meta name=\"twitter:data1\" content=\"2\u00a0Minuten\" \/>\n<script type=\"application\/ld+json\" class=\"yoast-schema-graph\">{\"@context\":\"https:\/\/schema.org\",\"@graph\":[{\"@type\":\"WebPage\",\"@id\":\"http:\/\/www.lindenhausen.de\/blog\/reiseberichte-costa\/kreuzfahrten-2018\/wir-waren-dort-wo-der-pfeffer-waechst-epilog-09-01-2018\/see-tag-11-01-2018\/\",\"url\":\"http:\/\/www.lindenhausen.de\/blog\/reiseberichte-costa\/kreuzfahrten-2018\/wir-waren-dort-wo-der-pfeffer-waechst-epilog-09-01-2018\/see-tag-11-01-2018\/\",\"name\":\"See Tag 11.01.2018 - Lindenhausen-weil Reisen Spa\u00df macht\",\"isPartOf\":{\"@id\":\"https:\/\/www.lindenhausen.de\/blog\/#website\"},\"datePublished\":\"2018-01-27T12:59:02+00:00\",\"dateModified\":\"2018-01-27T15:19:07+00:00\",\"breadcrumb\":{\"@id\":\"http:\/\/www.lindenhausen.de\/blog\/reiseberichte-costa\/kreuzfahrten-2018\/wir-waren-dort-wo-der-pfeffer-waechst-epilog-09-01-2018\/see-tag-11-01-2018\/#breadcrumb\"},\"inLanguage\":\"de\",\"potentialAction\":[{\"@type\":\"ReadAction\",\"target\":[\"http:\/\/www.lindenhausen.de\/blog\/reiseberichte-costa\/kreuzfahrten-2018\/wir-waren-dort-wo-der-pfeffer-waechst-epilog-09-01-2018\/see-tag-11-01-2018\/\"]}]},{\"@type\":\"BreadcrumbList\",\"@id\":\"http:\/\/www.lindenhausen.de\/blog\/reiseberichte-costa\/kreuzfahrten-2018\/wir-waren-dort-wo-der-pfeffer-waechst-epilog-09-01-2018\/see-tag-11-01-2018\/#breadcrumb\",\"itemListElement\":[{\"@type\":\"ListItem\",\"position\":1,\"name\":\"Startseite\",\"item\":\"https:\/\/www.lindenhausen.de\/blog\/\"},{\"@type\":\"ListItem\",\"position\":2,\"name\":\"Reiseberichte Costa Kreuzfahrten\",\"item\":\"http:\/\/www.lindenhausen.de\/blog\/reiseberichte-costa\/\"},{\"@type\":\"ListItem\",\"position\":3,\"name\":\"Kreuzfahrten 2018\",\"item\":\"http:\/\/www.lindenhausen.de\/blog\/reiseberichte-costa\/kreuzfahrten-2018\/\"},{\"@type\":\"ListItem\",\"position\":4,\"name\":\"Wir waren dort wo der Pfeffer w\u00e4chst\u2026\u2026 Epilog-09.01.2018\",\"item\":\"http:\/\/www.lindenhausen.de\/blog\/reiseberichte-costa\/kreuzfahrten-2018\/wir-waren-dort-wo-der-pfeffer-waechst-epilog-09-01-2018\/\"},{\"@type\":\"ListItem\",\"position\":5,\"name\":\"See Tag 11.01.2018\"}]},{\"@type\":\"WebSite\",\"@id\":\"https:\/\/www.lindenhausen.de\/blog\/#website\",\"url\":\"https:\/\/www.lindenhausen.de\/blog\/\",\"name\":\"Lindenhausen-weil Reisen Spa\u00df macht\",\"description\":\"Reisen und Kreuzfahrten, Reiseberichte, Kreuzfahrtforum\",\"potentialAction\":[{\"@type\":\"SearchAction\",\"target\":{\"@type\":\"EntryPoint\",\"urlTemplate\":\"https:\/\/www.lindenhausen.de\/blog\/?s={search_term_string}\"},\"query-input\":\"required name=search_term_string\"}],\"inLanguage\":\"de\"}]}<\/script>\n<!-- \/ Yoast SEO plugin. -->","yoast_head_json":{"title":"See Tag 11.01.2018 - Lindenhausen-weil Reisen Spa\u00df macht","robots":{"index":"index","follow":"follow","max-snippet":"max-snippet:-1","max-image-preview":"max-image-preview:large","max-video-preview":"max-video-preview:-1"},"canonical":"http:\/\/www.lindenhausen.de\/blog\/reiseberichte-costa\/kreuzfahrten-2018\/wir-waren-dort-wo-der-pfeffer-waechst-epilog-09-01-2018\/see-tag-11-01-2018\/","og_locale":"de_DE","og_type":"article","og_title":"See Tag 11.01.2018 - Lindenhausen-weil Reisen Spa\u00df macht","og_description":"Ich wei\u00df nicht warum aber ich war zeitig wach. Also beschlossen wir im Restaurant zu fr\u00fchst\u00fccken, Maria umsorgte uns genauso gut und aufmerksam wie am Abend. Ich bin ja leider kein gro\u00dfer Fr\u00fchst\u00fccker und so blieb es bei ein wenig Lachs und danach Obst. Heute sollte es endlich an den \u201eWeihnachtsspeck\u201c gehen, nachdem ich seit &hellip; See Tag 11.01.2018 weiterlesen &rarr;","og_url":"http:\/\/www.lindenhausen.de\/blog\/reiseberichte-costa\/kreuzfahrten-2018\/wir-waren-dort-wo-der-pfeffer-waechst-epilog-09-01-2018\/see-tag-11-01-2018\/","og_site_name":"Lindenhausen-weil Reisen Spa\u00df macht","article_publisher":"http:\/\/www.facebook.com\/Lindenhausen\/","article_modified_time":"2018-01-27T15:19:07+00:00","og_image":[{"url":"http:\/\/www.lindenhausen.de\/blog\/wp-content\/uploads\/2018\/01\/See2.1-e1517000822231-300x225.jpg"}],"twitter_card":"summary_large_image","twitter_site":"@Maxilinde","twitter_misc":{"Gesch\u00e4tzte Lesezeit":"2\u00a0Minuten"},"schema":{"@context":"https:\/\/schema.org","@graph":[{"@type":"WebPage","@id":"http:\/\/www.lindenhausen.de\/blog\/reiseberichte-costa\/kreuzfahrten-2018\/wir-waren-dort-wo-der-pfeffer-waechst-epilog-09-01-2018\/see-tag-11-01-2018\/","url":"http:\/\/www.lindenhausen.de\/blog\/reiseberichte-costa\/kreuzfahrten-2018\/wir-waren-dort-wo-der-pfeffer-waechst-epilog-09-01-2018\/see-tag-11-01-2018\/","name":"See Tag 11.01.2018 - Lindenhausen-weil Reisen Spa\u00df macht","isPartOf":{"@id":"https:\/\/www.lindenhausen.de\/blog\/#website"},"datePublished":"2018-01-27T12:59:02+00:00","dateModified":"2018-01-27T15:19:07+00:00","breadcrumb":{"@id":"http:\/\/www.lindenhausen.de\/blog\/reiseberichte-costa\/kreuzfahrten-2018\/wir-waren-dort-wo-der-pfeffer-waechst-epilog-09-01-2018\/see-tag-11-01-2018\/#breadcrumb"},"inLanguage":"de","potentialAction":[{"@type":"ReadAction","target":["http:\/\/www.lindenhausen.de\/blog\/reiseberichte-costa\/kreuzfahrten-2018\/wir-waren-dort-wo-der-pfeffer-waechst-epilog-09-01-2018\/see-tag-11-01-2018\/"]}]},{"@type":"BreadcrumbList","@id":"http:\/\/www.lindenhausen.de\/blog\/reiseberichte-costa\/kreuzfahrten-2018\/wir-waren-dort-wo-der-pfeffer-waechst-epilog-09-01-2018\/see-tag-11-01-2018\/#breadcrumb","itemListElement":[{"@type":"ListItem","position":1,"name":"Startseite","item":"https:\/\/www.lindenhausen.de\/blog\/"},{"@type":"ListItem","position":2,"name":"Reiseberichte Costa Kreuzfahrten","item":"http:\/\/www.lindenhausen.de\/blog\/reiseberichte-costa\/"},{"@type":"ListItem","position":3,"name":"Kreuzfahrten 2018","item":"http:\/\/www.lindenhausen.de\/blog\/reiseberichte-costa\/kreuzfahrten-2018\/"},{"@type":"ListItem","position":4,"name":"Wir waren dort wo der Pfeffer w\u00e4chst\u2026\u2026 Epilog-09.01.2018","item":"http:\/\/www.lindenhausen.de\/blog\/reiseberichte-costa\/kreuzfahrten-2018\/wir-waren-dort-wo-der-pfeffer-waechst-epilog-09-01-2018\/"},{"@type":"ListItem","position":5,"name":"See Tag 11.01.2018"}]},{"@type":"WebSite","@id":"https:\/\/www.lindenhausen.de\/blog\/#website","url":"https:\/\/www.lindenhausen.de\/blog\/","name":"Lindenhausen-weil Reisen Spa\u00df macht","description":"Reisen und Kreuzfahrten, Reiseberichte, Kreuzfahrtforum","potentialAction":[{"@type":"SearchAction","target":{"@type":"EntryPoint","urlTemplate":"https:\/\/www.lindenhausen.de\/blog\/?s={search_term_string}"},"query-input":"required name=search_term_string"}],"inLanguage":"de"}]}},"_links":{"self":[{"href":"http:\/\/www.lindenhausen.de\/blog\/wp-json\/wp\/v2\/pages\/3610"}],"collection":[{"href":"http:\/\/www.lindenhausen.de\/blog\/wp-json\/wp\/v2\/pages"}],"about":[{"href":"http:\/\/www.lindenhausen.de\/blog\/wp-json\/wp\/v2\/types\/page"}],"author":[{"embeddable":true,"href":"http:\/\/www.lindenhausen.de\/blog\/wp-json\/wp\/v2\/users\/1"}],"replies":[{"embeddable":true,"href":"http:\/\/www.lindenhausen.de\/blog\/wp-json\/wp\/v2\/comments?post=3610"}],"version-history":[{"count":2,"href":"http:\/\/www.lindenhausen.de\/blog\/wp-json\/wp\/v2\/pages\/3610\/revisions"}],"predecessor-version":[{"id":3651,"href":"http:\/\/www.lindenhausen.de\/blog\/wp-json\/wp\/v2\/pages\/3610\/revisions\/3651"}],"up":[{"embeddable":true,"href":"http:\/\/www.lindenhausen.de\/blog\/wp-json\/wp\/v2\/pages\/3257"}],"wp:attachment":[{"href":"http:\/\/www.lindenhausen.de\/blog\/wp-json\/wp\/v2\/media?parent=3610"}],"curies":[{"name":"wp","href":"https:\/\/api.w.org\/{rel}","templated":true}]}}