{"id":3226,"date":"2018-01-03T23:36:25","date_gmt":"2018-01-03T22:36:25","guid":{"rendered":"http:\/\/www.lindenhausen.de\/blog\/?page_id=3226"},"modified":"2018-01-04T00:05:08","modified_gmt":"2018-01-03T23:05:08","slug":"la-spezia","status":"publish","type":"page","link":"http:\/\/www.lindenhausen.de\/blog\/reiseberichte-costa\/kreuzfahrten-2017\/costa-diadema-1017-barcelona\/la-spezia\/","title":{"rendered":"La Spezia"},"content":{"rendered":"<p>Freitag 13.10.2017 La Spezia<\/p>\n<p>&nbsp;<\/p>\n<p>Nach dem anstrengenden Rom Tag hatten wir f\u00fcr heute nicht viel geplant.<\/p>\n<p>Freitag der 13. schlug zu als ich meinen Rucksack schlie\u00dfen wollte, der Rei\u00dfverschluss verabschiedete sich.<\/p>\n<p>Also war der geplante Stadtbummel gerade recht.<\/p>\n<p>In La Spezia f\u00e4hrt ein kostenloser Shuttlebus bis zum Stadtzentrum, von dort starten dann auch die Ausfl\u00fcge nach Florenz und Pisa sowie Chinque Terre.<\/p>\n<p>Wenn man am Wasser entlang l\u00e4uft hat man einen sch\u00f6nen Blick auf die Costa Diadema und es sind wundersch\u00f6ne Gr\u00fcnanlagen dort.<\/p>\n<p>La Spezia ist recht preiswert und der Wochenmarkt in der Innenstadt l\u00e4dt zum Bummeln und Verweilen ein.<\/p>\n<p>Au\u00dferdem fanden wir einen Laden mit g\u00fcnstigen Handyzubeh\u00f6r und auch einen h\u00fcbschen Rucksack konnte ich erstehen.<\/p>\n<p>Das Kofferproblem vom ersten Tag schoben wir in weite Ferne.<\/p>\n<div id='gallery-1' class='gallery galleryid-3226 gallery-columns-3 gallery-size-thumbnail'><figure class='gallery-item'>\n\t\t\t<div class='gallery-icon landscape'>\n\t\t\t\t<a href='http:\/\/www.lindenhausen.de\/blog\/costa-diadema-102017\/k800_djrl6581-3-344\/'><img width=\"150\" height=\"150\" src=\"http:\/\/www.lindenhausen.de\/blog\/wp-content\/uploads\/2018\/01\/K800_DJRL6581-3-344-150x150.jpg\" class=\"attachment-thumbnail size-thumbnail\" alt=\"\" decoding=\"async\" loading=\"lazy\" \/><\/a>\n\t\t\t<\/div><\/figure><figure class='gallery-item'>\n\t\t\t<div class='gallery-icon portrait'>\n\t\t\t\t<a href='http:\/\/www.lindenhausen.de\/blog\/costa-diadema-102017\/k800_djrl6581-3-345\/'><img width=\"150\" height=\"150\" src=\"http:\/\/www.lindenhausen.de\/blog\/wp-content\/uploads\/2018\/01\/K800_DJRL6581-3-345-e1514933702530-150x150.jpg\" class=\"attachment-thumbnail size-thumbnail\" alt=\"\" decoding=\"async\" loading=\"lazy\" \/><\/a>\n\t\t\t<\/div><\/figure><figure class='gallery-item'>\n\t\t\t<div class='gallery-icon landscape'>\n\t\t\t\t<a href='http:\/\/www.lindenhausen.de\/blog\/costa-diadema-102017\/k800_djrl6581-3-356\/'><img width=\"150\" height=\"150\" src=\"http:\/\/www.lindenhausen.de\/blog\/wp-content\/uploads\/2018\/01\/K800_DJRL6581-3-356-e1514933720256-150x150.jpg\" class=\"attachment-thumbnail size-thumbnail\" alt=\"\" decoding=\"async\" loading=\"lazy\" \/><\/a>\n\t\t\t<\/div><\/figure><figure class='gallery-item'>\n\t\t\t<div class='gallery-icon portrait'>\n\t\t\t\t<a href='http:\/\/www.lindenhausen.de\/blog\/costa-diadema-102017\/k800_drey3357-2-124\/'><img width=\"150\" height=\"150\" src=\"http:\/\/www.lindenhausen.de\/blog\/wp-content\/uploads\/2018\/01\/K800_DREY3357-2-124-e1514933248701-150x150.jpg\" class=\"attachment-thumbnail size-thumbnail\" alt=\"\" decoding=\"async\" loading=\"lazy\" \/><\/a>\n\t\t\t<\/div><\/figure><figure class='gallery-item'>\n\t\t\t<div class='gallery-icon landscape'>\n\t\t\t\t<a href='http:\/\/www.lindenhausen.de\/blog\/costa-diadema-102017\/k800_drey3357-2-126\/'><img width=\"150\" height=\"150\" src=\"http:\/\/www.lindenhausen.de\/blog\/wp-content\/uploads\/2018\/01\/K800_DREY3357-2-126-e1514933206326-150x150.jpg\" class=\"attachment-thumbnail size-thumbnail\" alt=\"\" decoding=\"async\" loading=\"lazy\" \/><\/a>\n\t\t\t<\/div><\/figure><figure class='gallery-item'>\n\t\t\t<div class='gallery-icon landscape'>\n\t\t\t\t<a href='http:\/\/www.lindenhausen.de\/blog\/costa-diadema-102017\/k800_img_0096-1-221\/'><img width=\"150\" height=\"150\" src=\"http:\/\/www.lindenhausen.de\/blog\/wp-content\/uploads\/2018\/01\/K800_IMG_0096-1-221-e1514932041818-150x150.jpg\" class=\"attachment-thumbnail size-thumbnail\" alt=\"\" decoding=\"async\" loading=\"lazy\" \/><\/a>\n\t\t\t<\/div><\/figure><figure class='gallery-item'>\n\t\t\t<div class='gallery-icon portrait'>\n\t\t\t\t<a href='http:\/\/www.lindenhausen.de\/blog\/costa-diadema-102017\/k800_img_0096-1-220\/'><img width=\"150\" height=\"150\" src=\"http:\/\/www.lindenhausen.de\/blog\/wp-content\/uploads\/2018\/01\/K800_IMG_0096-1-220-e1514932081160-150x150.jpg\" class=\"attachment-thumbnail size-thumbnail\" alt=\"\" decoding=\"async\" loading=\"lazy\" \/><\/a>\n\t\t\t<\/div><\/figure><figure class='gallery-item'>\n\t\t\t<div class='gallery-icon landscape'>\n\t\t\t\t<a href='http:\/\/www.lindenhausen.de\/blog\/costa-diadema-102017\/k800_img_0096-1-158\/'><img width=\"150\" height=\"150\" src=\"http:\/\/www.lindenhausen.de\/blog\/wp-content\/uploads\/2018\/01\/K800_IMG_0096-1-158-e1514932112140-150x150.jpg\" class=\"attachment-thumbnail size-thumbnail\" alt=\"\" decoding=\"async\" loading=\"lazy\" \/><\/a>\n\t\t\t<\/div><\/figure><figure class='gallery-item'>\n\t\t\t<div class='gallery-icon landscape'>\n\t\t\t\t<a href='http:\/\/www.lindenhausen.de\/blog\/costa-diadema-102017\/k800_img_0096-1-153\/'><img width=\"150\" height=\"150\" src=\"http:\/\/www.lindenhausen.de\/blog\/wp-content\/uploads\/2018\/01\/K800_IMG_0096-1-153-e1514932141853-150x150.jpg\" class=\"attachment-thumbnail size-thumbnail\" alt=\"\" decoding=\"async\" loading=\"lazy\" \/><\/a>\n\t\t\t<\/div><\/figure>\n\t\t<\/div>\n\n<p>An Bord zur\u00fcck gekommen hatten wir eine Nachricht vom Ausflugsb\u00fcro, also hingegangen, in die lange Schlange eingereiht um dann zu h\u00f6ren das der f\u00fcr Monaco gebuchte Ausflug nicht auf Deutsch verf\u00fcgbar sei. Gut, dann umbuchen auf Englisch. Da ich den Ausflug gebucht hatte machte ich darauf aufmerksam, dass die neue Buchung bitte auch auf meine Karte gebucht wird, jaja\u2026\u2026\u2026das war dann am Abreisetag auch wieder \u00e4rgerlich.<\/p>\n<p>F\u00fcr den Nachmittag hatten wir das Spa gebucht, die richtige Entscheidung bei dem Wetter denn auf der Diadema hat der Spa auch einen Au\u00dfenbereich mit Whirlpool, Liegen und Barservice.<\/p>\n<p>Dann besuchten wir die Sauna, die Dampfsauna war leider geschlossen, schade. Im Wintergarten wollte ich dann einen Tee genie\u00dfen, \u00fcberall stand gebrauchtes Geschirr, frisches war nicht zu finden und auf meine Frage bei den Damen am Servicepoint hie\u00df es ich soll einfach mal in den Schr\u00e4nken suchen.<\/p>\n<p>Ich war negativ erstaunt, soviel ist doch in diesem Bereich nicht los und Wohlf\u00fchlatmosph\u00e4re sieht dann doch anders aus.<\/p>\n<p>Der Spa Bereich selber ist wundersch\u00f6n und wird durch das Au\u00dfendeck noch aufgewertet.<\/p>\n<div id='gallery-2' class='gallery galleryid-3226 gallery-columns-3 gallery-size-thumbnail'><figure class='gallery-item'>\n\t\t\t<div class='gallery-icon portrait'>\n\t\t\t\t<a href='http:\/\/www.lindenhausen.de\/blog\/costa-diadema-102017\/k800_img_0096-1-239\/'><img width=\"150\" height=\"150\" src=\"http:\/\/www.lindenhausen.de\/blog\/wp-content\/uploads\/2018\/01\/K800_IMG_0096-1-239-e1514931976228-150x150.jpg\" class=\"attachment-thumbnail size-thumbnail\" alt=\"\" decoding=\"async\" loading=\"lazy\" \/><\/a>\n\t\t\t<\/div><\/figure><figure class='gallery-item'>\n\t\t\t<div class='gallery-icon portrait'>\n\t\t\t\t<a href='http:\/\/www.lindenhausen.de\/blog\/costa-diadema-102017\/k800_img_0096-1-241\/'><img width=\"150\" height=\"150\" src=\"http:\/\/www.lindenhausen.de\/blog\/wp-content\/uploads\/2018\/01\/K800_IMG_0096-1-241-e1514931940295-150x150.jpg\" class=\"attachment-thumbnail size-thumbnail\" alt=\"\" decoding=\"async\" loading=\"lazy\" \/><\/a>\n\t\t\t<\/div><\/figure><figure class='gallery-item'>\n\t\t\t<div class='gallery-icon portrait'>\n\t\t\t\t<a href='http:\/\/www.lindenhausen.de\/blog\/costa-diadema-102017\/k800_img_0096-1-244\/'><img width=\"150\" height=\"150\" src=\"http:\/\/www.lindenhausen.de\/blog\/wp-content\/uploads\/2018\/01\/K800_IMG_0096-1-244-e1514931836654-150x150.jpg\" class=\"attachment-thumbnail size-thumbnail\" alt=\"\" decoding=\"async\" loading=\"lazy\" \/><\/a>\n\t\t\t<\/div><\/figure><figure class='gallery-item'>\n\t\t\t<div class='gallery-icon landscape'>\n\t\t\t\t<a href='http:\/\/www.lindenhausen.de\/blog\/costa-diadema-102017\/k800_img_0096-1-253\/'><img width=\"150\" height=\"150\" src=\"http:\/\/www.lindenhausen.de\/blog\/wp-content\/uploads\/2018\/01\/K800_IMG_0096-1-253-e1514931744614-150x150.jpg\" class=\"attachment-thumbnail size-thumbnail\" alt=\"\" decoding=\"async\" loading=\"lazy\" \/><\/a>\n\t\t\t<\/div><\/figure><figure class='gallery-item'>\n\t\t\t<div class='gallery-icon portrait'>\n\t\t\t\t<a href='http:\/\/www.lindenhausen.de\/blog\/costa-diadema-102017\/k800_img_0096-1-256\/'><img width=\"150\" height=\"150\" src=\"http:\/\/www.lindenhausen.de\/blog\/wp-content\/uploads\/2018\/01\/K800_IMG_0096-1-256-e1514931715756-150x150.jpg\" class=\"attachment-thumbnail size-thumbnail\" alt=\"\" decoding=\"async\" loading=\"lazy\" \/><\/a>\n\t\t\t<\/div><\/figure><figure class='gallery-item'>\n\t\t\t<div class='gallery-icon portrait'>\n\t\t\t\t<a href='http:\/\/www.lindenhausen.de\/blog\/costa-diadema-102017\/k800_img_0096-1-267\/'><img width=\"150\" height=\"150\" src=\"http:\/\/www.lindenhausen.de\/blog\/wp-content\/uploads\/2018\/01\/K800_IMG_0096-1-267-e1514931692495-150x150.jpg\" class=\"attachment-thumbnail size-thumbnail\" alt=\"\" decoding=\"async\" loading=\"lazy\" \/><\/a>\n\t\t\t<\/div><\/figure>\n\t\t<\/div>\n\n<p>Amit hatte uns f\u00fcr den Abend das Teppanyiaki Restaurant reserviert und nach einem Blick auf die Speisekarte entschieden wir uns f\u00fcr das teuerste Men\u00fc-ich kann schon vorab sagen: das hat sich gelohnt.<\/p>\n<p>Wir waren bei uns am Tisch eine bunt gemischte Gruppe, Arabisch\/Deutsch\/Russisch und Italienisch, mit Englisch ging das ganz gut. Unser Koch war gut drauf, machte viel Spa\u00df und verstand sein Handwerk. Wir haben Ihn nach unserer Reise auch im Costa Club Magazin entdeckt.<\/p>\n<p>Der Service war ausgezeichnet, da das Clubrestaurant gegen\u00fcber liegt wurde uns auch der Wein von dort geholt, genau der den wir f\u00fcr uns entdeckt hatten.<\/p>\n<p>Und auch etwas was mir bei Costa immer wieder positiv auff\u00e4llt: Gl\u00e4ser, Teller, Bestecke und hier zum Beispiel die Tischsets sind immer hochwertig, wenn man dann mal googelt ist man erstaunt welche Preise da aufgerufen werden.<\/p>\n<div id='gallery-3' class='gallery galleryid-3226 gallery-columns-3 gallery-size-thumbnail'><figure class='gallery-item'>\n\t\t\t<div class='gallery-icon landscape'>\n\t\t\t\t<a href='http:\/\/www.lindenhausen.de\/blog\/costa-diadema-102017\/k800_djrl6581-3-403\/'><img width=\"150\" height=\"150\" src=\"http:\/\/www.lindenhausen.de\/blog\/wp-content\/uploads\/2018\/01\/K800_DJRL6581-3-403-150x150.jpg\" class=\"attachment-thumbnail size-thumbnail\" alt=\"\" decoding=\"async\" loading=\"lazy\" \/><\/a>\n\t\t\t<\/div><\/figure><figure class='gallery-item'>\n\t\t\t<div class='gallery-icon landscape'>\n\t\t\t\t<a href='http:\/\/www.lindenhausen.de\/blog\/costa-diadema-102017\/k800_djrl6581-3-405\/'><img width=\"150\" height=\"150\" src=\"http:\/\/www.lindenhausen.de\/blog\/wp-content\/uploads\/2018\/01\/K800_DJRL6581-3-405-150x150.jpg\" class=\"attachment-thumbnail size-thumbnail\" alt=\"\" decoding=\"async\" loading=\"lazy\" \/><\/a>\n\t\t\t<\/div><\/figure><figure class='gallery-item'>\n\t\t\t<div class='gallery-icon portrait'>\n\t\t\t\t<a href='http:\/\/www.lindenhausen.de\/blog\/costa-diadema-102017\/k800_img_0096-1-280\/'><img width=\"150\" height=\"150\" src=\"http:\/\/www.lindenhausen.de\/blog\/wp-content\/uploads\/2018\/01\/K800_IMG_0096-1-280-e1514931667916-150x150.jpg\" class=\"attachment-thumbnail size-thumbnail\" alt=\"\" decoding=\"async\" loading=\"lazy\" \/><\/a>\n\t\t\t<\/div><\/figure><figure class='gallery-item'>\n\t\t\t<div class='gallery-icon landscape'>\n\t\t\t\t<a href='http:\/\/www.lindenhausen.de\/blog\/costa-diadema-102017\/k800_img_0096-1-281\/'><img width=\"150\" height=\"150\" src=\"http:\/\/www.lindenhausen.de\/blog\/wp-content\/uploads\/2018\/01\/K800_IMG_0096-1-281-e1514931637755-150x150.jpg\" class=\"attachment-thumbnail size-thumbnail\" alt=\"\" decoding=\"async\" loading=\"lazy\" \/><\/a>\n\t\t\t<\/div><\/figure>\n\t\t<\/div>\n\n<p>Wir tanken bei Husni noch ein Glas Wein und wollten fr\u00fch schlafen gehen, dann gab es doch wieder etwas zu meckern: unser umgebuchter Ausflug stand nicht im Diario da Bordo und es gab auch keine Mitteilung auf der Kabine, also noch einmal zur Rezeption um nachzufragen.<\/p>\n<p>Dort fiel die Antwort ein wenig schnippig aus, wenn wir einen englischsprachigen Ausflug buchen m\u00fcssen wir auch ins englische Tagesprogamm schauen. Aja, Danke und Gute Nacht.<\/p>\n<p><a href=\"http:\/\/www.lindenhausen.de\/blog\/reiseberichte-costa\/kreuzfahrten-2017\/costa-diadema-1017-barcelona\/savona-monaco\/\">hier gehts weiter<\/a><\/p>\n","protected":false},"excerpt":{"rendered":"<p>Freitag 13.10.2017 La Spezia &nbsp; Nach dem anstrengenden Rom Tag hatten wir f\u00fcr heute nicht viel geplant. Freitag der 13. schlug zu als ich meinen Rucksack schlie\u00dfen wollte, der Rei\u00dfverschluss verabschiedete sich. Also war der geplante Stadtbummel gerade recht. In La Spezia f\u00e4hrt ein kostenloser Shuttlebus bis zum Stadtzentrum, von dort starten dann auch die &hellip; <a href=\"http:\/\/www.lindenhausen.de\/blog\/reiseberichte-costa\/kreuzfahrten-2017\/costa-diadema-1017-barcelona\/la-spezia\/\" class=\"more-link\"><span class=\"screen-reader-text\">La Spezia<\/span> weiterlesen <span class=\"meta-nav\">&rarr;<\/span><\/a><\/p>\n","protected":false},"author":1,"featured_media":0,"parent":3215,"menu_order":5,"comment_status":"closed","ping_status":"closed","template":"","meta":{"_monsterinsights_skip_tracking":false,"_monsterinsights_sitenote_active":false,"_monsterinsights_sitenote_note":"","_monsterinsights_sitenote_category":0},"yoast_head":"<!-- This site is optimized with the Yoast SEO plugin v21.0 - https:\/\/yoast.com\/wordpress\/plugins\/seo\/ -->\n<title>La Spezia - Lindenhausen-weil Reisen Spa\u00df macht<\/title>\n<meta name=\"robots\" content=\"index, follow, max-snippet:-1, max-image-preview:large, max-video-preview:-1\" \/>\n<link rel=\"canonical\" href=\"http:\/\/www.lindenhausen.de\/blog\/reiseberichte-costa\/kreuzfahrten-2017\/costa-diadema-1017-barcelona\/la-spezia\/\" \/>\n<meta property=\"og:locale\" content=\"de_DE\" \/>\n<meta property=\"og:type\" content=\"article\" \/>\n<meta property=\"og:title\" content=\"La Spezia - Lindenhausen-weil Reisen Spa\u00df macht\" \/>\n<meta property=\"og:description\" content=\"Freitag 13.10.2017 La Spezia &nbsp; Nach dem anstrengenden Rom Tag hatten wir f\u00fcr heute nicht viel geplant. Freitag der 13. schlug zu als ich meinen Rucksack schlie\u00dfen wollte, der Rei\u00dfverschluss verabschiedete sich. Also war der geplante Stadtbummel gerade recht. In La Spezia f\u00e4hrt ein kostenloser Shuttlebus bis zum Stadtzentrum, von dort starten dann auch die &hellip; La Spezia weiterlesen &rarr;\" \/>\n<meta property=\"og:url\" content=\"http:\/\/www.lindenhausen.de\/blog\/reiseberichte-costa\/kreuzfahrten-2017\/costa-diadema-1017-barcelona\/la-spezia\/\" \/>\n<meta property=\"og:site_name\" content=\"Lindenhausen-weil Reisen Spa\u00df macht\" \/>\n<meta property=\"article:publisher\" content=\"http:\/\/www.facebook.com\/Lindenhausen\/\" \/>\n<meta property=\"article:modified_time\" content=\"2018-01-03T23:05:08+00:00\" \/>\n<meta property=\"og:image\" content=\"http:\/\/www.lindenhausen.de\/blog\/wp-content\/uploads\/2018\/01\/K800_DJRL6581-3-344-150x150.jpg\" \/>\n<meta name=\"twitter:card\" content=\"summary_large_image\" \/>\n<meta name=\"twitter:site\" content=\"@Maxilinde\" \/>\n<meta name=\"twitter:label1\" content=\"Gesch\u00e4tzte Lesezeit\" \/>\n\t<meta name=\"twitter:data1\" content=\"3\u00a0Minuten\" \/>\n<script type=\"application\/ld+json\" class=\"yoast-schema-graph\">{\"@context\":\"https:\/\/schema.org\",\"@graph\":[{\"@type\":\"WebPage\",\"@id\":\"http:\/\/www.lindenhausen.de\/blog\/reiseberichte-costa\/kreuzfahrten-2017\/costa-diadema-1017-barcelona\/la-spezia\/\",\"url\":\"http:\/\/www.lindenhausen.de\/blog\/reiseberichte-costa\/kreuzfahrten-2017\/costa-diadema-1017-barcelona\/la-spezia\/\",\"name\":\"La Spezia - Lindenhausen-weil Reisen Spa\u00df macht\",\"isPartOf\":{\"@id\":\"https:\/\/www.lindenhausen.de\/blog\/#website\"},\"datePublished\":\"2018-01-03T22:36:25+00:00\",\"dateModified\":\"2018-01-03T23:05:08+00:00\",\"breadcrumb\":{\"@id\":\"http:\/\/www.lindenhausen.de\/blog\/reiseberichte-costa\/kreuzfahrten-2017\/costa-diadema-1017-barcelona\/la-spezia\/#breadcrumb\"},\"inLanguage\":\"de\",\"potentialAction\":[{\"@type\":\"ReadAction\",\"target\":[\"http:\/\/www.lindenhausen.de\/blog\/reiseberichte-costa\/kreuzfahrten-2017\/costa-diadema-1017-barcelona\/la-spezia\/\"]}]},{\"@type\":\"BreadcrumbList\",\"@id\":\"http:\/\/www.lindenhausen.de\/blog\/reiseberichte-costa\/kreuzfahrten-2017\/costa-diadema-1017-barcelona\/la-spezia\/#breadcrumb\",\"itemListElement\":[{\"@type\":\"ListItem\",\"position\":1,\"name\":\"Startseite\",\"item\":\"https:\/\/www.lindenhausen.de\/blog\/\"},{\"@type\":\"ListItem\",\"position\":2,\"name\":\"Reiseberichte Costa Kreuzfahrten\",\"item\":\"http:\/\/www.lindenhausen.de\/blog\/reiseberichte-costa\/\"},{\"@type\":\"ListItem\",\"position\":3,\"name\":\"Kreuzfahrten 2017\",\"item\":\"https:\/\/www.lindenhausen.de\/blog\/reiseberichte-costa\/kreuzfahrten-2017\/\"},{\"@type\":\"ListItem\",\"position\":4,\"name\":\"Costa Diadema 10\/17 Barcelona\",\"item\":\"https:\/\/www.lindenhausen.de\/blog\/reiseberichte-costa\/kreuzfahrten-2017\/costa-diadema-1017-barcelona\/\"},{\"@type\":\"ListItem\",\"position\":5,\"name\":\"La Spezia\"}]},{\"@type\":\"WebSite\",\"@id\":\"https:\/\/www.lindenhausen.de\/blog\/#website\",\"url\":\"https:\/\/www.lindenhausen.de\/blog\/\",\"name\":\"Lindenhausen-weil Reisen Spa\u00df macht\",\"description\":\"Reisen und Kreuzfahrten, Reiseberichte, Kreuzfahrtforum\",\"potentialAction\":[{\"@type\":\"SearchAction\",\"target\":{\"@type\":\"EntryPoint\",\"urlTemplate\":\"https:\/\/www.lindenhausen.de\/blog\/?s={search_term_string}\"},\"query-input\":\"required name=search_term_string\"}],\"inLanguage\":\"de\"}]}<\/script>\n<!-- \/ Yoast SEO plugin. -->","yoast_head_json":{"title":"La Spezia - Lindenhausen-weil Reisen Spa\u00df macht","robots":{"index":"index","follow":"follow","max-snippet":"max-snippet:-1","max-image-preview":"max-image-preview:large","max-video-preview":"max-video-preview:-1"},"canonical":"http:\/\/www.lindenhausen.de\/blog\/reiseberichte-costa\/kreuzfahrten-2017\/costa-diadema-1017-barcelona\/la-spezia\/","og_locale":"de_DE","og_type":"article","og_title":"La Spezia - Lindenhausen-weil Reisen Spa\u00df macht","og_description":"Freitag 13.10.2017 La Spezia &nbsp; Nach dem anstrengenden Rom Tag hatten wir f\u00fcr heute nicht viel geplant. Freitag der 13. schlug zu als ich meinen Rucksack schlie\u00dfen wollte, der Rei\u00dfverschluss verabschiedete sich. Also war der geplante Stadtbummel gerade recht. In La Spezia f\u00e4hrt ein kostenloser Shuttlebus bis zum Stadtzentrum, von dort starten dann auch die &hellip; La Spezia weiterlesen &rarr;","og_url":"http:\/\/www.lindenhausen.de\/blog\/reiseberichte-costa\/kreuzfahrten-2017\/costa-diadema-1017-barcelona\/la-spezia\/","og_site_name":"Lindenhausen-weil Reisen Spa\u00df macht","article_publisher":"http:\/\/www.facebook.com\/Lindenhausen\/","article_modified_time":"2018-01-03T23:05:08+00:00","og_image":[{"url":"http:\/\/www.lindenhausen.de\/blog\/wp-content\/uploads\/2018\/01\/K800_DJRL6581-3-344-150x150.jpg"}],"twitter_card":"summary_large_image","twitter_site":"@Maxilinde","twitter_misc":{"Gesch\u00e4tzte Lesezeit":"3\u00a0Minuten"},"schema":{"@context":"https:\/\/schema.org","@graph":[{"@type":"WebPage","@id":"http:\/\/www.lindenhausen.de\/blog\/reiseberichte-costa\/kreuzfahrten-2017\/costa-diadema-1017-barcelona\/la-spezia\/","url":"http:\/\/www.lindenhausen.de\/blog\/reiseberichte-costa\/kreuzfahrten-2017\/costa-diadema-1017-barcelona\/la-spezia\/","name":"La Spezia - Lindenhausen-weil Reisen Spa\u00df macht","isPartOf":{"@id":"https:\/\/www.lindenhausen.de\/blog\/#website"},"datePublished":"2018-01-03T22:36:25+00:00","dateModified":"2018-01-03T23:05:08+00:00","breadcrumb":{"@id":"http:\/\/www.lindenhausen.de\/blog\/reiseberichte-costa\/kreuzfahrten-2017\/costa-diadema-1017-barcelona\/la-spezia\/#breadcrumb"},"inLanguage":"de","potentialAction":[{"@type":"ReadAction","target":["http:\/\/www.lindenhausen.de\/blog\/reiseberichte-costa\/kreuzfahrten-2017\/costa-diadema-1017-barcelona\/la-spezia\/"]}]},{"@type":"BreadcrumbList","@id":"http:\/\/www.lindenhausen.de\/blog\/reiseberichte-costa\/kreuzfahrten-2017\/costa-diadema-1017-barcelona\/la-spezia\/#breadcrumb","itemListElement":[{"@type":"ListItem","position":1,"name":"Startseite","item":"https:\/\/www.lindenhausen.de\/blog\/"},{"@type":"ListItem","position":2,"name":"Reiseberichte Costa Kreuzfahrten","item":"http:\/\/www.lindenhausen.de\/blog\/reiseberichte-costa\/"},{"@type":"ListItem","position":3,"name":"Kreuzfahrten 2017","item":"https:\/\/www.lindenhausen.de\/blog\/reiseberichte-costa\/kreuzfahrten-2017\/"},{"@type":"ListItem","position":4,"name":"Costa Diadema 10\/17 Barcelona","item":"https:\/\/www.lindenhausen.de\/blog\/reiseberichte-costa\/kreuzfahrten-2017\/costa-diadema-1017-barcelona\/"},{"@type":"ListItem","position":5,"name":"La Spezia"}]},{"@type":"WebSite","@id":"https:\/\/www.lindenhausen.de\/blog\/#website","url":"https:\/\/www.lindenhausen.de\/blog\/","name":"Lindenhausen-weil Reisen Spa\u00df macht","description":"Reisen und Kreuzfahrten, Reiseberichte, Kreuzfahrtforum","potentialAction":[{"@type":"SearchAction","target":{"@type":"EntryPoint","urlTemplate":"https:\/\/www.lindenhausen.de\/blog\/?s={search_term_string}"},"query-input":"required name=search_term_string"}],"inLanguage":"de"}]}},"_links":{"self":[{"href":"http:\/\/www.lindenhausen.de\/blog\/wp-json\/wp\/v2\/pages\/3226"}],"collection":[{"href":"http:\/\/www.lindenhausen.de\/blog\/wp-json\/wp\/v2\/pages"}],"about":[{"href":"http:\/\/www.lindenhausen.de\/blog\/wp-json\/wp\/v2\/types\/page"}],"author":[{"embeddable":true,"href":"http:\/\/www.lindenhausen.de\/blog\/wp-json\/wp\/v2\/users\/1"}],"replies":[{"embeddable":true,"href":"http:\/\/www.lindenhausen.de\/blog\/wp-json\/wp\/v2\/comments?post=3226"}],"version-history":[{"count":2,"href":"http:\/\/www.lindenhausen.de\/blog\/wp-json\/wp\/v2\/pages\/3226\/revisions"}],"predecessor-version":[{"id":3246,"href":"http:\/\/www.lindenhausen.de\/blog\/wp-json\/wp\/v2\/pages\/3226\/revisions\/3246"}],"up":[{"embeddable":true,"href":"http:\/\/www.lindenhausen.de\/blog\/wp-json\/wp\/v2\/pages\/3215"}],"wp:attachment":[{"href":"http:\/\/www.lindenhausen.de\/blog\/wp-json\/wp\/v2\/media?parent=3226"}],"curies":[{"name":"wp","href":"https:\/\/api.w.org\/{rel}","templated":true}]}}