{"id":2295,"date":"2016-06-27T22:35:04","date_gmt":"2016-06-27T20:35:04","guid":{"rendered":"http:\/\/www.lindenhausen.de\/blog\/?page_id=2295"},"modified":"2016-06-27T22:35:04","modified_gmt":"2016-06-27T20:35:04","slug":"warnemuende-heimreise-fazit","status":"publish","type":"page","link":"http:\/\/www.lindenhausen.de\/blog\/reiseberichte-costa\/costa-favolosa-05-2016-rund-um-westeuropa\/warnemuende-heimreise-fazit\/","title":{"rendered":"Warnem\u00fcnde, Heimreise, Fazit"},"content":{"rendered":"<p>Warnem\u00fcnde erwartete uns mit Sonnenschein und nordischer K\u00fchle.<\/p>\n<p>Wir h\u00e4tten direkt 8:30 von Bord gehen k\u00f6nnen, da unser Bus aber erst am Nachmittag gehen sollte entschieden wir uns f\u00fcr ein ausgiebiges Fr\u00fchst\u00fcck im Servicerestaurant und danach einem Glas Prosecco und einen letzten Cappuccino am Heck des Schiffes auf Deck 9.<\/p>\n<p><a href=\"http:\/\/www.lindenhausen.de\/blog\/wp-content\/uploads\/2016\/06\/K1024_DSC_0494.jpg\"><img decoding=\"async\" loading=\"lazy\" class=\"aligncenter size-medium wp-image-2109\" src=\"http:\/\/www.lindenhausen.de\/blog\/wp-content\/uploads\/2016\/06\/K1024_DSC_0494-300x199.jpg\" alt=\"Warnem\u00fcnde\" width=\"300\" height=\"199\" srcset=\"http:\/\/www.lindenhausen.de\/blog\/wp-content\/uploads\/2016\/06\/K1024_DSC_0494-300x199.jpg 300w, http:\/\/www.lindenhausen.de\/blog\/wp-content\/uploads\/2016\/06\/K1024_DSC_0494-1024x678.jpg 1024w, http:\/\/www.lindenhausen.de\/blog\/wp-content\/uploads\/2016\/06\/K1024_DSC_0494.jpg 1160w\" sizes=\"(max-width: 300px) 100vw, 300px\" \/><\/a> <a href=\"http:\/\/www.lindenhausen.de\/blog\/wp-content\/uploads\/2016\/06\/K1024_DSC_0507.jpg\"><img decoding=\"async\" loading=\"lazy\" class=\"aligncenter size-medium wp-image-2110\" src=\"http:\/\/www.lindenhausen.de\/blog\/wp-content\/uploads\/2016\/06\/K1024_DSC_0507-300x199.jpg\" alt=\"Warnem\u00fcnde\" width=\"300\" height=\"199\" srcset=\"http:\/\/www.lindenhausen.de\/blog\/wp-content\/uploads\/2016\/06\/K1024_DSC_0507-300x199.jpg 300w, http:\/\/www.lindenhausen.de\/blog\/wp-content\/uploads\/2016\/06\/K1024_DSC_0507-1024x678.jpg 1024w, http:\/\/www.lindenhausen.de\/blog\/wp-content\/uploads\/2016\/06\/K1024_DSC_0507.jpg 1160w\" sizes=\"(max-width: 300px) 100vw, 300px\" \/><\/a><\/p>\n<p>Gegen 11:00 Uhr verabschiedeten wir uns dann von der Costa Favolosa.<\/p>\n<p>Die Koffer standen bereit und wir machten uns auf die Suche nach der\u00a0 Gep\u00e4ckaufbewahrung am Bahnhof-leider strandeten wir direkt in der deutschen Servicew\u00fcste.<\/p>\n<p>Die H\u00e4lfte der Schlie\u00dff\u00e4cher war defekt und am der Gep\u00e4ckaufbewahrung weit und breit kein Mitarbeiter zu sehen. Es dauerte fast eine halbe Stunde bis ich dann den Pausenraum der DB gefunden hatte und dort auch tats\u00e4chlich einen Bahnbediensteten antraf.<\/p>\n<p><a href=\"http:\/\/www.lindenhausen.de\/blog\/wp-content\/uploads\/2016\/06\/K1024_DSC_0527-e1467049327731.jpg\"><img decoding=\"async\" loading=\"lazy\" class=\"aligncenter size-medium wp-image-2115\" src=\"http:\/\/www.lindenhausen.de\/blog\/wp-content\/uploads\/2016\/06\/K1024_DSC_0527-e1467049327731-199x300.jpg\" alt=\"Servicew\u00fcste\" width=\"199\" height=\"300\" srcset=\"http:\/\/www.lindenhausen.de\/blog\/wp-content\/uploads\/2016\/06\/K1024_DSC_0527-e1467049327731-199x300.jpg 199w, http:\/\/www.lindenhausen.de\/blog\/wp-content\/uploads\/2016\/06\/K1024_DSC_0527-e1467049327731-679x1024.jpg 679w, http:\/\/www.lindenhausen.de\/blog\/wp-content\/uploads\/2016\/06\/K1024_DSC_0527-e1467049327731.jpg 768w\" sizes=\"(max-width: 199px) 100vw, 199px\" \/><\/a><\/p>\n<p>Nun stand einem Spaziergang zum Teepott nichts mehr im Wege, Warnem\u00fcnde ist ein kleines Sehenswertes St\u00e4dtchen, der Strand sehr sch\u00f6n und wenn ich nicht ein Sommermensch w\u00e4re, der es sehr warm mag, k\u00f6nnte ich mit hier ein paar Tage Urlaub gut vorstellen.<\/p>\n<p>Zum Mittagessen suchten wir ein Restaurant aus das zumindest vom Namen her zu uns passte, das Essen war gut und reichlich.<\/p>\n<p><a href=\"http:\/\/www.lindenhausen.de\/blog\/wp-content\/uploads\/2016\/06\/K1024_DSC_0513.jpg\"><img decoding=\"async\" loading=\"lazy\" class=\"aligncenter size-medium wp-image-2111\" src=\"http:\/\/www.lindenhausen.de\/blog\/wp-content\/uploads\/2016\/06\/K1024_DSC_0513-300x199.jpg\" alt=\"Warnem\u00fcnde\" width=\"300\" height=\"199\" srcset=\"http:\/\/www.lindenhausen.de\/blog\/wp-content\/uploads\/2016\/06\/K1024_DSC_0513-300x199.jpg 300w, http:\/\/www.lindenhausen.de\/blog\/wp-content\/uploads\/2016\/06\/K1024_DSC_0513-1024x678.jpg 1024w, http:\/\/www.lindenhausen.de\/blog\/wp-content\/uploads\/2016\/06\/K1024_DSC_0513.jpg 1160w\" sizes=\"(max-width: 300px) 100vw, 300px\" \/><\/a> <a href=\"http:\/\/www.lindenhausen.de\/blog\/wp-content\/uploads\/2016\/06\/K1024_DSC_0515.jpg\"><img decoding=\"async\" loading=\"lazy\" class=\"aligncenter size-medium wp-image-2112\" src=\"http:\/\/www.lindenhausen.de\/blog\/wp-content\/uploads\/2016\/06\/K1024_DSC_0515-300x199.jpg\" alt=\"Warnem\u00fcnde\" width=\"300\" height=\"199\" srcset=\"http:\/\/www.lindenhausen.de\/blog\/wp-content\/uploads\/2016\/06\/K1024_DSC_0515-300x199.jpg 300w, http:\/\/www.lindenhausen.de\/blog\/wp-content\/uploads\/2016\/06\/K1024_DSC_0515-1024x678.jpg 1024w, http:\/\/www.lindenhausen.de\/blog\/wp-content\/uploads\/2016\/06\/K1024_DSC_0515.jpg 1160w\" sizes=\"(max-width: 300px) 100vw, 300px\" \/><\/a> <a href=\"http:\/\/www.lindenhausen.de\/blog\/wp-content\/uploads\/2016\/06\/K1024_DSC_0524.jpg\"><img decoding=\"async\" loading=\"lazy\" class=\"aligncenter size-medium wp-image-2114\" src=\"http:\/\/www.lindenhausen.de\/blog\/wp-content\/uploads\/2016\/06\/K1024_DSC_0524-300x199.jpg\" alt=\"Warnem\u00fcnde\" width=\"300\" height=\"199\" srcset=\"http:\/\/www.lindenhausen.de\/blog\/wp-content\/uploads\/2016\/06\/K1024_DSC_0524-300x199.jpg 300w, http:\/\/www.lindenhausen.de\/blog\/wp-content\/uploads\/2016\/06\/K1024_DSC_0524-1024x678.jpg 1024w, http:\/\/www.lindenhausen.de\/blog\/wp-content\/uploads\/2016\/06\/K1024_DSC_0524.jpg 1160w\" sizes=\"(max-width: 300px) 100vw, 300px\" \/><\/a><\/p>\n<p>Dann holten wir die Koffer zur\u00fcck und machten uns auf dem Weg zum Busbahnhof, ein wenig m\u00fchsam, das n\u00e4chste Mal wei\u00df ich dass ich eine Station mit der S-Bahn fahre.<\/p>\n<p>Wir deckten uns noch mit Essen und Getr\u00e4nken f\u00fcr unterwegs ein und dann kam auch schon der Bus.<\/p>\n<p>Wir hatten uns, nachdem der Fahrpreis bei Costa bei stolzen 129 Euro lag, f\u00fcr den Flix Bus entschieden.<\/p>\n<p>Der Busfahrer war ein wenig ruppig im Ton, um es mal freundlich auszudr\u00fccken. Ich bin es auch nicht gewohnt als Kunde einfach geduzt zu werden. Aber sei es drum, die Fahrt selber war angenehm und wir erreichten Berlin p\u00fcnktlich.<\/p>\n<p>Die Stunde Aufenthalt am ZOB war eher unangenehm und wir waren froh als unser Bus kam und wir in Richtung Dresden starten konnten. Auch hier war der Ton ein wenig r\u00fcde, Ausl\u00e4nder mit Papieren die den Aufenthalt innerhalb Schengen erlauben wurde versucht die Mitfahrt zu verweigern. Da sollte man schon mal schulen.<\/p>\n<p>Die Fahrt selber war ok, Zwischenstopps in Dresden, Prag und Pilsen, eine halbe Europareise.<\/p>\n<p>4:30 waren wir dann endlich zu Hause, die Costa Favolosa war schon lange ohne uns unterwegs nach Kopenhagen.<\/p>\n<p>&nbsp;<\/p>\n<p>Fazit:<\/p>\n<p>Eine reibungslose Reise, zum gro\u00dfen Teil recht angenehme G\u00e4ste, Ausrutscher gibt es immer und gab es auch auf dieser Fahrt, was aber eher f\u00fcr Erheiterung sorgte.<\/p>\n<p>Bei uns war der Service in Ordnung, wir mussten nie lange auf Getr\u00e4nke warten.\u00a0 Auch das kleine WC Problem in unserer Kabine wurde schnell behoben. Das Personal an der Rezeption war freundlich, wer nicht englisch spricht sollte die Geduld mitbringen zu warten bis ein deutschsprachiger Mitarbeiter frei ist, es hat wenig Sinn auf Menschen die 4 Sprachen au\u00dfer Deutsch sprechen lautstark auf Deutsch zu beschimpfen.<\/p>\n<p>\u00dcberhaupt gab es einige deutsche G\u00e4ste an Bord die immer wieder mal mit ihrem doch recht r\u00fcden Ton auffielen, wie es in den Wald hineinruft\u2026\u2026..<\/p>\n<p>Das Essen ist ein weites Thema, die Qualit\u00e4t war wechselnd, gut war das unser Ma\u00eetre dies auch selbstkritisch zur Kenntnis nahm. Ein wenig fehlen mir auf den neuen Karten Gerichte wie Vitello Tonnato, die alten Klassiker halt die ich bei Costa immer sehr geliebt habe.<\/p>\n<p>Das B\u00fcffet ist nun auch wieder jeden Abend ge\u00f6ffnet. Leider daf\u00fcr das Servicerestaurant nicht jeden Mittag. Wobei man ja aber dazu sagen muss das das Clubrestaurant nun auch am Mittag ge\u00f6ffnet ist.<\/p>\n<p>Die Kabine war immer gerichtet wenn wir vom Fr\u00fchst\u00fcck zur\u00fcckkamen, unser Steward immer irgendwo pr\u00e4sent.<\/p>\n<p>Die Route ist empfehlenswert, erlebt man doch viele verschiedene Facetten Westeuropas.<\/p>\n<p>Unsere n\u00e4chste Kreuzfahrt wird uns im Oktober wieder auf die Costa Favolosa f\u00fchren, auf eine \u00e4hnliche Route und wir freuen uns jetzt schon sehr darauf.<\/p>\n<p>&nbsp;<\/p>\n","protected":false},"excerpt":{"rendered":"<p>Warnem\u00fcnde erwartete uns mit Sonnenschein und nordischer K\u00fchle. Wir h\u00e4tten direkt 8:30 von Bord gehen k\u00f6nnen, da unser Bus aber erst am Nachmittag gehen sollte entschieden wir uns f\u00fcr ein ausgiebiges Fr\u00fchst\u00fcck im Servicerestaurant und danach einem Glas Prosecco und einen letzten Cappuccino am Heck des Schiffes auf Deck 9. Gegen 11:00 Uhr verabschiedeten wir &hellip; <a href=\"http:\/\/www.lindenhausen.de\/blog\/reiseberichte-costa\/costa-favolosa-05-2016-rund-um-westeuropa\/warnemuende-heimreise-fazit\/\" class=\"more-link\"><span class=\"screen-reader-text\">Warnem\u00fcnde, Heimreise, Fazit<\/span> weiterlesen <span class=\"meta-nav\">&rarr;<\/span><\/a><\/p>\n","protected":false},"author":1,"featured_media":0,"parent":2086,"menu_order":9,"comment_status":"open","ping_status":"open","template":"","meta":{"_monsterinsights_skip_tracking":false,"_monsterinsights_sitenote_active":false,"_monsterinsights_sitenote_note":"","_monsterinsights_sitenote_category":0},"yoast_head":"<!-- This site is optimized with the Yoast SEO plugin v21.0 - https:\/\/yoast.com\/wordpress\/plugins\/seo\/ -->\n<title>Warnem\u00fcnde, Heimreise, Fazit - Lindenhausen-weil Reisen Spa\u00df macht<\/title>\n<meta name=\"robots\" content=\"index, follow, max-snippet:-1, max-image-preview:large, max-video-preview:-1\" \/>\n<link rel=\"canonical\" href=\"https:\/\/www.lindenhausen.de\/blog\/reiseberichte-costa\/costa-favolosa-05-2016-rund-um-westeuropa\/warnemuende-heimreise-fazit\/\" \/>\n<meta property=\"og:locale\" content=\"de_DE\" \/>\n<meta property=\"og:type\" content=\"article\" \/>\n<meta property=\"og:title\" content=\"Warnem\u00fcnde, Heimreise, Fazit - Lindenhausen-weil Reisen Spa\u00df macht\" \/>\n<meta property=\"og:description\" content=\"Warnem\u00fcnde erwartete uns mit Sonnenschein und nordischer K\u00fchle. Wir h\u00e4tten direkt 8:30 von Bord gehen k\u00f6nnen, da unser Bus aber erst am Nachmittag gehen sollte entschieden wir uns f\u00fcr ein ausgiebiges Fr\u00fchst\u00fcck im Servicerestaurant und danach einem Glas Prosecco und einen letzten Cappuccino am Heck des Schiffes auf Deck 9. Gegen 11:00 Uhr verabschiedeten wir &hellip; Warnem\u00fcnde, Heimreise, Fazit weiterlesen &rarr;\" \/>\n<meta property=\"og:url\" content=\"https:\/\/www.lindenhausen.de\/blog\/reiseberichte-costa\/costa-favolosa-05-2016-rund-um-westeuropa\/warnemuende-heimreise-fazit\/\" \/>\n<meta property=\"og:site_name\" content=\"Lindenhausen-weil Reisen Spa\u00df macht\" \/>\n<meta property=\"article:publisher\" content=\"http:\/\/www.facebook.com\/Lindenhausen\/\" \/>\n<meta property=\"og:image\" content=\"http:\/\/www.lindenhausen.de\/blog\/wp-content\/uploads\/2016\/06\/K1024_DSC_0494-300x199.jpg\" \/>\n<meta name=\"twitter:card\" content=\"summary_large_image\" \/>\n<meta name=\"twitter:site\" content=\"@Maxilinde\" \/>\n<meta name=\"twitter:label1\" content=\"Gesch\u00e4tzte Lesezeit\" \/>\n\t<meta name=\"twitter:data1\" content=\"3\u00a0Minuten\" \/>\n<script type=\"application\/ld+json\" class=\"yoast-schema-graph\">{\"@context\":\"https:\/\/schema.org\",\"@graph\":[{\"@type\":\"WebPage\",\"@id\":\"https:\/\/www.lindenhausen.de\/blog\/reiseberichte-costa\/costa-favolosa-05-2016-rund-um-westeuropa\/warnemuende-heimreise-fazit\/\",\"url\":\"https:\/\/www.lindenhausen.de\/blog\/reiseberichte-costa\/costa-favolosa-05-2016-rund-um-westeuropa\/warnemuende-heimreise-fazit\/\",\"name\":\"Warnem\u00fcnde, Heimreise, Fazit - Lindenhausen-weil Reisen Spa\u00df macht\",\"isPartOf\":{\"@id\":\"https:\/\/www.lindenhausen.de\/blog\/#website\"},\"datePublished\":\"2016-06-27T20:35:04+00:00\",\"dateModified\":\"2016-06-27T20:35:04+00:00\",\"breadcrumb\":{\"@id\":\"https:\/\/www.lindenhausen.de\/blog\/reiseberichte-costa\/costa-favolosa-05-2016-rund-um-westeuropa\/warnemuende-heimreise-fazit\/#breadcrumb\"},\"inLanguage\":\"de\",\"potentialAction\":[{\"@type\":\"ReadAction\",\"target\":[\"https:\/\/www.lindenhausen.de\/blog\/reiseberichte-costa\/costa-favolosa-05-2016-rund-um-westeuropa\/warnemuende-heimreise-fazit\/\"]}]},{\"@type\":\"BreadcrumbList\",\"@id\":\"https:\/\/www.lindenhausen.de\/blog\/reiseberichte-costa\/costa-favolosa-05-2016-rund-um-westeuropa\/warnemuende-heimreise-fazit\/#breadcrumb\",\"itemListElement\":[{\"@type\":\"ListItem\",\"position\":1,\"name\":\"Startseite\",\"item\":\"https:\/\/www.lindenhausen.de\/blog\/\"},{\"@type\":\"ListItem\",\"position\":2,\"name\":\"Reiseberichte Costa Kreuzfahrten\",\"item\":\"http:\/\/www.lindenhausen.de\/blog\/reiseberichte-costa\/\"},{\"@type\":\"ListItem\",\"position\":3,\"name\":\"Costa Favolosa 05.2016-rund um Westeuropa\",\"item\":\"https:\/\/www.lindenhausen.de\/blog\/reiseberichte-costa\/costa-favolosa-05-2016-rund-um-westeuropa\/\"},{\"@type\":\"ListItem\",\"position\":4,\"name\":\"Warnem\u00fcnde, Heimreise, Fazit\"}]},{\"@type\":\"WebSite\",\"@id\":\"https:\/\/www.lindenhausen.de\/blog\/#website\",\"url\":\"https:\/\/www.lindenhausen.de\/blog\/\",\"name\":\"Lindenhausen-weil Reisen Spa\u00df macht\",\"description\":\"Reisen und Kreuzfahrten, Reiseberichte, Kreuzfahrtforum\",\"potentialAction\":[{\"@type\":\"SearchAction\",\"target\":{\"@type\":\"EntryPoint\",\"urlTemplate\":\"https:\/\/www.lindenhausen.de\/blog\/?s={search_term_string}\"},\"query-input\":\"required name=search_term_string\"}],\"inLanguage\":\"de\"}]}<\/script>\n<!-- \/ Yoast SEO plugin. -->","yoast_head_json":{"title":"Warnem\u00fcnde, Heimreise, Fazit - Lindenhausen-weil Reisen Spa\u00df macht","robots":{"index":"index","follow":"follow","max-snippet":"max-snippet:-1","max-image-preview":"max-image-preview:large","max-video-preview":"max-video-preview:-1"},"canonical":"https:\/\/www.lindenhausen.de\/blog\/reiseberichte-costa\/costa-favolosa-05-2016-rund-um-westeuropa\/warnemuende-heimreise-fazit\/","og_locale":"de_DE","og_type":"article","og_title":"Warnem\u00fcnde, Heimreise, Fazit - Lindenhausen-weil Reisen Spa\u00df macht","og_description":"Warnem\u00fcnde erwartete uns mit Sonnenschein und nordischer K\u00fchle. Wir h\u00e4tten direkt 8:30 von Bord gehen k\u00f6nnen, da unser Bus aber erst am Nachmittag gehen sollte entschieden wir uns f\u00fcr ein ausgiebiges Fr\u00fchst\u00fcck im Servicerestaurant und danach einem Glas Prosecco und einen letzten Cappuccino am Heck des Schiffes auf Deck 9. Gegen 11:00 Uhr verabschiedeten wir &hellip; Warnem\u00fcnde, Heimreise, Fazit weiterlesen &rarr;","og_url":"https:\/\/www.lindenhausen.de\/blog\/reiseberichte-costa\/costa-favolosa-05-2016-rund-um-westeuropa\/warnemuende-heimreise-fazit\/","og_site_name":"Lindenhausen-weil Reisen Spa\u00df macht","article_publisher":"http:\/\/www.facebook.com\/Lindenhausen\/","og_image":[{"url":"http:\/\/www.lindenhausen.de\/blog\/wp-content\/uploads\/2016\/06\/K1024_DSC_0494-300x199.jpg"}],"twitter_card":"summary_large_image","twitter_site":"@Maxilinde","twitter_misc":{"Gesch\u00e4tzte Lesezeit":"3\u00a0Minuten"},"schema":{"@context":"https:\/\/schema.org","@graph":[{"@type":"WebPage","@id":"https:\/\/www.lindenhausen.de\/blog\/reiseberichte-costa\/costa-favolosa-05-2016-rund-um-westeuropa\/warnemuende-heimreise-fazit\/","url":"https:\/\/www.lindenhausen.de\/blog\/reiseberichte-costa\/costa-favolosa-05-2016-rund-um-westeuropa\/warnemuende-heimreise-fazit\/","name":"Warnem\u00fcnde, Heimreise, Fazit - Lindenhausen-weil Reisen Spa\u00df macht","isPartOf":{"@id":"https:\/\/www.lindenhausen.de\/blog\/#website"},"datePublished":"2016-06-27T20:35:04+00:00","dateModified":"2016-06-27T20:35:04+00:00","breadcrumb":{"@id":"https:\/\/www.lindenhausen.de\/blog\/reiseberichte-costa\/costa-favolosa-05-2016-rund-um-westeuropa\/warnemuende-heimreise-fazit\/#breadcrumb"},"inLanguage":"de","potentialAction":[{"@type":"ReadAction","target":["https:\/\/www.lindenhausen.de\/blog\/reiseberichte-costa\/costa-favolosa-05-2016-rund-um-westeuropa\/warnemuende-heimreise-fazit\/"]}]},{"@type":"BreadcrumbList","@id":"https:\/\/www.lindenhausen.de\/blog\/reiseberichte-costa\/costa-favolosa-05-2016-rund-um-westeuropa\/warnemuende-heimreise-fazit\/#breadcrumb","itemListElement":[{"@type":"ListItem","position":1,"name":"Startseite","item":"https:\/\/www.lindenhausen.de\/blog\/"},{"@type":"ListItem","position":2,"name":"Reiseberichte Costa Kreuzfahrten","item":"http:\/\/www.lindenhausen.de\/blog\/reiseberichte-costa\/"},{"@type":"ListItem","position":3,"name":"Costa Favolosa 05.2016-rund um Westeuropa","item":"https:\/\/www.lindenhausen.de\/blog\/reiseberichte-costa\/costa-favolosa-05-2016-rund-um-westeuropa\/"},{"@type":"ListItem","position":4,"name":"Warnem\u00fcnde, Heimreise, Fazit"}]},{"@type":"WebSite","@id":"https:\/\/www.lindenhausen.de\/blog\/#website","url":"https:\/\/www.lindenhausen.de\/blog\/","name":"Lindenhausen-weil Reisen Spa\u00df macht","description":"Reisen und Kreuzfahrten, Reiseberichte, Kreuzfahrtforum","potentialAction":[{"@type":"SearchAction","target":{"@type":"EntryPoint","urlTemplate":"https:\/\/www.lindenhausen.de\/blog\/?s={search_term_string}"},"query-input":"required name=search_term_string"}],"inLanguage":"de"}]}},"_links":{"self":[{"href":"http:\/\/www.lindenhausen.de\/blog\/wp-json\/wp\/v2\/pages\/2295"}],"collection":[{"href":"http:\/\/www.lindenhausen.de\/blog\/wp-json\/wp\/v2\/pages"}],"about":[{"href":"http:\/\/www.lindenhausen.de\/blog\/wp-json\/wp\/v2\/types\/page"}],"author":[{"embeddable":true,"href":"http:\/\/www.lindenhausen.de\/blog\/wp-json\/wp\/v2\/users\/1"}],"replies":[{"embeddable":true,"href":"http:\/\/www.lindenhausen.de\/blog\/wp-json\/wp\/v2\/comments?post=2295"}],"version-history":[{"count":1,"href":"http:\/\/www.lindenhausen.de\/blog\/wp-json\/wp\/v2\/pages\/2295\/revisions"}],"predecessor-version":[{"id":2296,"href":"http:\/\/www.lindenhausen.de\/blog\/wp-json\/wp\/v2\/pages\/2295\/revisions\/2296"}],"up":[{"embeddable":true,"href":"http:\/\/www.lindenhausen.de\/blog\/wp-json\/wp\/v2\/pages\/2086"}],"wp:attachment":[{"href":"http:\/\/www.lindenhausen.de\/blog\/wp-json\/wp\/v2\/media?parent=2295"}],"curies":[{"name":"wp","href":"https:\/\/api.w.org\/{rel}","templated":true}]}}