{"id":1418,"date":"2015-11-18T22:47:53","date_gmt":"2015-11-18T21:47:53","guid":{"rendered":"http:\/\/www.lindenhausen.de\/blog\/?page_id=1418"},"modified":"2015-11-26T10:42:58","modified_gmt":"2015-11-26T09:42:58","slug":"savona-heimreise-fazit","status":"publish","type":"page","link":"http:\/\/www.lindenhausen.de\/blog\/reiseberichte-costa\/costa-neoriviera-09-2015\/savona-heimreise-fazit\/","title":{"rendered":"Savona-Heimreise-Fazit"},"content":{"rendered":"<p style=\"text-align: center;\">21.09.<\/p>\n<p style=\"text-align: left;\">Auch in der letzten Nacht schliefen wir ausnehmend gut und als wir wieder aufwachten waren wir schon in Savona.<br \/>\n10:45 sollten wir von Bord gehen, erstaunlicherweise bekamen wir auch heute drau\u00dfen am Heck einen Sitzplatz zum Fr\u00fchst\u00fcck, zu dem wir uns viel Zeit lie\u00dfen.<\/p>\n<p style=\"text-align: left;\">Gegen 10:00 Uhr wechselten wir an die Poolbar, Cappuccino und sp\u00e4ter ein letzter Aperol Spritz f\u00fcr die notwendige Bettschwere im Bus denn ich wollte, wie meist bis nach Hause ausschlafen. Leider wurde daraus nichts.<br \/>\n10:30 verlie\u00dfen wir die neoRiviera, die Koffer waren schnell gefunden und der Bus wartete direkt am Ausgang.<\/p>\n<p><a href=\"http:\/\/www.lindenhausen.de\/blog\/wp-content\/uploads\/2015\/11\/K1024_DSC_1438.jpg\"><img decoding=\"async\" loading=\"lazy\" class=\"size-medium wp-image-1481 aligncenter\" src=\"http:\/\/www.lindenhausen.de\/blog\/wp-content\/uploads\/2015\/11\/K1024_DSC_1438-300x199.jpg\" alt=\"Resttungsring\" width=\"300\" height=\"199\" srcset=\"http:\/\/www.lindenhausen.de\/blog\/wp-content\/uploads\/2015\/11\/K1024_DSC_1438-300x199.jpg 300w, http:\/\/www.lindenhausen.de\/blog\/wp-content\/uploads\/2015\/11\/K1024_DSC_1438-1024x678.jpg 1024w, http:\/\/www.lindenhausen.de\/blog\/wp-content\/uploads\/2015\/11\/K1024_DSC_1438.jpg 1160w\" sizes=\"(max-width: 300px) 100vw, 300px\" \/><\/a><\/p>\n<p style=\"text-align: left;\">Das Busunternehmen \u201eKomm mit\u201c wartete mit einigen \u00dcberraschungen auf: w\u00e4hrend der eine Busfahrer den Weg suchte, unterhielt uns der andere mit n\u00fctzlichen Einlagen -ich singe Euch jetzt mal ein Lied vor: \u201ejetzt fahrn wir \u00fcbern Po\u2026.\u201c, jedesmal, wenn ich eingeschlafen war, kam wieder so eine Durchsage wie: \u201ezur rechten sehen sie eine Burg, davon gibt es hier viele\u201c<br \/>\nDer Bordservice war ok, Wiener als Wahlessen, gut dass wir eine Rastst\u00e4tte anfuhren, wo man sich gute Paninis besorgen konnte. Es gab Wasser, Cola, Bier Sekt und ein paar typisch deutsche Spirituosen.<br \/>\nDer etwas unerfahrene Busfahrer hatte auch eine recht resolute Fahrweise, an schlafen war nicht zu denken, st\u00e4ndig wurde scharf gebremst und auch einige \u00dcberholman\u00f6ver wurden von den meisten Mitfahrern als grenzwertig wahrgenommen. Wir waren dann alle froh als die Fahrer tauschten, allerdings wurden die Durchsagen nicht weniger, an Schlaf war einfach nicht zu denken.<br \/>\nDaf\u00fcr schaffte ich es wenigstens ein Buch fertig zu lesen, bis wir recht p\u00fcnktlich wieder in Ingolstadt landeten, wo uns unsere Schwiegertochter schon erwartete.<\/p>\n<p style=\"text-align: left;\">Fazit:<\/p>\n<p style=\"text-align: left;\">Tolle Route, klasse Liegezeiten.<\/p>\n<p style=\"text-align: left;\">Das Schiff nett, sch\u00f6ne Gr\u00f6\u00dfe aber hinterlie\u00df bei mir keinen bleibenden Eindruck. Einzig das Pooldeck und die Aussenpl\u00e4tze am Heck werden mir in wirklich positiver Erinnerung bleiben.<\/p>\n<p style=\"text-align: left;\">Damit meine ich nicht das mir die neoRiviera nicht gef\u00e4llt, aber ,wie ich schon Eingangs schrieb, das WOW Gef\u00fchl blieb aus.<\/p>\n<p style=\"text-align: left;\">Um so mehr werde ich den sehr guten und aufmerksamen Service in guter Erinnerung behalten wie auch die Ruhe die \u00fcberall herrschte.<\/p>\n<p style=\"text-align: center;\"><a href=\"http:\/\/www.lindenhausen.de\/blog\/wp-content\/uploads\/2015\/10\/K1024_IMG_2806-e1448062309650.jpg\"><img decoding=\"async\" loading=\"lazy\" class=\"aligncenter size-medium wp-image-1226\" src=\"http:\/\/www.lindenhausen.de\/blog\/wp-content\/uploads\/2015\/10\/K1024_IMG_2806-e1448062309650-225x300.jpg\" alt=\"Service\" width=\"225\" height=\"300\" srcset=\"http:\/\/www.lindenhausen.de\/blog\/wp-content\/uploads\/2015\/10\/K1024_IMG_2806-e1448062309650-225x300.jpg 225w, http:\/\/www.lindenhausen.de\/blog\/wp-content\/uploads\/2015\/10\/K1024_IMG_2806-e1448062309650.jpg 768w\" sizes=\"(max-width: 225px) 100vw, 225px\" \/><\/a><\/p>\n<p style=\"text-align: left;\">Keine Schlangen an der Rezeption, ein fast immer greifbarer deutscher Host, schnelle Ein-und Ausschiffung, kaum mal Gedr\u00e4nge.<\/p>\n<p style=\"text-align: left;\">Das Preis-Leistungsverh\u00e4ltniss-dank Flex Buchung incl Getr\u00e4nkepaket-sehr gut.<\/p>\n<p style=\"text-align: left;\">Ob ich neo zum Katalogpreis buchen w\u00fcrde? Eventuell als Vorzugskreuzfahrt.<\/p>\n<p style=\"text-align: left;\">Essen und Getr\u00e4nke gut, es gab auch mal ausgefallene Sachen wie Kuddeln-als regionales Gericht-aber auch da gab es soviel andere Auswahl das man es nicht essen musste-aber so manchen Gast der sich dar\u00fcber freute.<\/p>\n<p style=\"text-align: center;\"><a href=\"http:\/\/www.lindenhausen.de\/blog\/wp-content\/uploads\/2015\/10\/K1024_IMG_2807.jpg\"><img decoding=\"async\" loading=\"lazy\" class=\"aligncenter size-medium wp-image-1227\" src=\"http:\/\/www.lindenhausen.de\/blog\/wp-content\/uploads\/2015\/10\/K1024_IMG_2807-300x225.jpg\" alt=\"Dessert\" width=\"300\" height=\"225\" srcset=\"http:\/\/www.lindenhausen.de\/blog\/wp-content\/uploads\/2015\/10\/K1024_IMG_2807-300x225.jpg 300w, http:\/\/www.lindenhausen.de\/blog\/wp-content\/uploads\/2015\/10\/K1024_IMG_2807.jpg 1024w\" sizes=\"(max-width: 300px) 100vw, 300px\" \/><\/a><\/p>\n<p style=\"text-align: left;\">Die im AI includierten Weine zum Essen fand ich gut und der Geschmack entsprach durchaus der Beschreibung in der Weinempfehlung der Speisekarte.<\/p>\n<p style=\"text-align: left;\">Schade ist das es kein Clubrestaurant an Bord der neoRiviera gibt, dadurch das bei uns dann auch weder eine extra Teezeit noch der Brunch angeboten wurden fehlte ein wenig der Kulinarische H\u00f6hepunkt auf dieser Reise.<\/p>\n<p style=\"text-align: left;\">Auch Gala Abende oder ein bissel Show im Restaurant sucht man vergebens-kann ja auch\u00a0 bei einer offenen Tischzeit nicht funktionieren.<\/p>\n<p style=\"text-align: left;\">Daf\u00fcr aber gab es ein guten Tanzlehrerteam an Bord, 2 sch\u00f6ne Partys auf Deck und in der Grand Bar teilweise schon wirklich gute Stimmung.<\/p>\n<p style=\"text-align: left;\">Die Shows haben wir fast nie besucht, nur vorbei geschaut, da kann die neoRiviera nicht so punkten wir die gro\u00dfen Schiffe mit ihren gro\u00dfen B\u00fchnen.<\/p>\n<p style=\"text-align: left;\">Unverst\u00e4ndlich warum das Restaurant Saint Tropez auf unserer Reise nicht einmal benutzt wurde, warum man am Pooldeck das gesamte Heck des Schiffes als Ballspielplatz ausweist, der dann vollkommen ungenutzt bleibt. So sind die sch\u00f6nsten Au\u00dfenpl\u00e4tze nicht zug\u00e4nglich oder zum sitzen nutzbar.<\/p>\n<p style=\"text-align: left;\">Daf\u00fcr waren am B\u00fcffetrestaurant immer Pl\u00e4tze drau\u00dfen frei, \u00fcberhaupt war das B\u00fcffet recht gut sortiert und Gedr\u00e4nge blieb auf unserer Reise weitgehend aus.<\/p>\n<p style=\"text-align: left;\">Die Route wie auch das Schiff w\u00fcrde ich gerne noch einmal fahren, wer Neo Schiffe bucht sollte sich aber im klaren dar\u00fcber sein das es andere Abl\u00e4ufe gibt wie sonst bei Costa gewohnt. Man kann nicht eine Kreuzfahrt mit offener Tischzeit buchen und dann einen italienische Abend -wie er bei Costa sonst \u00fcblich ist- erwarten.<\/p>\n<p style=\"text-align: left;\">Daf\u00fcr gibt es immer freie Liegen, immer einen freien Sitzplatz in den Korbm\u00f6beln am Pooldeck, guten Service, Personal das sich auch am n\u00e4chsten Tag an die G\u00e4ste erinnern kann, Ruhe zum lesen oder Wasser gucken.<\/p>\n<p style=\"text-align: left;\">Gerade dieses andere war eine willkommene Abwechslung nach 12 Kreuzfahrten auf den gro\u00dfen Schiffen.<\/p>\n<p style=\"text-align: left;\">Und jetzt freuen wir uns im Januar auf unsere 14. Kreuzfahrt auf der doch eher wuseligen Costa Fortuna, auf feste Tischzeiten, Kinder an Bord &#8230;&#8230;&#8230;.<\/p>\n<p style=\"text-align: center;\">Kapit\u00e4n: Paolo Fusarini<\/p>\n<p style=\"text-align: center;\">zur\u00fcckgelegte Seemeilen: 1750<\/p>\n<figure id=\"attachment_1493\" aria-describedby=\"caption-attachment-1493\" style=\"width: 300px\" class=\"wp-caption aligncenter\"><a href=\"http:\/\/www.lindenhausen.de\/blog\/wp-content\/uploads\/2015\/11\/K1024_DSC_2209.jpg\"><img decoding=\"async\" loading=\"lazy\" class=\"size-medium wp-image-1493\" src=\"http:\/\/www.lindenhausen.de\/blog\/wp-content\/uploads\/2015\/11\/K1024_DSC_2209-300x199.jpg\" alt=\"Aussenansicht\" width=\"300\" height=\"199\" srcset=\"http:\/\/www.lindenhausen.de\/blog\/wp-content\/uploads\/2015\/11\/K1024_DSC_2209-300x199.jpg 300w, http:\/\/www.lindenhausen.de\/blog\/wp-content\/uploads\/2015\/11\/K1024_DSC_2209-1024x678.jpg 1024w, http:\/\/www.lindenhausen.de\/blog\/wp-content\/uploads\/2015\/11\/K1024_DSC_2209.jpg 1160w\" sizes=\"(max-width: 300px) 100vw, 300px\" \/><\/a><figcaption id=\"caption-attachment-1493\" class=\"wp-caption-text\">Aussenansicht<\/figcaption><\/figure>\n<p style=\"text-align: center;\"><a title=\"Costa neoRiviera\" href=\"http:\/\/www.lindenhausen.de\/blog\/schiffe\/costa-neoriviera\/\">zu den Schiffsbildern der neoRiviera<\/a><\/p>\n","protected":false},"excerpt":{"rendered":"<p>21.09. Auch in der letzten Nacht schliefen wir ausnehmend gut und als wir wieder aufwachten waren wir schon in Savona. 10:45 sollten wir von Bord gehen, erstaunlicherweise bekamen wir auch heute drau\u00dfen am Heck einen Sitzplatz zum Fr\u00fchst\u00fcck, zu dem wir uns viel Zeit lie\u00dfen. Gegen 10:00 Uhr wechselten wir an die Poolbar, Cappuccino und &hellip; <a href=\"http:\/\/www.lindenhausen.de\/blog\/reiseberichte-costa\/costa-neoriviera-09-2015\/savona-heimreise-fazit\/\" class=\"more-link\"><span class=\"screen-reader-text\">Savona-Heimreise-Fazit<\/span> weiterlesen <span class=\"meta-nav\">&rarr;<\/span><\/a><\/p>\n","protected":false},"author":1,"featured_media":0,"parent":1131,"menu_order":11,"comment_status":"open","ping_status":"open","template":"","meta":{"_monsterinsights_skip_tracking":false,"_monsterinsights_sitenote_active":false,"_monsterinsights_sitenote_note":"","_monsterinsights_sitenote_category":0},"yoast_head":"<!-- This site is optimized with the Yoast SEO plugin v21.0 - https:\/\/yoast.com\/wordpress\/plugins\/seo\/ -->\n<title>Savona-Heimreise-Fazit - Lindenhausen-weil Reisen Spa\u00df macht<\/title>\n<meta name=\"robots\" content=\"index, follow, max-snippet:-1, max-image-preview:large, max-video-preview:-1\" \/>\n<link rel=\"canonical\" href=\"https:\/\/www.lindenhausen.de\/blog\/reiseberichte-costa\/costa-neoriviera-09-2015\/savona-heimreise-fazit\/\" \/>\n<meta property=\"og:locale\" content=\"de_DE\" \/>\n<meta property=\"og:type\" content=\"article\" \/>\n<meta property=\"og:title\" content=\"Savona-Heimreise-Fazit - Lindenhausen-weil Reisen Spa\u00df macht\" \/>\n<meta property=\"og:description\" content=\"21.09. Auch in der letzten Nacht schliefen wir ausnehmend gut und als wir wieder aufwachten waren wir schon in Savona. 10:45 sollten wir von Bord gehen, erstaunlicherweise bekamen wir auch heute drau\u00dfen am Heck einen Sitzplatz zum Fr\u00fchst\u00fcck, zu dem wir uns viel Zeit lie\u00dfen. Gegen 10:00 Uhr wechselten wir an die Poolbar, Cappuccino und &hellip; Savona-Heimreise-Fazit weiterlesen &rarr;\" \/>\n<meta property=\"og:url\" content=\"https:\/\/www.lindenhausen.de\/blog\/reiseberichte-costa\/costa-neoriviera-09-2015\/savona-heimreise-fazit\/\" \/>\n<meta property=\"og:site_name\" content=\"Lindenhausen-weil Reisen Spa\u00df macht\" \/>\n<meta property=\"article:publisher\" content=\"http:\/\/www.facebook.com\/Lindenhausen\/\" \/>\n<meta property=\"article:modified_time\" content=\"2015-11-26T09:42:58+00:00\" \/>\n<meta property=\"og:image\" content=\"http:\/\/www.lindenhausen.de\/blog\/wp-content\/uploads\/2015\/11\/K1024_DSC_1438-300x199.jpg\" \/>\n<meta name=\"twitter:card\" content=\"summary_large_image\" \/>\n<meta name=\"twitter:site\" content=\"@Maxilinde\" \/>\n<meta name=\"twitter:label1\" content=\"Gesch\u00e4tzte Lesezeit\" \/>\n\t<meta name=\"twitter:data1\" content=\"4\u00a0Minuten\" \/>\n<script type=\"application\/ld+json\" class=\"yoast-schema-graph\">{\"@context\":\"https:\/\/schema.org\",\"@graph\":[{\"@type\":\"WebPage\",\"@id\":\"https:\/\/www.lindenhausen.de\/blog\/reiseberichte-costa\/costa-neoriviera-09-2015\/savona-heimreise-fazit\/\",\"url\":\"https:\/\/www.lindenhausen.de\/blog\/reiseberichte-costa\/costa-neoriviera-09-2015\/savona-heimreise-fazit\/\",\"name\":\"Savona-Heimreise-Fazit - Lindenhausen-weil Reisen Spa\u00df macht\",\"isPartOf\":{\"@id\":\"https:\/\/www.lindenhausen.de\/blog\/#website\"},\"datePublished\":\"2015-11-18T21:47:53+00:00\",\"dateModified\":\"2015-11-26T09:42:58+00:00\",\"breadcrumb\":{\"@id\":\"https:\/\/www.lindenhausen.de\/blog\/reiseberichte-costa\/costa-neoriviera-09-2015\/savona-heimreise-fazit\/#breadcrumb\"},\"inLanguage\":\"de\",\"potentialAction\":[{\"@type\":\"ReadAction\",\"target\":[\"https:\/\/www.lindenhausen.de\/blog\/reiseberichte-costa\/costa-neoriviera-09-2015\/savona-heimreise-fazit\/\"]}]},{\"@type\":\"BreadcrumbList\",\"@id\":\"https:\/\/www.lindenhausen.de\/blog\/reiseberichte-costa\/costa-neoriviera-09-2015\/savona-heimreise-fazit\/#breadcrumb\",\"itemListElement\":[{\"@type\":\"ListItem\",\"position\":1,\"name\":\"Startseite\",\"item\":\"https:\/\/www.lindenhausen.de\/blog\/\"},{\"@type\":\"ListItem\",\"position\":2,\"name\":\"Reiseberichte Costa Kreuzfahrten\",\"item\":\"http:\/\/www.lindenhausen.de\/blog\/reiseberichte-costa\/\"},{\"@type\":\"ListItem\",\"position\":3,\"name\":\"Costa neoRiviera 09.2015\",\"item\":\"http:\/\/www.lindenhausen.de\/blog\/reiseberichte-costa\/costa-neoriviera-09-2015\/\"},{\"@type\":\"ListItem\",\"position\":4,\"name\":\"Savona-Heimreise-Fazit\"}]},{\"@type\":\"WebSite\",\"@id\":\"https:\/\/www.lindenhausen.de\/blog\/#website\",\"url\":\"https:\/\/www.lindenhausen.de\/blog\/\",\"name\":\"Lindenhausen-weil Reisen Spa\u00df macht\",\"description\":\"Reisen und Kreuzfahrten, Reiseberichte, Kreuzfahrtforum\",\"potentialAction\":[{\"@type\":\"SearchAction\",\"target\":{\"@type\":\"EntryPoint\",\"urlTemplate\":\"https:\/\/www.lindenhausen.de\/blog\/?s={search_term_string}\"},\"query-input\":\"required name=search_term_string\"}],\"inLanguage\":\"de\"}]}<\/script>\n<!-- \/ Yoast SEO plugin. -->","yoast_head_json":{"title":"Savona-Heimreise-Fazit - Lindenhausen-weil Reisen Spa\u00df macht","robots":{"index":"index","follow":"follow","max-snippet":"max-snippet:-1","max-image-preview":"max-image-preview:large","max-video-preview":"max-video-preview:-1"},"canonical":"https:\/\/www.lindenhausen.de\/blog\/reiseberichte-costa\/costa-neoriviera-09-2015\/savona-heimreise-fazit\/","og_locale":"de_DE","og_type":"article","og_title":"Savona-Heimreise-Fazit - Lindenhausen-weil Reisen Spa\u00df macht","og_description":"21.09. Auch in der letzten Nacht schliefen wir ausnehmend gut und als wir wieder aufwachten waren wir schon in Savona. 10:45 sollten wir von Bord gehen, erstaunlicherweise bekamen wir auch heute drau\u00dfen am Heck einen Sitzplatz zum Fr\u00fchst\u00fcck, zu dem wir uns viel Zeit lie\u00dfen. Gegen 10:00 Uhr wechselten wir an die Poolbar, Cappuccino und &hellip; Savona-Heimreise-Fazit weiterlesen &rarr;","og_url":"https:\/\/www.lindenhausen.de\/blog\/reiseberichte-costa\/costa-neoriviera-09-2015\/savona-heimreise-fazit\/","og_site_name":"Lindenhausen-weil Reisen Spa\u00df macht","article_publisher":"http:\/\/www.facebook.com\/Lindenhausen\/","article_modified_time":"2015-11-26T09:42:58+00:00","og_image":[{"url":"http:\/\/www.lindenhausen.de\/blog\/wp-content\/uploads\/2015\/11\/K1024_DSC_1438-300x199.jpg"}],"twitter_card":"summary_large_image","twitter_site":"@Maxilinde","twitter_misc":{"Gesch\u00e4tzte Lesezeit":"4\u00a0Minuten"},"schema":{"@context":"https:\/\/schema.org","@graph":[{"@type":"WebPage","@id":"https:\/\/www.lindenhausen.de\/blog\/reiseberichte-costa\/costa-neoriviera-09-2015\/savona-heimreise-fazit\/","url":"https:\/\/www.lindenhausen.de\/blog\/reiseberichte-costa\/costa-neoriviera-09-2015\/savona-heimreise-fazit\/","name":"Savona-Heimreise-Fazit - Lindenhausen-weil Reisen Spa\u00df macht","isPartOf":{"@id":"https:\/\/www.lindenhausen.de\/blog\/#website"},"datePublished":"2015-11-18T21:47:53+00:00","dateModified":"2015-11-26T09:42:58+00:00","breadcrumb":{"@id":"https:\/\/www.lindenhausen.de\/blog\/reiseberichte-costa\/costa-neoriviera-09-2015\/savona-heimreise-fazit\/#breadcrumb"},"inLanguage":"de","potentialAction":[{"@type":"ReadAction","target":["https:\/\/www.lindenhausen.de\/blog\/reiseberichte-costa\/costa-neoriviera-09-2015\/savona-heimreise-fazit\/"]}]},{"@type":"BreadcrumbList","@id":"https:\/\/www.lindenhausen.de\/blog\/reiseberichte-costa\/costa-neoriviera-09-2015\/savona-heimreise-fazit\/#breadcrumb","itemListElement":[{"@type":"ListItem","position":1,"name":"Startseite","item":"https:\/\/www.lindenhausen.de\/blog\/"},{"@type":"ListItem","position":2,"name":"Reiseberichte Costa Kreuzfahrten","item":"http:\/\/www.lindenhausen.de\/blog\/reiseberichte-costa\/"},{"@type":"ListItem","position":3,"name":"Costa neoRiviera 09.2015","item":"http:\/\/www.lindenhausen.de\/blog\/reiseberichte-costa\/costa-neoriviera-09-2015\/"},{"@type":"ListItem","position":4,"name":"Savona-Heimreise-Fazit"}]},{"@type":"WebSite","@id":"https:\/\/www.lindenhausen.de\/blog\/#website","url":"https:\/\/www.lindenhausen.de\/blog\/","name":"Lindenhausen-weil Reisen Spa\u00df macht","description":"Reisen und Kreuzfahrten, Reiseberichte, Kreuzfahrtforum","potentialAction":[{"@type":"SearchAction","target":{"@type":"EntryPoint","urlTemplate":"https:\/\/www.lindenhausen.de\/blog\/?s={search_term_string}"},"query-input":"required name=search_term_string"}],"inLanguage":"de"}]}},"_links":{"self":[{"href":"http:\/\/www.lindenhausen.de\/blog\/wp-json\/wp\/v2\/pages\/1418"}],"collection":[{"href":"http:\/\/www.lindenhausen.de\/blog\/wp-json\/wp\/v2\/pages"}],"about":[{"href":"http:\/\/www.lindenhausen.de\/blog\/wp-json\/wp\/v2\/types\/page"}],"author":[{"embeddable":true,"href":"http:\/\/www.lindenhausen.de\/blog\/wp-json\/wp\/v2\/users\/1"}],"replies":[{"embeddable":true,"href":"http:\/\/www.lindenhausen.de\/blog\/wp-json\/wp\/v2\/comments?post=1418"}],"version-history":[{"count":9,"href":"http:\/\/www.lindenhausen.de\/blog\/wp-json\/wp\/v2\/pages\/1418\/revisions"}],"predecessor-version":[{"id":1527,"href":"http:\/\/www.lindenhausen.de\/blog\/wp-json\/wp\/v2\/pages\/1418\/revisions\/1527"}],"up":[{"embeddable":true,"href":"http:\/\/www.lindenhausen.de\/blog\/wp-json\/wp\/v2\/pages\/1131"}],"wp:attachment":[{"href":"http:\/\/www.lindenhausen.de\/blog\/wp-json\/wp\/v2\/media?parent=1418"}],"curies":[{"name":"wp","href":"https:\/\/api.w.org\/{rel}","templated":true}]}}