{"id":1416,"date":"2015-11-18T22:43:55","date_gmt":"2015-11-18T21:43:55","guid":{"rendered":"http:\/\/www.lindenhausen.de\/blog\/?page_id=1416"},"modified":"2015-11-22T11:17:38","modified_gmt":"2015-11-22T10:17:38","slug":"portoferraio-elba","status":"publish","type":"page","link":"http:\/\/www.lindenhausen.de\/blog\/reiseberichte-costa\/costa-neoriviera-09-2015\/portoferraio-elba\/","title":{"rendered":"Portoferraio-Elba"},"content":{"rendered":"<p style=\"text-align: center;\">20.09.<\/p>\n<p>Portoferraio, Elba, ganz am Anfang unserer Reise waren wir in Ajaccio, dem Geburtsort Napoleons, es kam mit vor als w\u00e4re es ewig her, so viele Eindr\u00fccke waren dazugekommen. Nun also Elba, sein Exil.<br \/>\nGleich vor dem Schiff erwartete uns ein Wochenmarkt, viel Kleidung, nichts f\u00fcr uns.<br \/>\nDaf\u00fcr aber ein h\u00fcbscher Ort mit kleinen Gassen, recht einfach aber einfach h\u00fcbsch.<\/p>\n<p style=\"text-align: left;\"><a href=\"http:\/\/www.lindenhausen.de\/blog\/wp-content\/uploads\/2015\/10\/K1024_DSC_0074.jpg\"><img decoding=\"async\" loading=\"lazy\" class=\"aligncenter size-medium wp-image-1151\" src=\"http:\/\/www.lindenhausen.de\/blog\/wp-content\/uploads\/2015\/10\/K1024_DSC_0074-300x199.jpg\" alt=\"K1024_DSC_0074\" width=\"300\" height=\"199\" srcset=\"http:\/\/www.lindenhausen.de\/blog\/wp-content\/uploads\/2015\/10\/K1024_DSC_0074-300x199.jpg 300w, http:\/\/www.lindenhausen.de\/blog\/wp-content\/uploads\/2015\/10\/K1024_DSC_0074-1024x678.jpg 1024w, http:\/\/www.lindenhausen.de\/blog\/wp-content\/uploads\/2015\/10\/K1024_DSC_0074.jpg 1160w\" sizes=\"(max-width: 300px) 100vw, 300px\" \/><\/a><br \/>\nErst einmal machten wir uns auf den Weg zur Festung, innen besichtigen wollten wir sie nicht aber die Aussicht von da oben anschauen.<\/p>\n<p style=\"text-align: center;\"><a href=\"http:\/\/www.lindenhausen.de\/blog\/wp-content\/uploads\/2015\/11\/K1024_DSC_2234.jpg\"><img decoding=\"async\" loading=\"lazy\" class=\"aligncenter size-medium wp-image-1405\" src=\"http:\/\/www.lindenhausen.de\/blog\/wp-content\/uploads\/2015\/11\/K1024_DSC_2234-300x199.jpg\" alt=\"Elba2\" width=\"300\" height=\"199\" srcset=\"http:\/\/www.lindenhausen.de\/blog\/wp-content\/uploads\/2015\/11\/K1024_DSC_2234-300x199.jpg 300w, http:\/\/www.lindenhausen.de\/blog\/wp-content\/uploads\/2015\/11\/K1024_DSC_2234-1024x678.jpg 1024w, http:\/\/www.lindenhausen.de\/blog\/wp-content\/uploads\/2015\/11\/K1024_DSC_2234.jpg 1160w\" sizes=\"(max-width: 300px) 100vw, 300px\" \/><\/a> <a href=\"http:\/\/www.lindenhausen.de\/blog\/wp-content\/uploads\/2015\/11\/K1024_DSC_2230.jpg\"><img decoding=\"async\" loading=\"lazy\" class=\"aligncenter size-medium wp-image-1404\" src=\"http:\/\/www.lindenhausen.de\/blog\/wp-content\/uploads\/2015\/11\/K1024_DSC_2230-300x199.jpg\" alt=\"Elba1\" width=\"300\" height=\"199\" srcset=\"http:\/\/www.lindenhausen.de\/blog\/wp-content\/uploads\/2015\/11\/K1024_DSC_2230-300x199.jpg 300w, http:\/\/www.lindenhausen.de\/blog\/wp-content\/uploads\/2015\/11\/K1024_DSC_2230-1024x678.jpg 1024w, http:\/\/www.lindenhausen.de\/blog\/wp-content\/uploads\/2015\/11\/K1024_DSC_2230.jpg 1160w\" sizes=\"(max-width: 300px) 100vw, 300px\" \/><\/a> <a href=\"http:\/\/www.lindenhausen.de\/blog\/wp-content\/uploads\/2015\/10\/K1024_DSC_0004.jpg\"><img decoding=\"async\" loading=\"lazy\" class=\"aligncenter size-medium wp-image-1133\" src=\"http:\/\/www.lindenhausen.de\/blog\/wp-content\/uploads\/2015\/10\/K1024_DSC_0004-300x199.jpg\" alt=\"K1024_DSC_0004\" width=\"300\" height=\"199\" srcset=\"http:\/\/www.lindenhausen.de\/blog\/wp-content\/uploads\/2015\/10\/K1024_DSC_0004-300x199.jpg 300w, http:\/\/www.lindenhausen.de\/blog\/wp-content\/uploads\/2015\/10\/K1024_DSC_0004-1024x678.jpg 1024w, http:\/\/www.lindenhausen.de\/blog\/wp-content\/uploads\/2015\/10\/K1024_DSC_0004.jpg 1160w\" sizes=\"(max-width: 300px) 100vw, 300px\" \/><\/a><\/p>\n<p style=\"text-align: left;\">Dann machten wir uns auf den Weg zur Villa Mulini, der Winterresidenz von Napoleon, die er im ersten Exil nutzte.<br \/>\n5\u20ac Eintritt die lohnen, so ganz schlecht hat er da nicht gelebt. Sehenswert auch der sch\u00f6n angelegte Garten.<\/p>\n<p style=\"text-align: center;\"><a href=\"http:\/\/www.lindenhausen.de\/blog\/wp-content\/uploads\/2015\/10\/K1024_DSC_0008.jpg\"><img decoding=\"async\" loading=\"lazy\" class=\"aligncenter size-medium wp-image-1134\" src=\"http:\/\/www.lindenhausen.de\/blog\/wp-content\/uploads\/2015\/10\/K1024_DSC_0008-300x199.jpg\" alt=\"Villa 1\" width=\"300\" height=\"199\" srcset=\"http:\/\/www.lindenhausen.de\/blog\/wp-content\/uploads\/2015\/10\/K1024_DSC_0008-300x199.jpg 300w, http:\/\/www.lindenhausen.de\/blog\/wp-content\/uploads\/2015\/10\/K1024_DSC_0008-1024x678.jpg 1024w, http:\/\/www.lindenhausen.de\/blog\/wp-content\/uploads\/2015\/10\/K1024_DSC_0008.jpg 1160w\" sizes=\"(max-width: 300px) 100vw, 300px\" \/><\/a> <a href=\"http:\/\/www.lindenhausen.de\/blog\/wp-content\/uploads\/2015\/10\/K1024_DSC_0011.jpg\"><img decoding=\"async\" loading=\"lazy\" class=\"aligncenter size-medium wp-image-1135\" src=\"http:\/\/www.lindenhausen.de\/blog\/wp-content\/uploads\/2015\/10\/K1024_DSC_0011-300x199.jpg\" alt=\"Villa2\" width=\"300\" height=\"199\" srcset=\"http:\/\/www.lindenhausen.de\/blog\/wp-content\/uploads\/2015\/10\/K1024_DSC_0011-300x199.jpg 300w, http:\/\/www.lindenhausen.de\/blog\/wp-content\/uploads\/2015\/10\/K1024_DSC_0011-1024x678.jpg 1024w, http:\/\/www.lindenhausen.de\/blog\/wp-content\/uploads\/2015\/10\/K1024_DSC_0011.jpg 1160w\" sizes=\"(max-width: 300px) 100vw, 300px\" \/><\/a> <a href=\"http:\/\/www.lindenhausen.de\/blog\/wp-content\/uploads\/2015\/10\/K1024_DSC_0015-e1447925736292.jpg\"><img decoding=\"async\" loading=\"lazy\" class=\"aligncenter size-medium wp-image-1136\" src=\"http:\/\/www.lindenhausen.de\/blog\/wp-content\/uploads\/2015\/10\/K1024_DSC_0015-e1447925736292-199x300.jpg\" alt=\"Villa3\" width=\"199\" height=\"300\" srcset=\"http:\/\/www.lindenhausen.de\/blog\/wp-content\/uploads\/2015\/10\/K1024_DSC_0015-e1447925736292-199x300.jpg 199w, http:\/\/www.lindenhausen.de\/blog\/wp-content\/uploads\/2015\/10\/K1024_DSC_0015-e1447925736292-678x1024.jpg 678w, http:\/\/www.lindenhausen.de\/blog\/wp-content\/uploads\/2015\/10\/K1024_DSC_0015-e1447925736292.jpg 768w\" sizes=\"(max-width: 199px) 100vw, 199px\" \/><\/a> <a href=\"http:\/\/www.lindenhausen.de\/blog\/wp-content\/uploads\/2015\/10\/K1024_DSC_0024.jpg\"><img decoding=\"async\" loading=\"lazy\" class=\"aligncenter size-medium wp-image-1138\" src=\"http:\/\/www.lindenhausen.de\/blog\/wp-content\/uploads\/2015\/10\/K1024_DSC_0024-300x199.jpg\" alt=\"Villa5\" width=\"300\" height=\"199\" srcset=\"http:\/\/www.lindenhausen.de\/blog\/wp-content\/uploads\/2015\/10\/K1024_DSC_0024-300x199.jpg 300w, http:\/\/www.lindenhausen.de\/blog\/wp-content\/uploads\/2015\/10\/K1024_DSC_0024-1024x678.jpg 1024w, http:\/\/www.lindenhausen.de\/blog\/wp-content\/uploads\/2015\/10\/K1024_DSC_0024.jpg 1160w\" sizes=\"(max-width: 300px) 100vw, 300px\" \/><\/a> <a href=\"http:\/\/www.lindenhausen.de\/blog\/wp-content\/uploads\/2015\/10\/K1024_DSC_0026.jpg\"><img decoding=\"async\" loading=\"lazy\" class=\"aligncenter size-medium wp-image-1139\" src=\"http:\/\/www.lindenhausen.de\/blog\/wp-content\/uploads\/2015\/10\/K1024_DSC_0026-300x199.jpg\" alt=\"Villa6\" width=\"300\" height=\"199\" srcset=\"http:\/\/www.lindenhausen.de\/blog\/wp-content\/uploads\/2015\/10\/K1024_DSC_0026-300x199.jpg 300w, http:\/\/www.lindenhausen.de\/blog\/wp-content\/uploads\/2015\/10\/K1024_DSC_0026-1024x678.jpg 1024w, http:\/\/www.lindenhausen.de\/blog\/wp-content\/uploads\/2015\/10\/K1024_DSC_0026.jpg 1160w\" sizes=\"(max-width: 300px) 100vw, 300px\" \/><\/a><\/p>\n<p style=\"text-align: left;\">-wo der Kaiser zu Fu\u00df hingeht- \ud83d\ude09<a href=\"http:\/\/www.lindenhausen.de\/blog\/wp-content\/uploads\/2015\/10\/K1024_DSC_0016.jpg\"><img decoding=\"async\" loading=\"lazy\" class=\"aligncenter size-medium wp-image-1137\" src=\"http:\/\/www.lindenhausen.de\/blog\/wp-content\/uploads\/2015\/10\/K1024_DSC_0016-300x199.jpg\" alt=\"Villa 4\" width=\"300\" height=\"199\" srcset=\"http:\/\/www.lindenhausen.de\/blog\/wp-content\/uploads\/2015\/10\/K1024_DSC_0016-300x199.jpg 300w, http:\/\/www.lindenhausen.de\/blog\/wp-content\/uploads\/2015\/10\/K1024_DSC_0016-1024x678.jpg 1024w, http:\/\/www.lindenhausen.de\/blog\/wp-content\/uploads\/2015\/10\/K1024_DSC_0016.jpg 1160w\" sizes=\"(max-width: 300px) 100vw, 300px\" \/><\/a> <a href=\"http:\/\/www.lindenhausen.de\/blog\/wp-content\/uploads\/2015\/10\/K1024_DSC_0031.jpg\"><img decoding=\"async\" loading=\"lazy\" class=\"aligncenter size-medium wp-image-1140\" src=\"http:\/\/www.lindenhausen.de\/blog\/wp-content\/uploads\/2015\/10\/K1024_DSC_0031-300x199.jpg\" alt=\"Villa7\" width=\"300\" height=\"199\" srcset=\"http:\/\/www.lindenhausen.de\/blog\/wp-content\/uploads\/2015\/10\/K1024_DSC_0031-300x199.jpg 300w, http:\/\/www.lindenhausen.de\/blog\/wp-content\/uploads\/2015\/10\/K1024_DSC_0031-1024x678.jpg 1024w, http:\/\/www.lindenhausen.de\/blog\/wp-content\/uploads\/2015\/10\/K1024_DSC_0031.jpg 1160w\" sizes=\"(max-width: 300px) 100vw, 300px\" \/><\/a> <a href=\"http:\/\/www.lindenhausen.de\/blog\/wp-content\/uploads\/2015\/10\/K1024_DSC_0035-e1447925811123.jpg\"><img decoding=\"async\" loading=\"lazy\" class=\"aligncenter size-medium wp-image-1141\" src=\"http:\/\/www.lindenhausen.de\/blog\/wp-content\/uploads\/2015\/10\/K1024_DSC_0035-e1447925811123-199x300.jpg\" alt=\"Villa 8\" width=\"199\" height=\"300\" srcset=\"http:\/\/www.lindenhausen.de\/blog\/wp-content\/uploads\/2015\/10\/K1024_DSC_0035-e1447925811123-199x300.jpg 199w, http:\/\/www.lindenhausen.de\/blog\/wp-content\/uploads\/2015\/10\/K1024_DSC_0035-e1447925811123-678x1024.jpg 678w, http:\/\/www.lindenhausen.de\/blog\/wp-content\/uploads\/2015\/10\/K1024_DSC_0035-e1447925811123.jpg 768w\" sizes=\"(max-width: 199px) 100vw, 199px\" \/><\/a> <a href=\"http:\/\/www.lindenhausen.de\/blog\/wp-content\/uploads\/2015\/10\/K1024_DSC_0038.jpg\"><img decoding=\"async\" loading=\"lazy\" class=\"aligncenter size-medium wp-image-1142\" src=\"http:\/\/www.lindenhausen.de\/blog\/wp-content\/uploads\/2015\/10\/K1024_DSC_0038-300x199.jpg\" alt=\"Villa9\" width=\"300\" height=\"199\" srcset=\"http:\/\/www.lindenhausen.de\/blog\/wp-content\/uploads\/2015\/10\/K1024_DSC_0038-300x199.jpg 300w, http:\/\/www.lindenhausen.de\/blog\/wp-content\/uploads\/2015\/10\/K1024_DSC_0038-1024x678.jpg 1024w, http:\/\/www.lindenhausen.de\/blog\/wp-content\/uploads\/2015\/10\/K1024_DSC_0038.jpg 1160w\" sizes=\"(max-width: 300px) 100vw, 300px\" \/><\/a> <a href=\"http:\/\/www.lindenhausen.de\/blog\/wp-content\/uploads\/2015\/10\/K1024_DSC_0039.jpg\"><img decoding=\"async\" loading=\"lazy\" class=\"aligncenter size-medium wp-image-1143\" src=\"http:\/\/www.lindenhausen.de\/blog\/wp-content\/uploads\/2015\/10\/K1024_DSC_0039-300x199.jpg\" alt=\"Villa 10\" width=\"300\" height=\"199\" srcset=\"http:\/\/www.lindenhausen.de\/blog\/wp-content\/uploads\/2015\/10\/K1024_DSC_0039-300x199.jpg 300w, http:\/\/www.lindenhausen.de\/blog\/wp-content\/uploads\/2015\/10\/K1024_DSC_0039-1024x678.jpg 1024w, http:\/\/www.lindenhausen.de\/blog\/wp-content\/uploads\/2015\/10\/K1024_DSC_0039.jpg 1160w\" sizes=\"(max-width: 300px) 100vw, 300px\" \/><\/a> <a href=\"http:\/\/www.lindenhausen.de\/blog\/wp-content\/uploads\/2015\/10\/K1024_DSC_0042.jpg\"><img decoding=\"async\" loading=\"lazy\" class=\"aligncenter size-medium wp-image-1144\" src=\"http:\/\/www.lindenhausen.de\/blog\/wp-content\/uploads\/2015\/10\/K1024_DSC_0042-300x199.jpg\" alt=\"Villa 11\" width=\"300\" height=\"199\" srcset=\"http:\/\/www.lindenhausen.de\/blog\/wp-content\/uploads\/2015\/10\/K1024_DSC_0042-300x199.jpg 300w, http:\/\/www.lindenhausen.de\/blog\/wp-content\/uploads\/2015\/10\/K1024_DSC_0042-1024x678.jpg 1024w, http:\/\/www.lindenhausen.de\/blog\/wp-content\/uploads\/2015\/10\/K1024_DSC_0042.jpg 1160w\" sizes=\"(max-width: 300px) 100vw, 300px\" \/><\/a><br \/>\nDann ging es wieder Richtung Stadt und Hafen, wir besichtigten eine der zwei Kirchen und spazierten einfach ziellos umher.<\/p>\n<p style=\"text-align: center;\"><a href=\"http:\/\/www.lindenhausen.de\/blog\/wp-content\/uploads\/2015\/10\/K1024_DSC_0048.jpg\"><img decoding=\"async\" loading=\"lazy\" class=\"aligncenter size-medium wp-image-1145\" src=\"http:\/\/www.lindenhausen.de\/blog\/wp-content\/uploads\/2015\/10\/K1024_DSC_0048-300x199.jpg\" alt=\"Elba3\" width=\"300\" height=\"199\" srcset=\"http:\/\/www.lindenhausen.de\/blog\/wp-content\/uploads\/2015\/10\/K1024_DSC_0048-300x199.jpg 300w, http:\/\/www.lindenhausen.de\/blog\/wp-content\/uploads\/2015\/10\/K1024_DSC_0048-1024x678.jpg 1024w, http:\/\/www.lindenhausen.de\/blog\/wp-content\/uploads\/2015\/10\/K1024_DSC_0048.jpg 1160w\" sizes=\"(max-width: 300px) 100vw, 300px\" \/><\/a> <a href=\"http:\/\/www.lindenhausen.de\/blog\/wp-content\/uploads\/2015\/10\/K1024_DSC_0051-e1447925863661.jpg\"><img decoding=\"async\" loading=\"lazy\" class=\"aligncenter size-medium wp-image-1146\" src=\"http:\/\/www.lindenhausen.de\/blog\/wp-content\/uploads\/2015\/10\/K1024_DSC_0051-e1447925863661-199x300.jpg\" alt=\"Elba Kirche\" width=\"199\" height=\"300\" srcset=\"http:\/\/www.lindenhausen.de\/blog\/wp-content\/uploads\/2015\/10\/K1024_DSC_0051-e1447925863661-199x300.jpg 199w, http:\/\/www.lindenhausen.de\/blog\/wp-content\/uploads\/2015\/10\/K1024_DSC_0051-e1447925863661-678x1024.jpg 678w, http:\/\/www.lindenhausen.de\/blog\/wp-content\/uploads\/2015\/10\/K1024_DSC_0051-e1447925863661.jpg 768w\" sizes=\"(max-width: 199px) 100vw, 199px\" \/><\/a> <a href=\"http:\/\/www.lindenhausen.de\/blog\/wp-content\/uploads\/2015\/10\/K1024_DSC_0058.jpg\"><img decoding=\"async\" loading=\"lazy\" class=\"aligncenter size-medium wp-image-1147\" src=\"http:\/\/www.lindenhausen.de\/blog\/wp-content\/uploads\/2015\/10\/K1024_DSC_0058-300x199.jpg\" alt=\"Elba4\" width=\"300\" height=\"199\" srcset=\"http:\/\/www.lindenhausen.de\/blog\/wp-content\/uploads\/2015\/10\/K1024_DSC_0058-300x199.jpg 300w, http:\/\/www.lindenhausen.de\/blog\/wp-content\/uploads\/2015\/10\/K1024_DSC_0058-1024x678.jpg 1024w, http:\/\/www.lindenhausen.de\/blog\/wp-content\/uploads\/2015\/10\/K1024_DSC_0058.jpg 1160w\" sizes=\"(max-width: 300px) 100vw, 300px\" \/><\/a><br \/>\nDurch die Porta del Mare erreichten wir dann den Hafen.<br \/>\nHier wurden wir dann kurz auf Zeitreise geschickt.<\/p>\n<p style=\"text-align: center;\"><a href=\"http:\/\/www.lindenhausen.de\/blog\/wp-content\/uploads\/2015\/10\/K1024_DSC_0060.jpg\"><img decoding=\"async\" loading=\"lazy\" class=\"aligncenter size-medium wp-image-1148\" src=\"http:\/\/www.lindenhausen.de\/blog\/wp-content\/uploads\/2015\/10\/K1024_DSC_0060-300x199.jpg\" alt=\"Elba5\" width=\"300\" height=\"199\" srcset=\"http:\/\/www.lindenhausen.de\/blog\/wp-content\/uploads\/2015\/10\/K1024_DSC_0060-300x199.jpg 300w, http:\/\/www.lindenhausen.de\/blog\/wp-content\/uploads\/2015\/10\/K1024_DSC_0060-1024x678.jpg 1024w, http:\/\/www.lindenhausen.de\/blog\/wp-content\/uploads\/2015\/10\/K1024_DSC_0060.jpg 1160w\" sizes=\"(max-width: 300px) 100vw, 300px\" \/><\/a><br \/>\nEine Auto Rallye war auch unterwegs, hier durften ausschlie\u00dflich Ferraris starten.<\/p>\n<p style=\"text-align: center;\"><a href=\"http:\/\/www.lindenhausen.de\/blog\/wp-content\/uploads\/2015\/10\/K1024_DSC_0066.jpg\"><img decoding=\"async\" loading=\"lazy\" class=\"aligncenter size-medium wp-image-1149\" src=\"http:\/\/www.lindenhausen.de\/blog\/wp-content\/uploads\/2015\/10\/K1024_DSC_0066-300x199.jpg\" alt=\"Elba 6\" width=\"300\" height=\"199\" srcset=\"http:\/\/www.lindenhausen.de\/blog\/wp-content\/uploads\/2015\/10\/K1024_DSC_0066-300x199.jpg 300w, http:\/\/www.lindenhausen.de\/blog\/wp-content\/uploads\/2015\/10\/K1024_DSC_0066-1024x678.jpg 1024w, http:\/\/www.lindenhausen.de\/blog\/wp-content\/uploads\/2015\/10\/K1024_DSC_0066.jpg 1160w\" sizes=\"(max-width: 300px) 100vw, 300px\" \/><\/a><br \/>\nDa es der letzte Tag war gingen wir schon fr\u00fch an Bord, Mittagessen, noch ein wenig relaxen, baden, Koffer packen.<\/p>\n<p style=\"text-align: center;\"><a href=\"http:\/\/www.lindenhausen.de\/blog\/wp-content\/uploads\/2015\/10\/K1024_DSC_0071.jpg\"><img decoding=\"async\" loading=\"lazy\" class=\"aligncenter size-medium wp-image-1150\" src=\"http:\/\/www.lindenhausen.de\/blog\/wp-content\/uploads\/2015\/10\/K1024_DSC_0071-300x199.jpg\" alt=\"Pause\" width=\"300\" height=\"199\" srcset=\"http:\/\/www.lindenhausen.de\/blog\/wp-content\/uploads\/2015\/10\/K1024_DSC_0071-300x199.jpg 300w, http:\/\/www.lindenhausen.de\/blog\/wp-content\/uploads\/2015\/10\/K1024_DSC_0071-1024x678.jpg 1024w, http:\/\/www.lindenhausen.de\/blog\/wp-content\/uploads\/2015\/10\/K1024_DSC_0071.jpg 1160w\" sizes=\"(max-width: 300px) 100vw, 300px\" \/><\/a><\/p>\n<p style=\"text-align: left;\">Auf Malta hatte ich im Duty Free Wein gekauft, dieser wurde p\u00fcnktlich auf die Kabine gebracht, meine K\u00fchlschrankmagnete mussten sicher verstaut werden, so langsam wurde uns bewusst dass diese Reise zu Ende ging.<br \/>\nWir genossen das letzte Abendessen, verabschiedeten uns von Cesare und Kevin, machten einen Bummel durch alle Bars und tanzten ein paar letzte Runden in der Grand Bar.<br \/>\nDann wurde der Koffer fertig gepackt und vor die Kabine gestellt.<\/p>\n<p style=\"text-align: center;\"><a title=\"Savona-Heimreise-Fazit\" href=\"http:\/\/www.lindenhausen.de\/blog\/reiseberichte-costa\/costa-neoriviera-09-2015\/savona-heimreise-fazit\/\">Heimreise<\/a><\/p>\n","protected":false},"excerpt":{"rendered":"<p>20.09. Portoferraio, Elba, ganz am Anfang unserer Reise waren wir in Ajaccio, dem Geburtsort Napoleons, es kam mit vor als w\u00e4re es ewig her, so viele Eindr\u00fccke waren dazugekommen. Nun also Elba, sein Exil. Gleich vor dem Schiff erwartete uns ein Wochenmarkt, viel Kleidung, nichts f\u00fcr uns. Daf\u00fcr aber ein h\u00fcbscher Ort mit kleinen Gassen, &hellip; <a href=\"http:\/\/www.lindenhausen.de\/blog\/reiseberichte-costa\/costa-neoriviera-09-2015\/portoferraio-elba\/\" class=\"more-link\"><span class=\"screen-reader-text\">Portoferraio-Elba<\/span> weiterlesen <span class=\"meta-nav\">&rarr;<\/span><\/a><\/p>\n","protected":false},"author":1,"featured_media":0,"parent":1131,"menu_order":10,"comment_status":"open","ping_status":"open","template":"","meta":{"_monsterinsights_skip_tracking":false,"_monsterinsights_sitenote_active":false,"_monsterinsights_sitenote_note":"","_monsterinsights_sitenote_category":0},"yoast_head":"<!-- This site is optimized with the Yoast SEO plugin v21.0 - https:\/\/yoast.com\/wordpress\/plugins\/seo\/ -->\n<title>Portoferraio-Elba - Lindenhausen-weil Reisen Spa\u00df macht<\/title>\n<meta name=\"robots\" content=\"index, follow, max-snippet:-1, max-image-preview:large, max-video-preview:-1\" \/>\n<link rel=\"canonical\" href=\"https:\/\/www.lindenhausen.de\/blog\/reiseberichte-costa\/costa-neoriviera-09-2015\/portoferraio-elba\/\" \/>\n<meta property=\"og:locale\" content=\"de_DE\" \/>\n<meta property=\"og:type\" content=\"article\" \/>\n<meta property=\"og:title\" content=\"Portoferraio-Elba - Lindenhausen-weil Reisen Spa\u00df macht\" \/>\n<meta property=\"og:description\" content=\"20.09. Portoferraio, Elba, ganz am Anfang unserer Reise waren wir in Ajaccio, dem Geburtsort Napoleons, es kam mit vor als w\u00e4re es ewig her, so viele Eindr\u00fccke waren dazugekommen. Nun also Elba, sein Exil. Gleich vor dem Schiff erwartete uns ein Wochenmarkt, viel Kleidung, nichts f\u00fcr uns. Daf\u00fcr aber ein h\u00fcbscher Ort mit kleinen Gassen, &hellip; Portoferraio-Elba weiterlesen &rarr;\" \/>\n<meta property=\"og:url\" content=\"https:\/\/www.lindenhausen.de\/blog\/reiseberichte-costa\/costa-neoriviera-09-2015\/portoferraio-elba\/\" \/>\n<meta property=\"og:site_name\" content=\"Lindenhausen-weil Reisen Spa\u00df macht\" \/>\n<meta property=\"article:publisher\" content=\"http:\/\/www.facebook.com\/Lindenhausen\/\" \/>\n<meta property=\"article:modified_time\" content=\"2015-11-22T10:17:38+00:00\" \/>\n<meta property=\"og:image\" content=\"http:\/\/www.lindenhausen.de\/blog\/wp-content\/uploads\/2015\/10\/K1024_DSC_0074-300x199.jpg\" \/>\n<meta name=\"twitter:card\" content=\"summary_large_image\" \/>\n<meta name=\"twitter:site\" content=\"@Maxilinde\" \/>\n<meta name=\"twitter:label1\" content=\"Gesch\u00e4tzte Lesezeit\" \/>\n\t<meta name=\"twitter:data1\" content=\"1\u00a0Minute\" \/>\n<script type=\"application\/ld+json\" class=\"yoast-schema-graph\">{\"@context\":\"https:\/\/schema.org\",\"@graph\":[{\"@type\":\"WebPage\",\"@id\":\"https:\/\/www.lindenhausen.de\/blog\/reiseberichte-costa\/costa-neoriviera-09-2015\/portoferraio-elba\/\",\"url\":\"https:\/\/www.lindenhausen.de\/blog\/reiseberichte-costa\/costa-neoriviera-09-2015\/portoferraio-elba\/\",\"name\":\"Portoferraio-Elba - Lindenhausen-weil Reisen Spa\u00df macht\",\"isPartOf\":{\"@id\":\"https:\/\/www.lindenhausen.de\/blog\/#website\"},\"datePublished\":\"2015-11-18T21:43:55+00:00\",\"dateModified\":\"2015-11-22T10:17:38+00:00\",\"breadcrumb\":{\"@id\":\"https:\/\/www.lindenhausen.de\/blog\/reiseberichte-costa\/costa-neoriviera-09-2015\/portoferraio-elba\/#breadcrumb\"},\"inLanguage\":\"de\",\"potentialAction\":[{\"@type\":\"ReadAction\",\"target\":[\"https:\/\/www.lindenhausen.de\/blog\/reiseberichte-costa\/costa-neoriviera-09-2015\/portoferraio-elba\/\"]}]},{\"@type\":\"BreadcrumbList\",\"@id\":\"https:\/\/www.lindenhausen.de\/blog\/reiseberichte-costa\/costa-neoriviera-09-2015\/portoferraio-elba\/#breadcrumb\",\"itemListElement\":[{\"@type\":\"ListItem\",\"position\":1,\"name\":\"Startseite\",\"item\":\"https:\/\/www.lindenhausen.de\/blog\/\"},{\"@type\":\"ListItem\",\"position\":2,\"name\":\"Reiseberichte Costa Kreuzfahrten\",\"item\":\"http:\/\/www.lindenhausen.de\/blog\/reiseberichte-costa\/\"},{\"@type\":\"ListItem\",\"position\":3,\"name\":\"Costa neoRiviera 09.2015\",\"item\":\"http:\/\/www.lindenhausen.de\/blog\/reiseberichte-costa\/costa-neoriviera-09-2015\/\"},{\"@type\":\"ListItem\",\"position\":4,\"name\":\"Portoferraio-Elba\"}]},{\"@type\":\"WebSite\",\"@id\":\"https:\/\/www.lindenhausen.de\/blog\/#website\",\"url\":\"https:\/\/www.lindenhausen.de\/blog\/\",\"name\":\"Lindenhausen-weil Reisen Spa\u00df macht\",\"description\":\"Reisen und Kreuzfahrten, Reiseberichte, Kreuzfahrtforum\",\"potentialAction\":[{\"@type\":\"SearchAction\",\"target\":{\"@type\":\"EntryPoint\",\"urlTemplate\":\"https:\/\/www.lindenhausen.de\/blog\/?s={search_term_string}\"},\"query-input\":\"required name=search_term_string\"}],\"inLanguage\":\"de\"}]}<\/script>\n<!-- \/ Yoast SEO plugin. -->","yoast_head_json":{"title":"Portoferraio-Elba - Lindenhausen-weil Reisen Spa\u00df macht","robots":{"index":"index","follow":"follow","max-snippet":"max-snippet:-1","max-image-preview":"max-image-preview:large","max-video-preview":"max-video-preview:-1"},"canonical":"https:\/\/www.lindenhausen.de\/blog\/reiseberichte-costa\/costa-neoriviera-09-2015\/portoferraio-elba\/","og_locale":"de_DE","og_type":"article","og_title":"Portoferraio-Elba - Lindenhausen-weil Reisen Spa\u00df macht","og_description":"20.09. Portoferraio, Elba, ganz am Anfang unserer Reise waren wir in Ajaccio, dem Geburtsort Napoleons, es kam mit vor als w\u00e4re es ewig her, so viele Eindr\u00fccke waren dazugekommen. Nun also Elba, sein Exil. Gleich vor dem Schiff erwartete uns ein Wochenmarkt, viel Kleidung, nichts f\u00fcr uns. Daf\u00fcr aber ein h\u00fcbscher Ort mit kleinen Gassen, &hellip; Portoferraio-Elba weiterlesen &rarr;","og_url":"https:\/\/www.lindenhausen.de\/blog\/reiseberichte-costa\/costa-neoriviera-09-2015\/portoferraio-elba\/","og_site_name":"Lindenhausen-weil Reisen Spa\u00df macht","article_publisher":"http:\/\/www.facebook.com\/Lindenhausen\/","article_modified_time":"2015-11-22T10:17:38+00:00","og_image":[{"url":"http:\/\/www.lindenhausen.de\/blog\/wp-content\/uploads\/2015\/10\/K1024_DSC_0074-300x199.jpg"}],"twitter_card":"summary_large_image","twitter_site":"@Maxilinde","twitter_misc":{"Gesch\u00e4tzte Lesezeit":"1\u00a0Minute"},"schema":{"@context":"https:\/\/schema.org","@graph":[{"@type":"WebPage","@id":"https:\/\/www.lindenhausen.de\/blog\/reiseberichte-costa\/costa-neoriviera-09-2015\/portoferraio-elba\/","url":"https:\/\/www.lindenhausen.de\/blog\/reiseberichte-costa\/costa-neoriviera-09-2015\/portoferraio-elba\/","name":"Portoferraio-Elba - Lindenhausen-weil Reisen Spa\u00df macht","isPartOf":{"@id":"https:\/\/www.lindenhausen.de\/blog\/#website"},"datePublished":"2015-11-18T21:43:55+00:00","dateModified":"2015-11-22T10:17:38+00:00","breadcrumb":{"@id":"https:\/\/www.lindenhausen.de\/blog\/reiseberichte-costa\/costa-neoriviera-09-2015\/portoferraio-elba\/#breadcrumb"},"inLanguage":"de","potentialAction":[{"@type":"ReadAction","target":["https:\/\/www.lindenhausen.de\/blog\/reiseberichte-costa\/costa-neoriviera-09-2015\/portoferraio-elba\/"]}]},{"@type":"BreadcrumbList","@id":"https:\/\/www.lindenhausen.de\/blog\/reiseberichte-costa\/costa-neoriviera-09-2015\/portoferraio-elba\/#breadcrumb","itemListElement":[{"@type":"ListItem","position":1,"name":"Startseite","item":"https:\/\/www.lindenhausen.de\/blog\/"},{"@type":"ListItem","position":2,"name":"Reiseberichte Costa Kreuzfahrten","item":"http:\/\/www.lindenhausen.de\/blog\/reiseberichte-costa\/"},{"@type":"ListItem","position":3,"name":"Costa neoRiviera 09.2015","item":"http:\/\/www.lindenhausen.de\/blog\/reiseberichte-costa\/costa-neoriviera-09-2015\/"},{"@type":"ListItem","position":4,"name":"Portoferraio-Elba"}]},{"@type":"WebSite","@id":"https:\/\/www.lindenhausen.de\/blog\/#website","url":"https:\/\/www.lindenhausen.de\/blog\/","name":"Lindenhausen-weil Reisen Spa\u00df macht","description":"Reisen und Kreuzfahrten, Reiseberichte, Kreuzfahrtforum","potentialAction":[{"@type":"SearchAction","target":{"@type":"EntryPoint","urlTemplate":"https:\/\/www.lindenhausen.de\/blog\/?s={search_term_string}"},"query-input":"required name=search_term_string"}],"inLanguage":"de"}]}},"_links":{"self":[{"href":"http:\/\/www.lindenhausen.de\/blog\/wp-json\/wp\/v2\/pages\/1416"}],"collection":[{"href":"http:\/\/www.lindenhausen.de\/blog\/wp-json\/wp\/v2\/pages"}],"about":[{"href":"http:\/\/www.lindenhausen.de\/blog\/wp-json\/wp\/v2\/types\/page"}],"author":[{"embeddable":true,"href":"http:\/\/www.lindenhausen.de\/blog\/wp-json\/wp\/v2\/users\/1"}],"replies":[{"embeddable":true,"href":"http:\/\/www.lindenhausen.de\/blog\/wp-json\/wp\/v2\/comments?post=1416"}],"version-history":[{"count":6,"href":"http:\/\/www.lindenhausen.de\/blog\/wp-json\/wp\/v2\/pages\/1416\/revisions"}],"predecessor-version":[{"id":1522,"href":"http:\/\/www.lindenhausen.de\/blog\/wp-json\/wp\/v2\/pages\/1416\/revisions\/1522"}],"up":[{"embeddable":true,"href":"http:\/\/www.lindenhausen.de\/blog\/wp-json\/wp\/v2\/pages\/1131"}],"wp:attachment":[{"href":"http:\/\/www.lindenhausen.de\/blog\/wp-json\/wp\/v2\/media?parent=1416"}],"curies":[{"name":"wp","href":"https:\/\/api.w.org\/{rel}","templated":true}]}}